{"id":8598,"date":"2015-05-04T14:58:02","date_gmt":"2015-05-04T12:58:02","guid":{"rendered":"http:\/\/denkmalpflege1.e251.tuwien.ac.at\/?page_id=8598"},"modified":"2018-05-28T15:28:09","modified_gmt":"2018-05-28T13:28:09","slug":"hurem","status":"publish","type":"page","link":"https:\/\/denkmalpflege.tuwien.ac.at\/index.php\/hurem\/","title":{"rendered":"Hurem"},"content":{"rendered":"<div class='mitarbeiter'>\n<div class='grey'>\n<img decoding=\"async\" src=\"http:\/\/denkmalpflege1.e251.tuwien.ac.at\/wp-content\/uploads\/2015\/05\/bild-Wiederhergestellt.gif\" alt=\"Hurem\" title=\"Hurem\" width=\"130\" height=\"113\" class=\"alignnone size-full wp-image-165\" \/> <a href='diplomanden-prof-stadler' class='right_link'>&lt; Alle Arbeiten<\/a><br \/>\n<b>Kulturheim in Orahova, Bosnien und Herzegowina<\/b><\/p>\n<p><\/b><br \/>\n<strong>2015 Agan HUREMOVIC<\/strong> <\/p>\n<div class='breakline'><\/div>\n<\/div>\n<div class='greyfield'>Die vorliegende Arbeit befasst sich mit der Revitalisierung eines, seit \u00fcber 20 Jahren leer stehenden Kulturheimes in Orahova, Bosnien und Herzegowina. Dabei ber\u00fccksichtigt wird sowohl die Entwicklung des Geb\u00e4udes im historischen und kulturellen Kontext, als auch und ganz besonders dessen Darstellung verkn\u00fcpft mit dem politischen Hintergrund in der Zeit nach dem zweiten Weltkrieg.<\/p>\n<p>Durch das Heranziehen von ausgesuchten Vergleichsbeispielen wird versucht das Geb\u00e4ude in einen bautechnischen Kontext zu setzen um die politische Situation der damaligen Zeit genauer nachvollziehen zu k\u00f6nnen. Folglich soll die Frage beantwortet werden wie und zu welchen Zwecken das Objekt umgewidmet wird.<\/p>\n<p>Den Abschluss bildet ein konzeptioneller Entwurf, der die Revitalisierung samt der Neunutzung gem\u00e4\u00df den Gegebenheiten vor Ort darstellt.<\/p>\n<div class='breakline'><\/div>\n<\/div>\n<p><span><\/span><br \/>\n<img decoding=\"async\" src=\"http:\/\/denkmalpflege1.e251.tuwien.ac.at\/wp-content\/uploads\/2015\/05\/Langbild-Wiederhergestellt.gif\" width=\"\" height=\"360\"  alt=\"\" \/><\/p>\n<div class='breakline'><\/div>\n<\/div>\n<\/div>\n","protected":false},"excerpt":{"rendered":"<p>&lt; Alle Arbeiten Kulturheim in Orahova, Bosnien und Herzegowina 2015 Agan HUREMOVIC Die vorliegende Arbeit befasst sich mit der Revitalisierung eines, seit \u00fcber 20 Jahren leer stehenden Kulturheimes in Orahova, Bosnien und Herzegowina. Dabei ber\u00fccksichtigt wird sowohl die Entwicklung des Geb\u00e4udes im historischen und kulturellen Kontext, als auch und ganz besonders dessen Darstellung verkn\u00fcpft mit dem politischen Hintergrund in der Zeit nach dem zweiten Weltkrieg. Durch das Heranziehen von ausgesuchten<\/p>\n<div class=\"belowpost\"><a class=\"btnmore icon-arrow\" href=\"https:\/\/denkmalpflege.tuwien.ac.at\/index.php\/hurem\/\"><span>Read More<\/span><\/a><\/div>\n","protected":false},"author":1,"featured_media":0,"parent":0,"menu_order":0,"comment_status":"open","ping_status":"open","template":"","meta":{"footnotes":""},"class_list":["post-8598","page","type-page","status-publish","hentry"],"yoast_head":"<!-- This site is optimized with the Yoast SEO plugin v26.0 - https:\/\/yoast.com\/wordpress\/plugins\/seo\/ -->\n<title>Hurem - Denkmalpflege und Bauen im Bestand<\/title>\n<meta name=\"robots\" content=\"index, follow, max-snippet:-1, max-image-preview:large, max-video-preview:-1\" \/>\n<link rel=\"canonical\" href=\"https:\/\/denkmalpflege.tuwien.ac.at\/index.php\/hurem\/\" \/>\n<meta property=\"og:locale\" content=\"de_DE\" \/>\n<meta property=\"og:type\" content=\"article\" \/>\n<meta property=\"og:title\" content=\"Hurem - Denkmalpflege und Bauen im Bestand\" \/>\n<meta property=\"og:description\" content=\"&lt; Alle Arbeiten Kulturheim in Orahova, Bosnien und Herzegowina 2015 Agan HUREMOVIC Die vorliegende Arbeit befasst sich mit der Revitalisierung eines, seit \u00fcber 20 Jahren leer stehenden Kulturheimes in Orahova, Bosnien und Herzegowina. Dabei ber\u00fccksichtigt wird sowohl die Entwicklung des Geb\u00e4udes im historischen und kulturellen Kontext, als auch und ganz besonders dessen Darstellung verkn\u00fcpft mit dem politischen Hintergrund in der Zeit nach dem zweiten Weltkrieg. Durch das Heranziehen von ausgesuchtenRead More\" \/>\n<meta property=\"og:url\" content=\"https:\/\/denkmalpflege.tuwien.ac.at\/index.php\/hurem\/\" \/>\n<meta property=\"og:site_name\" content=\"Denkmalpflege und Bauen im Bestand\" \/>\n<meta property=\"article:modified_time\" content=\"2018-05-28T13:28:09+00:00\" \/>\n<meta name=\"twitter:card\" content=\"summary_large_image\" \/>\n<meta name=\"twitter:label1\" content=\"Gesch\u00e4tzte Lesezeit\" \/>\n\t<meta name=\"twitter:data1\" content=\"1\u00a0Minute\" \/>\n<script type=\"application\/ld+json\" class=\"yoast-schema-graph\">{\"@context\":\"https:\/\/schema.org\",\"@graph\":[{\"@type\":\"WebPage\",\"@id\":\"https:\/\/denkmalpflege.tuwien.ac.at\/index.php\/hurem\/\",\"url\":\"https:\/\/denkmalpflege.tuwien.ac.at\/index.php\/hurem\/\",\"name\":\"Hurem - Denkmalpflege und Bauen im Bestand\",\"isPartOf\":{\"@id\":\"https:\/\/denkmalpflege.tuwien.ac.at\/#website\"},\"primaryImageOfPage\":{\"@id\":\"https:\/\/denkmalpflege.tuwien.ac.at\/index.php\/hurem\/#primaryimage\"},\"image\":{\"@id\":\"https:\/\/denkmalpflege.tuwien.ac.at\/index.php\/hurem\/#primaryimage\"},\"thumbnailUrl\":\"http:\/\/denkmalpflege1.e251.tuwien.ac.at\/wp-content\/uploads\/2015\/05\/bild-Wiederhergestellt.gif\",\"datePublished\":\"2015-05-04T12:58:02+00:00\",\"dateModified\":\"2018-05-28T13:28:09+00:00\",\"breadcrumb\":{\"@id\":\"https:\/\/denkmalpflege.tuwien.ac.at\/index.php\/hurem\/#breadcrumb\"},\"inLanguage\":\"de\",\"potentialAction\":[{\"@type\":\"ReadAction\",\"target\":[\"https:\/\/denkmalpflege.tuwien.ac.at\/index.php\/hurem\/\"]}]},{\"@type\":\"ImageObject\",\"inLanguage\":\"de\",\"@id\":\"https:\/\/denkmalpflege.tuwien.ac.at\/index.php\/hurem\/#primaryimage\",\"url\":\"http:\/\/denkmalpflege1.e251.tuwien.ac.at\/wp-content\/uploads\/2015\/05\/bild-Wiederhergestellt.gif\",\"contentUrl\":\"http:\/\/denkmalpflege1.e251.tuwien.ac.at\/wp-content\/uploads\/2015\/05\/bild-Wiederhergestellt.gif\"},{\"@type\":\"BreadcrumbList\",\"@id\":\"https:\/\/denkmalpflege.tuwien.ac.at\/index.php\/hurem\/#breadcrumb\",\"itemListElement\":[{\"@type\":\"ListItem\",\"position\":1,\"name\":\"Startseite\",\"item\":\"https:\/\/denkmalpflege.tuwien.ac.at\/\"},{\"@type\":\"ListItem\",\"position\":2,\"name\":\"Hurem\"}]},{\"@type\":\"WebSite\",\"@id\":\"https:\/\/denkmalpflege.tuwien.ac.at\/#website\",\"url\":\"https:\/\/denkmalpflege.tuwien.ac.at\/\",\"name\":\"Denkmalpflege und Bauen im Bestand\",\"description\":\"Denkmalpflege TU Wien\",\"publisher\":{\"@id\":\"https:\/\/denkmalpflege.tuwien.ac.at\/#organization\"},\"potentialAction\":[{\"@type\":\"SearchAction\",\"target\":{\"@type\":\"EntryPoint\",\"urlTemplate\":\"https:\/\/denkmalpflege.tuwien.ac.at\/?s={search_term_string}\"},\"query-input\":{\"@type\":\"PropertyValueSpecification\",\"valueRequired\":true,\"valueName\":\"search_term_string\"}}],\"inLanguage\":\"de\"},{\"@type\":\"Organization\",\"@id\":\"https:\/\/denkmalpflege.tuwien.ac.at\/#organization\",\"name\":\"TU Wien Denkmalpflege und Bauen im Bestand\",\"url\":\"https:\/\/denkmalpflege.tuwien.ac.at\/\",\"logo\":{\"@type\":\"ImageObject\",\"inLanguage\":\"de\",\"@id\":\"https:\/\/denkmalpflege.tuwien.ac.at\/#\/schema\/logo\/image\/\",\"url\":\"https:\/\/denkmalpflege.tuwien.ac.at\/wp-content\/uploads\/2019\/10\/Logo1.png\",\"contentUrl\":\"https:\/\/denkmalpflege.tuwien.ac.at\/wp-content\/uploads\/2019\/10\/Logo1.png\",\"width\":222,\"height\":79,\"caption\":\"TU Wien Denkmalpflege und Bauen im Bestand\"},\"image\":{\"@id\":\"https:\/\/denkmalpflege.tuwien.ac.at\/#\/schema\/logo\/image\/\"}}]}<\/script>\n<!-- \/ Yoast SEO plugin. -->","yoast_head_json":{"title":"Hurem - Denkmalpflege und Bauen im Bestand","robots":{"index":"index","follow":"follow","max-snippet":"max-snippet:-1","max-image-preview":"max-image-preview:large","max-video-preview":"max-video-preview:-1"},"canonical":"https:\/\/denkmalpflege.tuwien.ac.at\/index.php\/hurem\/","og_locale":"de_DE","og_type":"article","og_title":"Hurem - Denkmalpflege und Bauen im Bestand","og_description":"&lt; Alle Arbeiten Kulturheim in Orahova, Bosnien und Herzegowina 2015 Agan HUREMOVIC Die vorliegende Arbeit befasst sich mit der Revitalisierung eines, seit \u00fcber 20 Jahren leer stehenden Kulturheimes in Orahova, Bosnien und Herzegowina. Dabei ber\u00fccksichtigt wird sowohl die Entwicklung des Geb\u00e4udes im historischen und kulturellen Kontext, als auch und ganz besonders dessen Darstellung verkn\u00fcpft mit dem politischen Hintergrund in der Zeit nach dem zweiten Weltkrieg. Durch das Heranziehen von ausgesuchtenRead More","og_url":"https:\/\/denkmalpflege.tuwien.ac.at\/index.php\/hurem\/","og_site_name":"Denkmalpflege und Bauen im Bestand","article_modified_time":"2018-05-28T13:28:09+00:00","twitter_card":"summary_large_image","twitter_misc":{"Gesch\u00e4tzte Lesezeit":"1\u00a0Minute"},"schema":{"@context":"https:\/\/schema.org","@graph":[{"@type":"WebPage","@id":"https:\/\/denkmalpflege.tuwien.ac.at\/index.php\/hurem\/","url":"https:\/\/denkmalpflege.tuwien.ac.at\/index.php\/hurem\/","name":"Hurem - Denkmalpflege und Bauen im Bestand","isPartOf":{"@id":"https:\/\/denkmalpflege.tuwien.ac.at\/#website"},"primaryImageOfPage":{"@id":"https:\/\/denkmalpflege.tuwien.ac.at\/index.php\/hurem\/#primaryimage"},"image":{"@id":"https:\/\/denkmalpflege.tuwien.ac.at\/index.php\/hurem\/#primaryimage"},"thumbnailUrl":"http:\/\/denkmalpflege1.e251.tuwien.ac.at\/wp-content\/uploads\/2015\/05\/bild-Wiederhergestellt.gif","datePublished":"2015-05-04T12:58:02+00:00","dateModified":"2018-05-28T13:28:09+00:00","breadcrumb":{"@id":"https:\/\/denkmalpflege.tuwien.ac.at\/index.php\/hurem\/#breadcrumb"},"inLanguage":"de","potentialAction":[{"@type":"ReadAction","target":["https:\/\/denkmalpflege.tuwien.ac.at\/index.php\/hurem\/"]}]},{"@type":"ImageObject","inLanguage":"de","@id":"https:\/\/denkmalpflege.tuwien.ac.at\/index.php\/hurem\/#primaryimage","url":"http:\/\/denkmalpflege1.e251.tuwien.ac.at\/wp-content\/uploads\/2015\/05\/bild-Wiederhergestellt.gif","contentUrl":"http:\/\/denkmalpflege1.e251.tuwien.ac.at\/wp-content\/uploads\/2015\/05\/bild-Wiederhergestellt.gif"},{"@type":"BreadcrumbList","@id":"https:\/\/denkmalpflege.tuwien.ac.at\/index.php\/hurem\/#breadcrumb","itemListElement":[{"@type":"ListItem","position":1,"name":"Startseite","item":"https:\/\/denkmalpflege.tuwien.ac.at\/"},{"@type":"ListItem","position":2,"name":"Hurem"}]},{"@type":"WebSite","@id":"https:\/\/denkmalpflege.tuwien.ac.at\/#website","url":"https:\/\/denkmalpflege.tuwien.ac.at\/","name":"Denkmalpflege und Bauen im Bestand","description":"Denkmalpflege TU Wien","publisher":{"@id":"https:\/\/denkmalpflege.tuwien.ac.at\/#organization"},"potentialAction":[{"@type":"SearchAction","target":{"@type":"EntryPoint","urlTemplate":"https:\/\/denkmalpflege.tuwien.ac.at\/?s={search_term_string}"},"query-input":{"@type":"PropertyValueSpecification","valueRequired":true,"valueName":"search_term_string"}}],"inLanguage":"de"},{"@type":"Organization","@id":"https:\/\/denkmalpflege.tuwien.ac.at\/#organization","name":"TU Wien Denkmalpflege und Bauen im Bestand","url":"https:\/\/denkmalpflege.tuwien.ac.at\/","logo":{"@type":"ImageObject","inLanguage":"de","@id":"https:\/\/denkmalpflege.tuwien.ac.at\/#\/schema\/logo\/image\/","url":"https:\/\/denkmalpflege.tuwien.ac.at\/wp-content\/uploads\/2019\/10\/Logo1.png","contentUrl":"https:\/\/denkmalpflege.tuwien.ac.at\/wp-content\/uploads\/2019\/10\/Logo1.png","width":222,"height":79,"caption":"TU Wien Denkmalpflege und Bauen im Bestand"},"image":{"@id":"https:\/\/denkmalpflege.tuwien.ac.at\/#\/schema\/logo\/image\/"}}]}},"_links":{"self":[{"href":"https:\/\/denkmalpflege.tuwien.ac.at\/index.php\/wp-json\/wp\/v2\/pages\/8598","targetHints":{"allow":["GET"]}}],"collection":[{"href":"https:\/\/denkmalpflege.tuwien.ac.at\/index.php\/wp-json\/wp\/v2\/pages"}],"about":[{"href":"https:\/\/denkmalpflege.tuwien.ac.at\/index.php\/wp-json\/wp\/v2\/types\/page"}],"author":[{"embeddable":true,"href":"https:\/\/denkmalpflege.tuwien.ac.at\/index.php\/wp-json\/wp\/v2\/users\/1"}],"replies":[{"embeddable":true,"href":"https:\/\/denkmalpflege.tuwien.ac.at\/index.php\/wp-json\/wp\/v2\/comments?post=8598"}],"version-history":[{"count":7,"href":"https:\/\/denkmalpflege.tuwien.ac.at\/index.php\/wp-json\/wp\/v2\/pages\/8598\/revisions"}],"predecessor-version":[{"id":13615,"href":"https:\/\/denkmalpflege.tuwien.ac.at\/index.php\/wp-json\/wp\/v2\/pages\/8598\/revisions\/13615"}],"wp:attachment":[{"href":"https:\/\/denkmalpflege.tuwien.ac.at\/index.php\/wp-json\/wp\/v2\/media?parent=8598"}],"curies":[{"name":"wp","href":"https:\/\/api.w.org\/{rel}","templated":true}]}}

<div class='mitarbeiter'>
<div class='grey'>
<img decoding="async" src="http://denkmalpflege1.e251.tuwien.ac.at/wp-content/uploads/2015/05/bild-Wiederhergestellt.gif" alt="Hurem" title="Hurem" width="130" height="113" class="alignnone size-full wp-image-165" /> <a href='diplomanden-prof-stadler' class='right_link'>&lt; Alle Arbeiten</a><br />
<b>Kulturheim in Orahova, Bosnien und Herzegowina</b></p>
<p></b><br />
<strong>2015 Agan HUREMOVIC</strong> </p>
<div class='breakline'></div>
</div>
<div class='greyfield'>Die vorliegende Arbeit befasst sich mit der Revitalisierung eines, seit über 20 Jahren leer stehenden Kulturheimes in Orahova, Bosnien und Herzegowina. Dabei berücksichtigt wird sowohl die Entwicklung des Gebäudes im historischen und kulturellen Kontext, als auch und ganz besonders dessen Darstellung verknüpft mit dem politischen Hintergrund in der Zeit nach dem zweiten Weltkrieg.</p>
<p>Durch das Heranziehen von ausgesuchten Vergleichsbeispielen wird versucht das Gebäude in einen bautechnischen Kontext zu setzen um die politische Situation der damaligen Zeit genauer nachvollziehen zu können. Folglich soll die Frage beantwortet werden wie und zu welchen Zwecken das Objekt umgewidmet wird.</p>
<p>Den Abschluss bildet ein konzeptioneller Entwurf, der die Revitalisierung samt der Neunutzung gemäß den Gegebenheiten vor Ort darstellt.</p>
<div class='breakline'></div>
</div>
<p><span></span><br />
<img decoding="async" src="http://denkmalpflege1.e251.tuwien.ac.at/wp-content/uploads/2015/05/Langbild-Wiederhergestellt.gif" width="" height="360"  alt="" /></p>
<div class='breakline'></div>
</div>
</div>

<p>&lt; Alle Arbeiten Kulturheim in Orahova, Bosnien und Herzegowina 2015 Agan HUREMOVIC Die vorliegende Arbeit befasst sich mit der Revitalisierung eines, seit über 20 Jahren leer stehenden Kulturheimes in Orahova, Bosnien und Herzegowina. Dabei berücksichtigt wird sowohl die Entwicklung des Gebäudes im historischen und kulturellen Kontext, als auch und ganz besonders dessen Darstellung verknüpft mit dem politischen Hintergrund in der Zeit nach dem zweiten Weltkrieg. Durch das Heranziehen von ausgesuchten</p>
<div class="belowpost"><a class="btnmore icon-arrow" href="https://denkmalpflege.tuwien.ac.at/index.php/hurem/"><span>Read More</span></a></div>

<!-- This site is optimized with the Yoast SEO plugin v26.0 - https://yoast.com/wordpress/plugins/seo/ -->
<title>Hurem - Denkmalpflege und Bauen im Bestand</title>
<meta name="robots" content="index, follow, max-snippet:-1, max-image-preview:large, max-video-preview:-1" />
<link rel="canonical" href="https://denkmalpflege.tuwien.ac.at/index.php/hurem/" />
<meta property="og:locale" content="de_DE" />
<meta property="og:type" content="article" />
<meta property="og:title" content="Hurem - Denkmalpflege und Bauen im Bestand" />
<meta property="og:description" content="&lt; Alle Arbeiten Kulturheim in Orahova, Bosnien und Herzegowina 2015 Agan HUREMOVIC Die vorliegende Arbeit befasst sich mit der Revitalisierung eines, seit über 20 Jahren leer stehenden Kulturheimes in Orahova, Bosnien und Herzegowina. Dabei berücksichtigt wird sowohl die Entwicklung des Gebäudes im historischen und kulturellen Kontext, als auch und ganz besonders dessen Darstellung verknüpft mit dem politischen Hintergrund in der Zeit nach dem zweiten Weltkrieg. Durch das Heranziehen von ausgesuchtenRead More" />
<meta property="og:url" content="https://denkmalpflege.tuwien.ac.at/index.php/hurem/" />
<meta property="og:site_name" content="Denkmalpflege und Bauen im Bestand" />
<meta property="article:modified_time" content="2018-05-28T13:28:09+00:00" />
<meta name="twitter:card" content="summary_large_image" />
<meta name="twitter:label1" content="Geschätzte Lesezeit" />
	<meta name="twitter:data1" content="1 Minute" />
<script type="application/ld+json" class="yoast-schema-graph">{"@context":"https://schema.org","@graph":[{"@type":"WebPage","@id":"https://denkmalpflege.tuwien.ac.at/index.php/hurem/","url":"https://denkmalpflege.tuwien.ac.at/index.php/hurem/","name":"Hurem - Denkmalpflege und Bauen im Bestand","isPartOf":{"@id":"https://denkmalpflege.tuwien.ac.at/#website"},"primaryImageOfPage":{"@id":"https://denkmalpflege.tuwien.ac.at/index.php/hurem/#primaryimage"},"image":{"@id":"https://denkmalpflege.tuwien.ac.at/index.php/hurem/#primaryimage"},"thumbnailUrl":"http://denkmalpflege1.e251.tuwien.ac.at/wp-content/uploads/2015/05/bild-Wiederhergestellt.gif","datePublished":"2015-05-04T12:58:02+00:00","dateModified":"2018-05-28T13:28:09+00:00","breadcrumb":{"@id":"https://denkmalpflege.tuwien.ac.at/index.php/hurem/#breadcrumb"},"inLanguage":"de","potentialAction":[{"@type":"ReadAction","target":["https://denkmalpflege.tuwien.ac.at/index.php/hurem/"]}]},{"@type":"ImageObject","inLanguage":"de","@id":"https://denkmalpflege.tuwien.ac.at/index.php/hurem/#primaryimage","url":"http://denkmalpflege1.e251.tuwien.ac.at/wp-content/uploads/2015/05/bild-Wiederhergestellt.gif","contentUrl":"http://denkmalpflege1.e251.tuwien.ac.at/wp-content/uploads/2015/05/bild-Wiederhergestellt.gif"},{"@type":"BreadcrumbList","@id":"https://denkmalpflege.tuwien.ac.at/index.php/hurem/#breadcrumb","itemListElement":[{"@type":"ListItem","position":1,"name":"Startseite","item":"https://denkmalpflege.tuwien.ac.at/"},{"@type":"ListItem","position":2,"name":"Hurem"}]},{"@type":"WebSite","@id":"https://denkmalpflege.tuwien.ac.at/#website","url":"https://denkmalpflege.tuwien.ac.at/","name":"Denkmalpflege und Bauen im Bestand","description":"Denkmalpflege TU Wien","publisher":{"@id":"https://denkmalpflege.tuwien.ac.at/#organization"},"potentialAction":[{"@type":"SearchAction","target":{"@type":"EntryPoint","urlTemplate":"https://denkmalpflege.tuwien.ac.at/?s={search_term_string}"},"query-input":{"@type":"PropertyValueSpecification","valueRequired":true,"valueName":"search_term_string"}}],"inLanguage":"de"},{"@type":"Organization","@id":"https://denkmalpflege.tuwien.ac.at/#organization","name":"TU Wien Denkmalpflege und Bauen im Bestand","url":"https://denkmalpflege.tuwien.ac.at/","logo":{"@type":"ImageObject","inLanguage":"de","@id":"https://denkmalpflege.tuwien.ac.at/#/schema/logo/image/","url":"https://denkmalpflege.tuwien.ac.at/wp-content/uploads/2019/10/Logo1.png","contentUrl":"https://denkmalpflege.tuwien.ac.at/wp-content/uploads/2019/10/Logo1.png","width":222,"height":79,"caption":"TU Wien Denkmalpflege und Bauen im Bestand"},"image":{"@id":"https://denkmalpflege.tuwien.ac.at/#/schema/logo/image/"}}]}</script>
<!-- / Yoast SEO plugin. -->

&lt; Alle Arbeiten Kulturheim in Orahova, Bosnien und Herzegowina 2015 Agan HUREMOVIC Die vorliegende Arbeit befasst sich mit der Revitalisierung eines, seit über 20 Jahren leer stehenden Kulturheimes in Orahova, Bosnien und Herzegowina. Dabei berücksichtigt wird sowohl die Entwicklung des Gebäudes im historischen und kulturellen Kontext, als auch und ganz besonders dessen Darstellung verknüpft mit dem politischen Hintergrund in der Zeit nach dem zweiten Weltkrieg. Durch das Heranziehen von ausgesuchtenRead More
