{"id":8113,"date":"2015-02-25T15:08:35","date_gmt":"2015-02-25T14:08:35","guid":{"rendered":"http:\/\/denkmalpflege1.e251.tuwien.ac.at\/lva-sommersmester\/"},"modified":"2016-09-06T14:49:46","modified_gmt":"2016-09-06T12:49:46","slug":"lva-sommersmester","status":"publish","type":"page","link":"https:\/\/denkmalpflege.tuwien.ac.at\/index.php\/lva-sommersmester\/","title":{"rendered":"dSommersmester"},"content":{"rendered":"<p><script type=\"text\/javascript\">\/\/ <![CDATA[\ndocument.body.onload = function(){\nimg_change(\"uebung\",\"http:\/\/denkmalpflege1.e251.tuwien.ac.at\/wp-content\/uploads\/2015\/08\/UE_Denkmalpflege_BausanierungHOOVER.gif\");\nimg_change(\"entw\",\"http:\/\/denkmalpflege1.e251.tuwien.ac.at\/wp-content\/uploads\/2016\/02\/HochwasserHOOVER.gif\");\nimg_change(\"entw2\",\"http:\/\/denkmalpflege1.e251.tuwien.ac.at\/wp-content\/uploads\/2016\/02\/ScarpaHoover.gif\");\nimg_change(\"wahlsem\",\"http:\/\/denkmalpflege1.e251.tuwien.ac.at\/wp-content\/uploads\/2016\/02\/2hoover.gif\");\nimg_change(\"Mod\",\"http:\/\/denkmalpflege1.e251.tuwien.ac.at\/wp-content\/uploads\/2016\/02\/ModulHoover1.gif\");\nimg_change(\"begr\",\"http:\/\/denkmalpflege1.e251.tuwien.ac.at\/wp-content\/uploads\/2016\/05\/Begr\u00fc\u00dfungHoover.gif\");\nimg_change(\"semi\",\"http:\/\/denkmalpflege1.e251.tuwien.ac.at\/wp-content\/uploads\/2016\/04\/WissArbeitenHoover1.gif\");\nimg_change(\"test\",\"http:\/\/denkmalpflege1.e251.tuwien.ac.at\/wp-content\/uploads\/2009\/09\/Test_Web2.gif\");\nimg_change(\"test1\",\"http:\/\/denkmalpflege1.e251.tuwien.ac.at\/wp-content\/uploads\/2009\/09\/Test_Web2.gif\");\n}\n\/\/ ]]><\/script><\/p>\n<div id=\"def\">\n<p><span style=\"color: white;\">.<\/span><\/p>\n<p><span> <\/span><br \/>\n<span> <\/span><br \/>\n<span> <\/span><br \/>\n<span> <\/span><\/p>\n<p><span style=\"color: white;\">.<\/span><\/p>\n<\/div>\n<ul class=\"buttons\">\n<li><a href=\"\/anleitung-wiss-arb\/\"><img decoding=\"async\" id=\"semi\" src=\"http:\/\/denkmalpflege1.e251.tuwien.ac.at\/wp-content\/uploads\/2016\/04\/WissArbeiten1.gif\" alt=\"\" \/>wiss. Arbeiten<\/a><\/li>\n<li><a href=\"\/lehre\/lva\/uebung\"><img decoding=\"async\" id=\"uebung\" src=\"http:\/\/denkmalpflege1.e251.tuwien.ac.at\/wp-content\/uploads\/2015\/08\/UE_Denkmalpflege_Bausanierung.gif\" alt=\"\" \/>\u00dcbung SS16<\/a><\/li>\n<li><a href=\"http:\/\/denkmalpflege1.e251.tuwien.ac.at\/stadtbild-und-schutzzonen\/\"><img decoding=\"async\" id=\"wahlsem\" src=\"http:\/\/denkmalpflege1.e251.tuwien.ac.at\/wp-content\/uploads\/2016\/02\/21.gif\" alt=\"\" \/>Wahlsem SS16<\/a><\/li>\n<li><a href=\"http:\/\/denkmalpflege1.e251.tuwien.ac.at\/exkurs\/\"><img decoding=\"async\" id=\"entw2\" src=\"http:\/\/denkmalpflege1.e251.tuwien.ac.at\/wp-content\/uploads\/2016\/02\/Scarpa.gif\" alt=\"\" \/>Exkursion 2016<\/a><\/li>\n<li><a href=\"http:\/\/denkmalpflege1.e251.tuwien.ac.at\/grentw\/\"><img decoding=\"async\" id=\"entw\" src=\"http:\/\/denkmalpflege1.e251.tuwien.ac.at\/wp-content\/uploads\/2016\/02\/Hochwasser.gif\" alt=\"\" \/>Entwerfen 2016<\/a><\/li>\n<li><a href=\"http:\/\/denkmalpflege1.e251.tuwien.ac.at\/lehre\/lva\/modul_denkmal\/\"><img decoding=\"async\" id=\"Mod\" src=\"http:\/\/denkmalpflege1.e251.tuwien.ac.at\/wp-content\/uploads\/2016\/02\/Modul.gif\" alt=\"\" \/>Modul SS16<\/a><\/li>\n<li><a href=\"\/begruessung\"><img decoding=\"async\" id=\"begr\" src=\"http:\/\/denkmalpflege1.e251.tuwien.ac.at\/wp-content\/uploads\/2016\/04\/Begr\u00fc\u00dfung.gif\" alt=\"\" \/>Begr\u00fc\u00dfung<\/a><\/li>\n<\/ul>\n<\/div>\n<p> <a href=\"http:\/\/www.icomos.de\/01scripts\/01files\/e9511bba55e48df.pdf\"> <\/a><\/p>\n<div id=\"info\"><a href=\"http:\/\/www.icomos.de\/01scripts\/01files\/e9511bba55e48df.pdf\"><\/p>\n<div class=\"infoUE\">Aktuelle Ank\u00fcndigungen<\/div>\n<div class=\"titel\">\n<a href=\"diplomarbeiten\"><strong>Erfolgreiche Diplomabschl\u00fcsse<\/strong><br \/>\nJuni 2016<\/a><\/div>\n<p><img decoding=\"async\" src=\"http:\/\/denkmalpflege1.e251.tuwien.ac.at\/wp-content\/uploads\/2016\/06\/Juni.gif\"  width=\"660\" height=\"260 \/><br \/>\n<\/a><a href=\"\"><\/a><\/p>\n<div class='greyfield'>\nWir gratulieren unseren DiplomandInnen sehr herzlich, die im April ihr Studium erfolgreich abgeschlossen haben:<br \/>\n<spin><spin\/><br \/>\n<a href=\"grandits\"><strong> Doris Grandits<\/strong><\/a> &nbsp;&nbsp;&nbsp;&nbsp;&nbsp;&nbsp;&nbsp;&nbsp;&nbsp;&nbsp;&nbsp;&nbsp;&nbsp;&nbsp;&nbsp;&nbsp;&nbsp;&nbsp;&nbsp;&nbsp;&nbsp;&nbsp;&nbsp;&nbsp;&nbsp;&nbsp;&nbsp;&nbsp;&nbsp;&nbsp;&nbsp;&nbsp;&nbsp;&nbsp;<a href=\"pen\"><strong>Philipp Peneder<\/strong> <\/a>&nbsp;&nbsp;&nbsp;&nbsp;&nbsp;&nbsp;&nbsp;&nbsp;&nbsp;&nbsp;&nbsp;&nbsp;&nbsp;&nbsp;&nbsp;&nbsp;&nbsp;&nbsp;&nbsp;&nbsp;&nbsp;&nbsp;&nbsp;&nbsp;&nbsp;&nbsp;&nbsp;&nbsp;&nbsp;&nbsp;&nbsp;&nbsp;&nbsp;&nbsp;&nbsp;&nbsp;&nbsp;<a href=\"schreder\"><strong>Octavia Schreder<\/strong> <\/a><br \/>\n<spin><spin\/><br \/>\n F\u00fcr die Zukunft alles Gute!\n<\/div>\n<div id=\"info\">\n<div class=\"titel\">\n<a href=\"http:\/\/denkmalpflege1.e251.tuwien.ac.at\/lehre\/erasmus\/\"><strong>Erasmus in Italien<\/strong><br \/>\nPolitecnico di Torino <\/a><\/div>\n<p><a href=\"http:\/\/denkmalpflege1.e251.tuwien.ac.at\/lehre\/erasmus\/\"><br \/>\n<img decoding=\"async\" src=\"http:\/\/denkmalpflege1.e251.tuwien.ac.at\/wp-content\/uploads\/2014\/11\/TURINO2.gif\"  width=\"660\" height=\"260 \/><br \/>\n<\/a><a href=\"http:\/\/denkmalpflege1.e251.tuwien.ac.at\/lehre\/erasmus\/\"><\/a><\/p>\n<div class='greyfield'>\nDie Bewerbung f\u00fcr Restpl\u00e4tze im Studienjahr 2016\/17 ist ab 01.Februar 2016 m\u00f6glich. Die Frist endet am<strong> 15.M\u00e4rz 2016 <\/strong>.<br \/>\nN\u00e4here Informationen finden Sie <a href=\"http:\/\/denkmalpflege1.e251.tuwien.ac.at\/lehre\/erasmus\/\"><strong>hier<\/strong><\/a>.<br \/>\nBei Fragen zur Bewerbung wenden Sie sich bitte an  <\/a><a href=\"mailto:birgit.knauer@tuwien.ac.at\"><strong>Birgit KNAUER<\/strong><\/a>.\n<\/div>\n<\/div>\n<\/div>\n<\/div>\n<div id=\"news\">\n<div class=\"infoUE\">News<\/div>\n<p><spin><spin\/><\/p>\n<p> <!-- \n\n\n<div class=\"titel\">\n<a href=\"http:\/\/www.bda.at\/events\"><strong>Das Denkmalgespr\u00e4ch<\/strong>\nam Donnerstag <\/div>\n\n\n<img decoding=\"async\" src=\"http:\/\/denkmalpflege1.e251.tuwien.ac.at\/wp-content\/uploads\/2016\/04\/Denkmalgespr\u00e4chDonnertsag.jpg\" alt=\"\" width=\"250\" height=\"\"\n<\/a><a href=\"http:\/\/www.bda.at\/events\"><\/a>\n\n\n<div class='greyfield'>\n\n\n<div class='title'><\/a>\n\n\n<p><a\/><\/p>\n\n\n\n\n<div class='titel5'>\nDipl.Ing. Brigitte Mang,\nDirektorin der \u00d6sterreichischen Bundesg\u00e4rten\n<\/div>\n\n\n\n<p><strong>Ahnensaal des Bundesdenkmalamtes\nHofburg, S\u00e4ulenstiege\n1010 Wien\n<spin><spin\/>\n30. Juni 2016 <\/strong><\/p>\n\n\n\n\n<p><a href=\"http:\/\/denkmalpflege1.e251.tuwien.ac.at\/wp-content\/uploads\/2016\/06\/BDA_Denkmalgespr\u00e4ch_Mang_Juni_2016.pdf\">N\u00e4here Informationen<\/a><br \/>\n<\/p>\n\n\n\n--><\/p>\n<\/div>\n<\/div>\n<p>\n<\/p>\n<p><spin><spin\/><\/p>\n<\/div>\n<p><spin><spin\/><br \/>\n<spin><spin\/>\n<\/div>\n<p><spin><spin\/><br \/>\n<spin><spin\/><\/p>\n","protected":false},"excerpt":{"rendered":"<p>. . wiss. Arbeiten \u00dcbung SS16 Wahlsem SS16 Exkursion 2016 Entwerfen 2016 Modul SS16 Begr\u00fc\u00dfung Aktuelle Ank\u00fcndigungen Erfolgreiche Diplomabschl\u00fcsse Juni 2016 Die Bewerbung f\u00fcr Restpl\u00e4tze im Studienjahr 2016\/17 ist ab 01.Februar 2016 m\u00f6glich. Die Frist endet am 15.M\u00e4rz 2016 . N\u00e4here Informationen finden Sie hier. Bei Fragen zur Bewerbung wenden Sie sich bitte an Birgit KNAUER. News<\/p>\n","protected":false},"author":1,"featured_media":0,"parent":0,"menu_order":0,"comment_status":"open","ping_status":"open","template":"","meta":{"footnotes":""},"class_list":["post-8113","page","type-page","status-publish","hentry"],"yoast_head":"<!-- This site is optimized with the Yoast SEO plugin v26.0 - https:\/\/yoast.com\/wordpress\/plugins\/seo\/ -->\n<title>dSommersmester - Denkmalpflege und Bauen im Bestand<\/title>\n<meta name=\"robots\" content=\"index, follow, max-snippet:-1, max-image-preview:large, max-video-preview:-1\" \/>\n<link rel=\"canonical\" href=\"https:\/\/denkmalpflege.tuwien.ac.at\/index.php\/lva-sommersmester\/\" \/>\n<meta property=\"og:locale\" content=\"de_DE\" \/>\n<meta property=\"og:type\" content=\"article\" \/>\n<meta property=\"og:title\" content=\"dSommersmester - Denkmalpflege und Bauen im Bestand\" \/>\n<meta property=\"og:description\" content=\". . wiss. Arbeiten \u00dcbung SS16 Wahlsem SS16 Exkursion 2016 Entwerfen 2016 Modul SS16 Begr\u00fc\u00dfung Aktuelle Ank\u00fcndigungen Erfolgreiche Diplomabschl\u00fcsse Juni 2016 Die Bewerbung f\u00fcr Restpl\u00e4tze im Studienjahr 2016\/17 ist ab 01.Februar 2016 m\u00f6glich. Die Frist endet am 15.M\u00e4rz 2016 . N\u00e4here Informationen finden Sie hier. Bei Fragen zur Bewerbung wenden Sie sich bitte an Birgit KNAUER. News\" \/>\n<meta property=\"og:url\" content=\"https:\/\/denkmalpflege.tuwien.ac.at\/index.php\/lva-sommersmester\/\" \/>\n<meta property=\"og:site_name\" content=\"Denkmalpflege und Bauen im Bestand\" \/>\n<meta property=\"article:modified_time\" content=\"2016-09-06T12:49:46+00:00\" \/>\n<meta property=\"og:image\" content=\"http:\/\/denkmalpflege1.e251.tuwien.ac.at\/wp-content\/uploads\/2016\/04\/WissArbeiten1.gif\" \/>\n<meta name=\"twitter:card\" content=\"summary_large_image\" \/>\n<script type=\"application\/ld+json\" class=\"yoast-schema-graph\">{\"@context\":\"https:\/\/schema.org\",\"@graph\":[{\"@type\":\"WebPage\",\"@id\":\"https:\/\/denkmalpflege.tuwien.ac.at\/index.php\/lva-sommersmester\/\",\"url\":\"https:\/\/denkmalpflege.tuwien.ac.at\/index.php\/lva-sommersmester\/\",\"name\":\"dSommersmester - Denkmalpflege und Bauen im Bestand\",\"isPartOf\":{\"@id\":\"https:\/\/denkmalpflege.tuwien.ac.at\/#website\"},\"primaryImageOfPage\":{\"@id\":\"https:\/\/denkmalpflege.tuwien.ac.at\/index.php\/lva-sommersmester\/#primaryimage\"},\"image\":{\"@id\":\"https:\/\/denkmalpflege.tuwien.ac.at\/index.php\/lva-sommersmester\/#primaryimage\"},\"thumbnailUrl\":\"http:\/\/denkmalpflege1.e251.tuwien.ac.at\/wp-content\/uploads\/2016\/04\/WissArbeiten1.gif\",\"datePublished\":\"2015-02-25T14:08:35+00:00\",\"dateModified\":\"2016-09-06T12:49:46+00:00\",\"breadcrumb\":{\"@id\":\"https:\/\/denkmalpflege.tuwien.ac.at\/index.php\/lva-sommersmester\/#breadcrumb\"},\"inLanguage\":\"de\",\"potentialAction\":[{\"@type\":\"ReadAction\",\"target\":[\"https:\/\/denkmalpflege.tuwien.ac.at\/index.php\/lva-sommersmester\/\"]}]},{\"@type\":\"ImageObject\",\"inLanguage\":\"de\",\"@id\":\"https:\/\/denkmalpflege.tuwien.ac.at\/index.php\/lva-sommersmester\/#primaryimage\",\"url\":\"http:\/\/denkmalpflege1.e251.tuwien.ac.at\/wp-content\/uploads\/2016\/04\/WissArbeiten1.gif\",\"contentUrl\":\"http:\/\/denkmalpflege1.e251.tuwien.ac.at\/wp-content\/uploads\/2016\/04\/WissArbeiten1.gif\"},{\"@type\":\"BreadcrumbList\",\"@id\":\"https:\/\/denkmalpflege.tuwien.ac.at\/index.php\/lva-sommersmester\/#breadcrumb\",\"itemListElement\":[{\"@type\":\"ListItem\",\"position\":1,\"name\":\"Startseite\",\"item\":\"https:\/\/denkmalpflege.tuwien.ac.at\/\"},{\"@type\":\"ListItem\",\"position\":2,\"name\":\"dSommersmester\"}]},{\"@type\":\"WebSite\",\"@id\":\"https:\/\/denkmalpflege.tuwien.ac.at\/#website\",\"url\":\"https:\/\/denkmalpflege.tuwien.ac.at\/\",\"name\":\"Denkmalpflege und Bauen im Bestand\",\"description\":\"Denkmalpflege TU Wien\",\"publisher\":{\"@id\":\"https:\/\/denkmalpflege.tuwien.ac.at\/#organization\"},\"potentialAction\":[{\"@type\":\"SearchAction\",\"target\":{\"@type\":\"EntryPoint\",\"urlTemplate\":\"https:\/\/denkmalpflege.tuwien.ac.at\/?s={search_term_string}\"},\"query-input\":{\"@type\":\"PropertyValueSpecification\",\"valueRequired\":true,\"valueName\":\"search_term_string\"}}],\"inLanguage\":\"de\"},{\"@type\":\"Organization\",\"@id\":\"https:\/\/denkmalpflege.tuwien.ac.at\/#organization\",\"name\":\"TU Wien Denkmalpflege und Bauen im Bestand\",\"url\":\"https:\/\/denkmalpflege.tuwien.ac.at\/\",\"logo\":{\"@type\":\"ImageObject\",\"inLanguage\":\"de\",\"@id\":\"https:\/\/denkmalpflege.tuwien.ac.at\/#\/schema\/logo\/image\/\",\"url\":\"https:\/\/denkmalpflege.tuwien.ac.at\/wp-content\/uploads\/2019\/10\/Logo1.png\",\"contentUrl\":\"https:\/\/denkmalpflege.tuwien.ac.at\/wp-content\/uploads\/2019\/10\/Logo1.png\",\"width\":222,\"height\":79,\"caption\":\"TU Wien Denkmalpflege und Bauen im Bestand\"},\"image\":{\"@id\":\"https:\/\/denkmalpflege.tuwien.ac.at\/#\/schema\/logo\/image\/\"}}]}<\/script>\n<!-- \/ Yoast SEO plugin. -->","yoast_head_json":{"title":"dSommersmester - Denkmalpflege und Bauen im Bestand","robots":{"index":"index","follow":"follow","max-snippet":"max-snippet:-1","max-image-preview":"max-image-preview:large","max-video-preview":"max-video-preview:-1"},"canonical":"https:\/\/denkmalpflege.tuwien.ac.at\/index.php\/lva-sommersmester\/","og_locale":"de_DE","og_type":"article","og_title":"dSommersmester - Denkmalpflege und Bauen im Bestand","og_description":". . wiss. Arbeiten \u00dcbung SS16 Wahlsem SS16 Exkursion 2016 Entwerfen 2016 Modul SS16 Begr\u00fc\u00dfung Aktuelle Ank\u00fcndigungen Erfolgreiche Diplomabschl\u00fcsse Juni 2016 Die Bewerbung f\u00fcr Restpl\u00e4tze im Studienjahr 2016\/17 ist ab 01.Februar 2016 m\u00f6glich. Die Frist endet am 15.M\u00e4rz 2016 . N\u00e4here Informationen finden Sie hier. Bei Fragen zur Bewerbung wenden Sie sich bitte an Birgit KNAUER. News","og_url":"https:\/\/denkmalpflege.tuwien.ac.at\/index.php\/lva-sommersmester\/","og_site_name":"Denkmalpflege und Bauen im Bestand","article_modified_time":"2016-09-06T12:49:46+00:00","og_image":[{"url":"http:\/\/denkmalpflege1.e251.tuwien.ac.at\/wp-content\/uploads\/2016\/04\/WissArbeiten1.gif","type":"","width":"","height":""}],"twitter_card":"summary_large_image","schema":{"@context":"https:\/\/schema.org","@graph":[{"@type":"WebPage","@id":"https:\/\/denkmalpflege.tuwien.ac.at\/index.php\/lva-sommersmester\/","url":"https:\/\/denkmalpflege.tuwien.ac.at\/index.php\/lva-sommersmester\/","name":"dSommersmester - Denkmalpflege und Bauen im Bestand","isPartOf":{"@id":"https:\/\/denkmalpflege.tuwien.ac.at\/#website"},"primaryImageOfPage":{"@id":"https:\/\/denkmalpflege.tuwien.ac.at\/index.php\/lva-sommersmester\/#primaryimage"},"image":{"@id":"https:\/\/denkmalpflege.tuwien.ac.at\/index.php\/lva-sommersmester\/#primaryimage"},"thumbnailUrl":"http:\/\/denkmalpflege1.e251.tuwien.ac.at\/wp-content\/uploads\/2016\/04\/WissArbeiten1.gif","datePublished":"2015-02-25T14:08:35+00:00","dateModified":"2016-09-06T12:49:46+00:00","breadcrumb":{"@id":"https:\/\/denkmalpflege.tuwien.ac.at\/index.php\/lva-sommersmester\/#breadcrumb"},"inLanguage":"de","potentialAction":[{"@type":"ReadAction","target":["https:\/\/denkmalpflege.tuwien.ac.at\/index.php\/lva-sommersmester\/"]}]},{"@type":"ImageObject","inLanguage":"de","@id":"https:\/\/denkmalpflege.tuwien.ac.at\/index.php\/lva-sommersmester\/#primaryimage","url":"http:\/\/denkmalpflege1.e251.tuwien.ac.at\/wp-content\/uploads\/2016\/04\/WissArbeiten1.gif","contentUrl":"http:\/\/denkmalpflege1.e251.tuwien.ac.at\/wp-content\/uploads\/2016\/04\/WissArbeiten1.gif"},{"@type":"BreadcrumbList","@id":"https:\/\/denkmalpflege.tuwien.ac.at\/index.php\/lva-sommersmester\/#breadcrumb","itemListElement":[{"@type":"ListItem","position":1,"name":"Startseite","item":"https:\/\/denkmalpflege.tuwien.ac.at\/"},{"@type":"ListItem","position":2,"name":"dSommersmester"}]},{"@type":"WebSite","@id":"https:\/\/denkmalpflege.tuwien.ac.at\/#website","url":"https:\/\/denkmalpflege.tuwien.ac.at\/","name":"Denkmalpflege und Bauen im Bestand","description":"Denkmalpflege TU Wien","publisher":{"@id":"https:\/\/denkmalpflege.tuwien.ac.at\/#organization"},"potentialAction":[{"@type":"SearchAction","target":{"@type":"EntryPoint","urlTemplate":"https:\/\/denkmalpflege.tuwien.ac.at\/?s={search_term_string}"},"query-input":{"@type":"PropertyValueSpecification","valueRequired":true,"valueName":"search_term_string"}}],"inLanguage":"de"},{"@type":"Organization","@id":"https:\/\/denkmalpflege.tuwien.ac.at\/#organization","name":"TU Wien Denkmalpflege und Bauen im Bestand","url":"https:\/\/denkmalpflege.tuwien.ac.at\/","logo":{"@type":"ImageObject","inLanguage":"de","@id":"https:\/\/denkmalpflege.tuwien.ac.at\/#\/schema\/logo\/image\/","url":"https:\/\/denkmalpflege.tuwien.ac.at\/wp-content\/uploads\/2019\/10\/Logo1.png","contentUrl":"https:\/\/denkmalpflege.tuwien.ac.at\/wp-content\/uploads\/2019\/10\/Logo1.png","width":222,"height":79,"caption":"TU Wien Denkmalpflege und Bauen im Bestand"},"image":{"@id":"https:\/\/denkmalpflege.tuwien.ac.at\/#\/schema\/logo\/image\/"}}]}},"_links":{"self":[{"href":"https:\/\/denkmalpflege.tuwien.ac.at\/index.php\/wp-json\/wp\/v2\/pages\/8113","targetHints":{"allow":["GET"]}}],"collection":[{"href":"https:\/\/denkmalpflege.tuwien.ac.at\/index.php\/wp-json\/wp\/v2\/pages"}],"about":[{"href":"https:\/\/denkmalpflege.tuwien.ac.at\/index.php\/wp-json\/wp\/v2\/types\/page"}],"author":[{"embeddable":true,"href":"https:\/\/denkmalpflege.tuwien.ac.at\/index.php\/wp-json\/wp\/v2\/users\/1"}],"replies":[{"embeddable":true,"href":"https:\/\/denkmalpflege.tuwien.ac.at\/index.php\/wp-json\/wp\/v2\/comments?post=8113"}],"version-history":[{"count":14,"href":"https:\/\/denkmalpflege.tuwien.ac.at\/index.php\/wp-json\/wp\/v2\/pages\/8113\/revisions"}],"predecessor-version":[{"id":11484,"href":"https:\/\/denkmalpflege.tuwien.ac.at\/index.php\/wp-json\/wp\/v2\/pages\/8113\/revisions\/11484"}],"wp:attachment":[{"href":"https:\/\/denkmalpflege.tuwien.ac.at\/index.php\/wp-json\/wp\/v2\/media?parent=8113"}],"curies":[{"name":"wp","href":"https:\/\/api.w.org\/{rel}","templated":true}]}}