{"id":5053,"date":"2014-02-11T13:22:59","date_gmt":"2014-02-11T12:22:59","guid":{"rendered":"http:\/\/denkmalpflege1.e251.tuwien.ac.at\/?page_id=5053"},"modified":"2015-11-04T11:39:15","modified_gmt":"2015-11-04T10:39:15","slug":"haas","status":"publish","type":"page","link":"https:\/\/denkmalpflege.tuwien.ac.at\/index.php\/haas\/","title":{"rendered":"Stefanie Haas"},"content":{"rendered":"<div class='mitarbeiter'>\n<div class='grey'>\n<img decoding=\"async\" src=\"http:\/\/denkmalpflege1.e251.tuwien.ac.at\/wp-content\/uploads\/2014\/02\/N_Dzeko_T_h.jpg\" alt=\"\" title=\"\" width=\"130\" height=\"113\" class=\"alignnone size-full wp-image-165\" \/> <a href='diplomarbeiten' class='right_link'>&lt; Alle Arbeiten<\/a><br \/>\n<b>Schutzbauten \u00fcber arch\u00e4ologischen St\u00e4tten<\/b><br \/>\n<strong>2013 Stefanie HAAS<\/strong> <\/p>\n<div class='breakline'><\/div>\n<\/div>\n<div class='greyfield'>Forschungsgegenstand dieser Arbeit ist eine kritische Betrachtung von Schutzbauten zur Erhaltung arch\u00e4ologischer Befunde in situ. Um herauszufiltern welche Kriterien einen \u00e4sthetischen und funktionierenden Schutzbau definieren, werden eine aussagekr\u00e4ftige Reihe bestehender Schutzbauten analysiert und Fachgespr\u00e4che gef\u00fchrt. In weiterer Folge soll festgehalten werden, wie gelungene Aspekte bisheriger Schutzbauten in zuk\u00fcnftige Projekte dieser Art einflie\u00dfen k\u00f6nnen.<\/p>\n<div class='breakline'><\/div>\n<\/div>\n<p><span><\/span><br \/>\n<img fetchpriority=\"high\" decoding=\"async\" src=\"http:\/\/denkmalpflege1.e251.tuwien.ac.at\/wp-content\/uploads\/2014\/02\/N_Dzeko_2.jpg\" width=\"600\" height=\"280\" alt=\"\" \/><img decoding=\"async\" src=\"http:\/\/denkmalpflege1.e251.tuwien.ac.at\/wp-content\/uploads\/2014\/02\/N_Dzeko_1.jpg\" width=\"214\" height=\"280\" alt=\"\" \/><\/p>\n<div class='greyfield'>\n<div class=\"text\">Abb1: Schutzbau in Sargans, Schweiz, Architekt Walter Schlegel, 1968, http:\/\/www.waymarking.com\/gallery\/image.aspx?f=1&#038;guid=d5c0ba0b-21a3-4c25-8077-215787dac1f8<br \/>\nAbb2: Schutzbau in Lenddorf, St.Peter in Holz, K\u00e4rnten, Architekt Reinhold Wetschko, 1994 http:\/\/www.wegezumholz.de\/index.php?id=49&#038;user_timbertreasures_pi1[showUid]=2447&#038;cHash=5b710caa9c2c999f3b6f16ec6e3f9d6c<br \/>\nAbb3: Schutzdach in Badenweiler, Deutschland, 2001,  http:\/\/www.badische-zeitung.de\/badenweiler\/nur-funde-sind-faktische-nachweise&#8211;31935497.html\n<\/div>\n<div class='breakline'><\/div>\n<\/div>\n<\/div>\n","protected":false},"excerpt":{"rendered":"<p>&lt; Alle Arbeiten Schutzbauten \u00fcber arch\u00e4ologischen St\u00e4tten 2013 Stefanie HAAS Forschungsgegenstand dieser Arbeit ist eine kritische Betrachtung von Schutzbauten zur Erhaltung arch\u00e4ologischer Befunde in situ. Um herauszufiltern welche Kriterien einen \u00e4sthetischen und funktionierenden Schutzbau definieren, werden eine aussagekr\u00e4ftige Reihe bestehender Schutzbauten analysiert und Fachgespr\u00e4che gef\u00fchrt. In weiterer Folge soll festgehalten werden, wie gelungene Aspekte bisheriger Schutzbauten in zuk\u00fcnftige Projekte dieser Art einflie\u00dfen k\u00f6nnen. Abb1: Schutzbau in Sargans, Schweiz, Architekt Walter<\/p>\n<div class=\"belowpost\"><a class=\"btnmore icon-arrow\" href=\"https:\/\/denkmalpflege.tuwien.ac.at\/index.php\/haas\/\"><span>Read More<\/span><\/a><\/div>\n","protected":false},"author":1,"featured_media":0,"parent":0,"menu_order":0,"comment_status":"open","ping_status":"open","template":"","meta":{"footnotes":""},"class_list":["post-5053","page","type-page","status-publish","hentry"],"yoast_head":"<!-- This site is optimized with the Yoast SEO plugin v26.0 - https:\/\/yoast.com\/wordpress\/plugins\/seo\/ -->\n<title>Stefanie Haas - Denkmalpflege und Bauen im Bestand<\/title>\n<meta name=\"robots\" content=\"index, follow, max-snippet:-1, max-image-preview:large, max-video-preview:-1\" \/>\n<link rel=\"canonical\" href=\"https:\/\/denkmalpflege.tuwien.ac.at\/index.php\/haas\/\" \/>\n<meta property=\"og:locale\" content=\"de_DE\" \/>\n<meta property=\"og:type\" content=\"article\" \/>\n<meta property=\"og:title\" content=\"Stefanie Haas - Denkmalpflege und Bauen im Bestand\" \/>\n<meta property=\"og:description\" content=\"&lt; Alle Arbeiten Schutzbauten \u00fcber arch\u00e4ologischen St\u00e4tten 2013 Stefanie HAAS Forschungsgegenstand dieser Arbeit ist eine kritische Betrachtung von Schutzbauten zur Erhaltung arch\u00e4ologischer Befunde in situ. Um herauszufiltern welche Kriterien einen \u00e4sthetischen und funktionierenden Schutzbau definieren, werden eine aussagekr\u00e4ftige Reihe bestehender Schutzbauten analysiert und Fachgespr\u00e4che gef\u00fchrt. In weiterer Folge soll festgehalten werden, wie gelungene Aspekte bisheriger Schutzbauten in zuk\u00fcnftige Projekte dieser Art einflie\u00dfen k\u00f6nnen. Abb1: Schutzbau in Sargans, Schweiz, Architekt WalterRead More\" \/>\n<meta property=\"og:url\" content=\"https:\/\/denkmalpflege.tuwien.ac.at\/index.php\/haas\/\" \/>\n<meta property=\"og:site_name\" content=\"Denkmalpflege und Bauen im Bestand\" \/>\n<meta property=\"article:modified_time\" content=\"2015-11-04T10:39:15+00:00\" \/>\n<meta name=\"twitter:card\" content=\"summary_large_image\" \/>\n<meta name=\"twitter:label1\" content=\"Gesch\u00e4tzte Lesezeit\" \/>\n\t<meta name=\"twitter:data1\" content=\"1\u00a0Minute\" \/>\n<script type=\"application\/ld+json\" class=\"yoast-schema-graph\">{\"@context\":\"https:\/\/schema.org\",\"@graph\":[{\"@type\":\"WebPage\",\"@id\":\"https:\/\/denkmalpflege.tuwien.ac.at\/index.php\/haas\/\",\"url\":\"https:\/\/denkmalpflege.tuwien.ac.at\/index.php\/haas\/\",\"name\":\"Stefanie Haas - Denkmalpflege und Bauen im Bestand\",\"isPartOf\":{\"@id\":\"https:\/\/denkmalpflege.tuwien.ac.at\/#website\"},\"primaryImageOfPage\":{\"@id\":\"https:\/\/denkmalpflege.tuwien.ac.at\/index.php\/haas\/#primaryimage\"},\"image\":{\"@id\":\"https:\/\/denkmalpflege.tuwien.ac.at\/index.php\/haas\/#primaryimage\"},\"thumbnailUrl\":\"http:\/\/denkmalpflege1.e251.tuwien.ac.at\/wp-content\/uploads\/2014\/02\/N_Dzeko_T_h.jpg\",\"datePublished\":\"2014-02-11T12:22:59+00:00\",\"dateModified\":\"2015-11-04T10:39:15+00:00\",\"breadcrumb\":{\"@id\":\"https:\/\/denkmalpflege.tuwien.ac.at\/index.php\/haas\/#breadcrumb\"},\"inLanguage\":\"de\",\"potentialAction\":[{\"@type\":\"ReadAction\",\"target\":[\"https:\/\/denkmalpflege.tuwien.ac.at\/index.php\/haas\/\"]}]},{\"@type\":\"ImageObject\",\"inLanguage\":\"de\",\"@id\":\"https:\/\/denkmalpflege.tuwien.ac.at\/index.php\/haas\/#primaryimage\",\"url\":\"http:\/\/denkmalpflege1.e251.tuwien.ac.at\/wp-content\/uploads\/2014\/02\/N_Dzeko_T_h.jpg\",\"contentUrl\":\"http:\/\/denkmalpflege1.e251.tuwien.ac.at\/wp-content\/uploads\/2014\/02\/N_Dzeko_T_h.jpg\"},{\"@type\":\"BreadcrumbList\",\"@id\":\"https:\/\/denkmalpflege.tuwien.ac.at\/index.php\/haas\/#breadcrumb\",\"itemListElement\":[{\"@type\":\"ListItem\",\"position\":1,\"name\":\"Startseite\",\"item\":\"https:\/\/denkmalpflege.tuwien.ac.at\/\"},{\"@type\":\"ListItem\",\"position\":2,\"name\":\"Stefanie Haas\"}]},{\"@type\":\"WebSite\",\"@id\":\"https:\/\/denkmalpflege.tuwien.ac.at\/#website\",\"url\":\"https:\/\/denkmalpflege.tuwien.ac.at\/\",\"name\":\"Denkmalpflege und Bauen im Bestand\",\"description\":\"Denkmalpflege TU Wien\",\"publisher\":{\"@id\":\"https:\/\/denkmalpflege.tuwien.ac.at\/#organization\"},\"potentialAction\":[{\"@type\":\"SearchAction\",\"target\":{\"@type\":\"EntryPoint\",\"urlTemplate\":\"https:\/\/denkmalpflege.tuwien.ac.at\/?s={search_term_string}\"},\"query-input\":{\"@type\":\"PropertyValueSpecification\",\"valueRequired\":true,\"valueName\":\"search_term_string\"}}],\"inLanguage\":\"de\"},{\"@type\":\"Organization\",\"@id\":\"https:\/\/denkmalpflege.tuwien.ac.at\/#organization\",\"name\":\"TU Wien Denkmalpflege und Bauen im Bestand\",\"url\":\"https:\/\/denkmalpflege.tuwien.ac.at\/\",\"logo\":{\"@type\":\"ImageObject\",\"inLanguage\":\"de\",\"@id\":\"https:\/\/denkmalpflege.tuwien.ac.at\/#\/schema\/logo\/image\/\",\"url\":\"https:\/\/denkmalpflege.tuwien.ac.at\/wp-content\/uploads\/2019\/10\/Logo1.png\",\"contentUrl\":\"https:\/\/denkmalpflege.tuwien.ac.at\/wp-content\/uploads\/2019\/10\/Logo1.png\",\"width\":222,\"height\":79,\"caption\":\"TU Wien Denkmalpflege und Bauen im Bestand\"},\"image\":{\"@id\":\"https:\/\/denkmalpflege.tuwien.ac.at\/#\/schema\/logo\/image\/\"}}]}<\/script>\n<!-- \/ Yoast SEO plugin. -->","yoast_head_json":{"title":"Stefanie Haas - Denkmalpflege und Bauen im Bestand","robots":{"index":"index","follow":"follow","max-snippet":"max-snippet:-1","max-image-preview":"max-image-preview:large","max-video-preview":"max-video-preview:-1"},"canonical":"https:\/\/denkmalpflege.tuwien.ac.at\/index.php\/haas\/","og_locale":"de_DE","og_type":"article","og_title":"Stefanie Haas - Denkmalpflege und Bauen im Bestand","og_description":"&lt; Alle Arbeiten Schutzbauten \u00fcber arch\u00e4ologischen St\u00e4tten 2013 Stefanie HAAS Forschungsgegenstand dieser Arbeit ist eine kritische Betrachtung von Schutzbauten zur Erhaltung arch\u00e4ologischer Befunde in situ. Um herauszufiltern welche Kriterien einen \u00e4sthetischen und funktionierenden Schutzbau definieren, werden eine aussagekr\u00e4ftige Reihe bestehender Schutzbauten analysiert und Fachgespr\u00e4che gef\u00fchrt. In weiterer Folge soll festgehalten werden, wie gelungene Aspekte bisheriger Schutzbauten in zuk\u00fcnftige Projekte dieser Art einflie\u00dfen k\u00f6nnen. Abb1: Schutzbau in Sargans, Schweiz, Architekt WalterRead More","og_url":"https:\/\/denkmalpflege.tuwien.ac.at\/index.php\/haas\/","og_site_name":"Denkmalpflege und Bauen im Bestand","article_modified_time":"2015-11-04T10:39:15+00:00","twitter_card":"summary_large_image","twitter_misc":{"Gesch\u00e4tzte Lesezeit":"1\u00a0Minute"},"schema":{"@context":"https:\/\/schema.org","@graph":[{"@type":"WebPage","@id":"https:\/\/denkmalpflege.tuwien.ac.at\/index.php\/haas\/","url":"https:\/\/denkmalpflege.tuwien.ac.at\/index.php\/haas\/","name":"Stefanie Haas - Denkmalpflege und Bauen im Bestand","isPartOf":{"@id":"https:\/\/denkmalpflege.tuwien.ac.at\/#website"},"primaryImageOfPage":{"@id":"https:\/\/denkmalpflege.tuwien.ac.at\/index.php\/haas\/#primaryimage"},"image":{"@id":"https:\/\/denkmalpflege.tuwien.ac.at\/index.php\/haas\/#primaryimage"},"thumbnailUrl":"http:\/\/denkmalpflege1.e251.tuwien.ac.at\/wp-content\/uploads\/2014\/02\/N_Dzeko_T_h.jpg","datePublished":"2014-02-11T12:22:59+00:00","dateModified":"2015-11-04T10:39:15+00:00","breadcrumb":{"@id":"https:\/\/denkmalpflege.tuwien.ac.at\/index.php\/haas\/#breadcrumb"},"inLanguage":"de","potentialAction":[{"@type":"ReadAction","target":["https:\/\/denkmalpflege.tuwien.ac.at\/index.php\/haas\/"]}]},{"@type":"ImageObject","inLanguage":"de","@id":"https:\/\/denkmalpflege.tuwien.ac.at\/index.php\/haas\/#primaryimage","url":"http:\/\/denkmalpflege1.e251.tuwien.ac.at\/wp-content\/uploads\/2014\/02\/N_Dzeko_T_h.jpg","contentUrl":"http:\/\/denkmalpflege1.e251.tuwien.ac.at\/wp-content\/uploads\/2014\/02\/N_Dzeko_T_h.jpg"},{"@type":"BreadcrumbList","@id":"https:\/\/denkmalpflege.tuwien.ac.at\/index.php\/haas\/#breadcrumb","itemListElement":[{"@type":"ListItem","position":1,"name":"Startseite","item":"https:\/\/denkmalpflege.tuwien.ac.at\/"},{"@type":"ListItem","position":2,"name":"Stefanie Haas"}]},{"@type":"WebSite","@id":"https:\/\/denkmalpflege.tuwien.ac.at\/#website","url":"https:\/\/denkmalpflege.tuwien.ac.at\/","name":"Denkmalpflege und Bauen im Bestand","description":"Denkmalpflege TU Wien","publisher":{"@id":"https:\/\/denkmalpflege.tuwien.ac.at\/#organization"},"potentialAction":[{"@type":"SearchAction","target":{"@type":"EntryPoint","urlTemplate":"https:\/\/denkmalpflege.tuwien.ac.at\/?s={search_term_string}"},"query-input":{"@type":"PropertyValueSpecification","valueRequired":true,"valueName":"search_term_string"}}],"inLanguage":"de"},{"@type":"Organization","@id":"https:\/\/denkmalpflege.tuwien.ac.at\/#organization","name":"TU Wien Denkmalpflege und Bauen im Bestand","url":"https:\/\/denkmalpflege.tuwien.ac.at\/","logo":{"@type":"ImageObject","inLanguage":"de","@id":"https:\/\/denkmalpflege.tuwien.ac.at\/#\/schema\/logo\/image\/","url":"https:\/\/denkmalpflege.tuwien.ac.at\/wp-content\/uploads\/2019\/10\/Logo1.png","contentUrl":"https:\/\/denkmalpflege.tuwien.ac.at\/wp-content\/uploads\/2019\/10\/Logo1.png","width":222,"height":79,"caption":"TU Wien Denkmalpflege und Bauen im Bestand"},"image":{"@id":"https:\/\/denkmalpflege.tuwien.ac.at\/#\/schema\/logo\/image\/"}}]}},"_links":{"self":[{"href":"https:\/\/denkmalpflege.tuwien.ac.at\/index.php\/wp-json\/wp\/v2\/pages\/5053","targetHints":{"allow":["GET"]}}],"collection":[{"href":"https:\/\/denkmalpflege.tuwien.ac.at\/index.php\/wp-json\/wp\/v2\/pages"}],"about":[{"href":"https:\/\/denkmalpflege.tuwien.ac.at\/index.php\/wp-json\/wp\/v2\/types\/page"}],"author":[{"embeddable":true,"href":"https:\/\/denkmalpflege.tuwien.ac.at\/index.php\/wp-json\/wp\/v2\/users\/1"}],"replies":[{"embeddable":true,"href":"https:\/\/denkmalpflege.tuwien.ac.at\/index.php\/wp-json\/wp\/v2\/comments?post=5053"}],"version-history":[{"count":8,"href":"https:\/\/denkmalpflege.tuwien.ac.at\/index.php\/wp-json\/wp\/v2\/pages\/5053\/revisions"}],"predecessor-version":[{"id":9575,"href":"https:\/\/denkmalpflege.tuwien.ac.at\/index.php\/wp-json\/wp\/v2\/pages\/5053\/revisions\/9575"}],"wp:attachment":[{"href":"https:\/\/denkmalpflege.tuwien.ac.at\/index.php\/wp-json\/wp\/v2\/media?parent=5053"}],"curies":[{"name":"wp","href":"https:\/\/api.w.org\/{rel}","templated":true}]}}