{"id":16177,"date":"2019-10-30T20:51:39","date_gmt":"2019-10-30T19:51:39","guid":{"rendered":"http:\/\/denkmalpflege.tuwien.ac.at\/?page_id=16177"},"modified":"2022-04-07T11:02:13","modified_gmt":"2022-04-07T09:02:13","slug":"download-modul-denkmalpflege","status":"publish","type":"page","link":"https:\/\/denkmalpflege.tuwien.ac.at\/index.php\/download-modul-denkmalpflege\/","title":{"rendered":"Download Modul Denkmalpflege"},"content":{"rendered":"\t\t<div data-elementor-type=\"wp-page\" data-elementor-id=\"16177\" class=\"elementor elementor-16177\" data-elementor-post-type=\"page\">\n\t\t\t\t\t\t<section class=\"elementor-section elementor-top-section elementor-element elementor-element-38238e5 elementor-section-full_width elementor-section-height-default elementor-section-height-default\" data-id=\"38238e5\" data-element_type=\"section\">\n\t\t\t\t\t\t<div class=\"elementor-container elementor-column-gap-default\">\n\t\t\t\t\t<div class=\"elementor-column elementor-col-50 elementor-top-column elementor-element elementor-element-de36368\" data-id=\"de36368\" data-element_type=\"column\">\n\t\t\t<div class=\"elementor-widget-wrap elementor-element-populated\">\n\t\t\t\t\t\t<div class=\"elementor-element elementor-element-0690b3c elementor-widget elementor-widget-heading\" data-id=\"0690b3c\" data-element_type=\"widget\" data-widget_type=\"heading.default\">\n\t\t\t\t<div class=\"elementor-widget-container\">\n\t\t\t\t\t<h2 class=\"elementor-heading-title elementor-size-default\"><a href=\"https:\/\/denkmalpflege.tuwien.ac.at\/index.php\/download-vorlesung-denkmalpflege\/\">DOWNLOADS<\/a><\/h2>\t\t\t\t<\/div>\n\t\t\t\t<\/div>\n\t\t\t\t\t<\/div>\n\t\t<\/div>\n\t\t\t\t<div class=\"elementor-column elementor-col-50 elementor-top-column elementor-element elementor-element-53d3671\" data-id=\"53d3671\" data-element_type=\"column\">\n\t\t\t<div class=\"elementor-widget-wrap elementor-element-populated\">\n\t\t\t\t\t\t<div class=\"elementor-element elementor-element-5bfbbc1 elementor-widget elementor-widget-heading\" data-id=\"5bfbbc1\" data-element_type=\"widget\" data-widget_type=\"heading.default\">\n\t\t\t\t<div class=\"elementor-widget-container\">\n\t\t\t\t\t<h2 class=\"elementor-heading-title elementor-size-default\">251.716 <span style=\"float: right\"> 8,0 h (10,0 ECTS)<\/span><\/h2>\t\t\t\t<\/div>\n\t\t\t\t<\/div>\n\t\t\t\t\t<\/div>\n\t\t<\/div>\n\t\t\t\t\t<\/div>\n\t\t<\/section>\n\t\t\t\t<section class=\"elementor-section elementor-top-section elementor-element elementor-element-52b36ad3 elementor-section-full_width elementor-section-height-default elementor-section-height-default\" data-id=\"52b36ad3\" data-element_type=\"section\">\n\t\t\t\t\t\t<div class=\"elementor-container elementor-column-gap-default\">\n\t\t\t\t\t<div class=\"elementor-column elementor-col-50 elementor-top-column elementor-element elementor-element-725f1180\" data-id=\"725f1180\" data-element_type=\"column\">\n\t\t\t<div class=\"elementor-widget-wrap elementor-element-populated\">\n\t\t\t\t\t\t<div class=\"elementor-element elementor-element-605a2ed elementor-nav-menu__align-start elementor-nav-menu--dropdown-mobile elementor-nav-menu__text-align-aside elementor-nav-menu--toggle elementor-nav-menu--burger elementor-widget elementor-widget-nav-menu\" data-id=\"605a2ed\" data-element_type=\"widget\" data-settings=\"{&quot;layout&quot;:&quot;vertical&quot;,&quot;submenu_icon&quot;:{&quot;value&quot;:&quot;&lt;i class=\\&quot;\\&quot; aria-hidden=\\&quot;true\\&quot;&gt;&lt;\\\/i&gt;&quot;,&quot;library&quot;:&quot;&quot;},&quot;toggle&quot;:&quot;burger&quot;}\" data-widget_type=\"nav-menu.default\">\n\t\t\t\t<div class=\"elementor-widget-container\">\n\t\t\t\t\t\t\t\t<nav aria-label=\"Men\u00fc\" class=\"elementor-nav-menu--main elementor-nav-menu__container elementor-nav-menu--layout-vertical e--pointer-none\">\n\t\t\t\t<ul id=\"menu-1-605a2ed\" class=\"elementor-nav-menu sm-vertical\"><li class=\"menu-item menu-item-type-post_type menu-item-object-page menu-item-24714\"><a href=\"https:\/\/denkmalpflege.tuwien.ac.at\/index.php\/download-unterlagen-vorlesung\/\" class=\"elementor-item\">Vorlesungsunterlagen<\/a><\/li>\n<\/ul>\t\t\t<\/nav>\n\t\t\t\t\t<div class=\"elementor-menu-toggle\" role=\"button\" tabindex=\"0\" aria-label=\"Men\u00fc Umschalter\" aria-expanded=\"false\">\n\t\t\t<i aria-hidden=\"true\" role=\"presentation\" class=\"elementor-menu-toggle__icon--open eicon-menu-bar\"><\/i><i aria-hidden=\"true\" role=\"presentation\" class=\"elementor-menu-toggle__icon--close eicon-close\"><\/i>\t\t<\/div>\n\t\t\t\t\t<nav class=\"elementor-nav-menu--dropdown elementor-nav-menu__container\" aria-hidden=\"true\">\n\t\t\t\t<ul id=\"menu-2-605a2ed\" class=\"elementor-nav-menu sm-vertical\"><li class=\"menu-item menu-item-type-post_type menu-item-object-page menu-item-24714\"><a href=\"https:\/\/denkmalpflege.tuwien.ac.at\/index.php\/download-unterlagen-vorlesung\/\" class=\"elementor-item\" tabindex=\"-1\">Vorlesungsunterlagen<\/a><\/li>\n<\/ul>\t\t\t<\/nav>\n\t\t\t\t\t\t<\/div>\n\t\t\t\t<\/div>\n\t\t\t\t\t<\/div>\n\t\t<\/div>\n\t\t\t\t<div class=\"elementor-column elementor-col-50 elementor-top-column elementor-element elementor-element-4a4b4fed\" data-id=\"4a4b4fed\" data-element_type=\"column\">\n\t\t\t<div class=\"elementor-widget-wrap elementor-element-populated\">\n\t\t\t\t\t\t<div class=\"elementor-element elementor-element-5388b30a elementor-widget elementor-widget-text-editor\" data-id=\"5388b30a\" data-element_type=\"widget\" data-widget_type=\"text-editor.default\">\n\t\t\t\t<div class=\"elementor-widget-container\">\n\t\t\t\t\t\t\t\t\t<h1 class=\"lva_h1\"><strong>Modul<\/strong><br \/><strong>Denkmalpflege &amp; Massnahmen am Denkmal<\/strong><\/h1>\t\t\t\t\t\t\t\t<\/div>\n\t\t\t\t<\/div>\n\t\t\t\t<div class=\"elementor-element elementor-element-2f3033e elementor-widget elementor-widget-text-editor\" data-id=\"2f3033e\" data-element_type=\"widget\" data-widget_type=\"text-editor.default\">\n\t\t\t\t<div class=\"elementor-widget-container\">\n\t\t\t\t\t\t\t\t\t<h2>KERNF\u00c4CHER<\/h2><h3>251.706 Denkmalpflege \/ Denkmalkunde I: Grundlagen<\/h3><p>Vortragender: Birgit Knauer, Anna Maria Borowska<\/p><p><a href=\"http:\/\/denkmalpflege.tuwien.ac.at\/wp-content\/uploads\/2017\/03\/135_1964_Charta_von_Venedig.pdf\">1964 Charta von Venedig<\/a><br \/><a href=\"https:\/\/denkmalpflege.tuwien.ac.at\/wp-content\/uploads\/2016\/05\/1972-UNESCO_Welterbekonvention.pdf\" target=\"_blank\" rel=\"noopener\">1972 \u00dcbereinkommen zum Schutz des Kultur und Naturerbes der Welt (Welterbekonvention)<\/a><br \/><a href=\"http:\/\/denkmalpflege1.e251.tuwien.ac.at\/wp-content\/uploads\/2016\/05\/1975-Europarat_Denkmalschutz_Charta.pdf\">1975 Europ\u00e4ische Denkmalschutz Charta<\/a><br \/><a href=\"http:\/\/denkmalpflege1.e251.tuwien.ac.at\/wp-content\/uploads\/2016\/05\/1994-UNESCO_NaraDokument.pdf\">1994 Dokument von Nara zur Authentizit\u00e4t<\/a><\/p><p><a href=\"https:\/\/archive.org\/details\/modernedenkmalk00denkgoog\/page\/n20\/mode\/2up\">Riegl Alois, Der Moderne Denkmalkultus. Sein Wesen, seine Entstehung<\/a><\/p><p>weitere Unterlagen stehen im <a href=\"https:\/\/tiss.tuwien.ac.at\/course\/courseDetails.xhtml?dswid=9347&amp;dsrid=214&amp;courseNr=251706&amp;semester=2020S\">TISS<\/a> zum download bereit.<\/p>\t\t\t\t\t\t\t\t<\/div>\n\t\t\t\t<\/div>\n\t\t\t\t<div class=\"elementor-element elementor-element-db7717d trennlinie elementor-widget-divider--view-line elementor-widget elementor-widget-divider\" data-id=\"db7717d\" data-element_type=\"widget\" data-widget_type=\"divider.default\">\n\t\t\t\t<div class=\"elementor-widget-container\">\n\t\t\t\t\t\t\t<div class=\"elementor-divider\">\n\t\t\t<span class=\"elementor-divider-separator\">\n\t\t\t\t\t\t<\/span>\n\t\t<\/div>\n\t\t\t\t\t\t<\/div>\n\t\t\t\t<\/div>\n\t\t\t\t<div class=\"elementor-element elementor-element-7267672 elementor-widget elementor-widget-text-editor\" data-id=\"7267672\" data-element_type=\"widget\" data-widget_type=\"text-editor.default\">\n\t\t\t\t<div class=\"elementor-widget-container\">\n\t\t\t\t\t\t\t\t\t<h3>251.707 Denkmalpflege \/ Denkmalkunde II: Umfeld &amp; Praxis<\/h3><p>Vortragender: Sabine Weigl, Anna Maria Borowska<\/p><p><a href=\"http:\/\/denkmalpflege.tuwien.ac.at\/wp-content\/uploads\/2017\/03\/EKD-Hrsg.-Leits\u00e4tze-zur-Denkmalpflege-in-der-Schweiz-Z\u00fcrich-2007.pdf\">Leits\u00e4tze zur Denkmalpflege in der Schweiz<\/a><\/p>\t\t\t\t\t\t\t\t<\/div>\n\t\t\t\t<\/div>\n\t\t\t\t<div class=\"elementor-element elementor-element-b55d83c trennlinie elementor-widget-divider--view-line elementor-widget elementor-widget-divider\" data-id=\"b55d83c\" data-element_type=\"widget\" data-widget_type=\"divider.default\">\n\t\t\t\t<div class=\"elementor-widget-container\">\n\t\t\t\t\t\t\t<div class=\"elementor-divider\">\n\t\t\t<span class=\"elementor-divider-separator\">\n\t\t\t\t\t\t<\/span>\n\t\t<\/div>\n\t\t\t\t\t\t<\/div>\n\t\t\t\t<\/div>\n\t\t\t\t<div class=\"elementor-element elementor-element-b81d170 elementor-widget elementor-widget-text-editor\" data-id=\"b81d170\" data-element_type=\"widget\" data-widget_type=\"text-editor.default\">\n\t\t\t\t<div class=\"elementor-widget-container\">\n\t\t\t\t\t\t\t\t\t<h3>251.708 Denkmal &amp; Sanierung<\/h3><p>Vortragender: Birgit Knauer, Anna Maria Borowska<\/p><p>weitere Unterlagen stehen im <a href=\"https:\/\/tiss.tuwien.ac.at\/course\/courseDetails.xhtml?dswid=5005&amp;dsrid=245&amp;courseNr=251708&amp;semester=2020S\">TISS<\/a> zum download bereit:<br \/><a href=\"https:\/\/tiss.tuwien.ac.at\/course\/courseDetails.xhtml?dswid=5005&amp;dsrid=245&amp;courseNr=251708&amp;semester=2020S\">PODBRECKY, Artikel Nachkriegsmoderne<\/a><\/p><p><a href=\"https:\/\/tiss.tuwien.ac.at\/course\/courseDetails.xhtml?dswid=5005&amp;dsrid=245&amp;courseNr=251708&amp;semester=2020S\">ACHLEITNER, Friedrich, Entwicklung und Situation der \u00d6sterreichischen Architektur seit 1945, in Bauen und Wohnen, 1965<\/a><\/p><p><a href=\"https:\/\/tiss.tuwien.ac.at\/course\/courseDetails.xhtml?dswid=5005&amp;dsrid=245&amp;courseNr=251708&amp;semester=2020S\">BUTTLAR, Acht Thesen zum Denkmalschutz der Nachkriegsmoderne<\/a><\/p><p><a href=\"https:\/\/tiss.tuwien.ac.at\/course\/courseDetails.xhtml?dswid=5005&amp;dsrid=245&amp;courseNr=251708&amp;semester=2020S\">KRISTAN, Die Sechziger<\/a><\/p>\t\t\t\t\t\t\t\t<\/div>\n\t\t\t\t<\/div>\n\t\t\t\t<div class=\"elementor-element elementor-element-26264dd trennlinie elementor-widget-divider--view-line elementor-widget elementor-widget-divider\" data-id=\"26264dd\" data-element_type=\"widget\" data-widget_type=\"divider.default\">\n\t\t\t\t<div class=\"elementor-widget-container\">\n\t\t\t\t\t\t\t<div class=\"elementor-divider\">\n\t\t\t<span class=\"elementor-divider-separator\">\n\t\t\t\t\t\t<\/span>\n\t\t<\/div>\n\t\t\t\t\t\t<\/div>\n\t\t\t\t<\/div>\n\t\t\t\t<div class=\"elementor-element elementor-element-60f80755 elementor-widget elementor-widget-text-editor\" data-id=\"60f80755\" data-element_type=\"widget\" data-widget_type=\"text-editor.default\">\n\t\t\t\t<div class=\"elementor-widget-container\">\n\t\t\t\t\t\t\t\t\t<h2>ERG\u00c4NZUNGSF\u00c4CHER<\/h2><h3>251.711 Bautechnische Analysen und Statik historischer Baukonstruktionen<\/h3><p>Vortragender: Karl-Heinz Hollinsky, Andreas Kolbitsch<\/p><p>Alle unten angef\u00fchrten Unterlagen finden Sie im <a href=\"https:\/\/tiss.tuwien.ac.at\/course\/courseDetails.xhtml?dswid=6509&amp;dsrid=437&amp;courseNr=251711&amp;semester=2020S\">TISS unter &#8222;Unterlagen&#8220;<\/a><\/p>\t\t\t\t\t\t\t\t<\/div>\n\t\t\t\t<\/div>\n\t\t\t\t<div class=\"elementor-element elementor-element-32ceaae trennlinie elementor-widget-divider--view-line elementor-widget elementor-widget-divider\" data-id=\"32ceaae\" data-element_type=\"widget\" data-widget_type=\"divider.default\">\n\t\t\t\t<div class=\"elementor-widget-container\">\n\t\t\t\t\t\t\t<div class=\"elementor-divider\">\n\t\t\t<span class=\"elementor-divider-separator\">\n\t\t\t\t\t\t<\/span>\n\t\t<\/div>\n\t\t\t\t\t\t<\/div>\n\t\t\t\t<\/div>\n\t\t\t\t<div class=\"elementor-element elementor-element-55e01873 elementor-widget elementor-widget-text-editor\" data-id=\"55e01873\" data-element_type=\"widget\" data-widget_type=\"text-editor.default\">\n\t\t\t\t<div class=\"elementor-widget-container\">\n\t\t\t\t\t\t\t\t\t<h3>251.705 Untersuchungsmethoden der Denkmalpflege<\/h3><p>Vortragende: Robert Linke, Farkas Pinter<\/p><p>Alle unten angef\u00fchrten Unterlagen finden Sie im <a href=\"https:\/\/tiss.tuwien.ac.at\/course\/courseDetails.xhtml?dswid=6509&amp;dsrid=487&amp;courseNr=251705&amp;semester=2020S\">TISS unter &#8222;Unterlagen&#8220;<\/a><\/p><p><a href=\"http:\/\/denkmalpflege.tuwien.ac.at\/wp-content\/uploads\/2022\/03\/SS22_Modul-Denkmalpflege_Untersuchungsmethoden-der-Denkmalpflege_1_Steinkonservierung_2022.pdf\">Steinkonservierung<\/a><br \/><a href=\"http:\/\/denkmalpflege.tuwien.ac.at\/wp-content\/uploads\/2022\/03\/SS22_Modul-Denkmalpflege_Untersuchungsmethoden-der-Denkmalpflege_2_Moertelsysteme1_2022.pdf\">M\u00f6rtelsysteme 1<\/a><br \/><a href=\"http:\/\/denkmalpflege.tuwien.ac.at\/wp-content\/uploads\/2022\/03\/SS22_Modul-Denkmalpflege_Untersuchungsmethoden-der-Denkmalpflege_3_Moertelsysteme2_2022.pdf\">M\u00f6rtelsysteme 2<\/a><br \/><a href=\"http:\/\/denkmalpflege.tuwien.ac.at\/wp-content\/uploads\/2022\/03\/SS22_Modul-Denkmalpflege_Untersuchungsmethoden-der-Denkmalpflege_4_Untersuchungsmethoden_2022.pdf\">Untersuchungsmethoden<\/a><br \/><a href=\"http:\/\/denkmalpflege.tuwien.ac.at\/wp-content\/uploads\/2022\/04\/Vorlesung-3_Salze_Linke.pdf\">Vorlesung 3<\/a><br \/><a href=\"http:\/\/denkmalpflege.tuwien.ac.at\/wp-content\/uploads\/2022\/04\/Vorlesung-45_Anstrichsysteme_Linke.pdf\">Vorlesung 4 &amp; 5<\/a> <br \/><a href=\"http:\/\/denkmalpflege.tuwien.ac.at\/wp-content\/uploads\/2022\/04\/Vorlesung-6_NW-Untersuchungen_Linke.pdf\">Vorlesung 6<\/a><\/p><p><a href=\"https:\/\/owncloud.tuwien.ac.at\/index.php\/s\/gaNeXHUVajSW34w\">Aufzeichnung Vorlesung 4<\/a><\/p>\t\t\t\t\t\t\t\t<\/div>\n\t\t\t\t<\/div>\n\t\t\t\t\t<\/div>\n\t\t<\/div>\n\t\t\t\t\t<\/div>\n\t\t<\/section>\n\t\t\t\t<\/div>\n\t\t","protected":false},"excerpt":{"rendered":"<p>DOWNLOADS 251.716 8,0 h (10,0 ECTS) ModulDenkmalpflege &amp; Massnahmen am Denkmal KERNF\u00c4CHER 251.706 Denkmalpflege \/ Denkmalkunde I: Grundlagen Vortragender: Birgit Knauer, Anna Maria Borowska 1964 Charta von Venedig1972 \u00dcbereinkommen zum Schutz des Kultur und Naturerbes der Welt (Welterbekonvention)1975 Europ\u00e4ische Denkmalschutz Charta1994 Dokument von Nara zur Authentizit\u00e4t Riegl Alois, Der Moderne Denkmalkultus. Sein Wesen, seine Entstehung weitere Unterlagen stehen im TISS zum download bereit. 251.707 Denkmalpflege \/ Denkmalkunde II: Umfeld &amp;<\/p>\n<div class=\"belowpost\"><a class=\"btnmore icon-arrow\" href=\"https:\/\/denkmalpflege.tuwien.ac.at\/index.php\/download-modul-denkmalpflege\/\"><span>Read More<\/span><\/a><\/div>\n","protected":false},"author":1,"featured_media":0,"parent":0,"menu_order":0,"comment_status":"closed","ping_status":"closed","template":"","meta":{"footnotes":""},"class_list":["post-16177","page","type-page","status-publish","hentry"],"yoast_head":"<!-- This site is optimized with the Yoast SEO plugin v26.0 - https:\/\/yoast.com\/wordpress\/plugins\/seo\/ -->\n<title>Download Modul Denkmalpflege - Denkmalpflege und Bauen im Bestand<\/title>\n<meta name=\"robots\" content=\"index, follow, max-snippet:-1, max-image-preview:large, max-video-preview:-1\" \/>\n<link rel=\"canonical\" href=\"https:\/\/denkmalpflege.tuwien.ac.at\/index.php\/download-modul-denkmalpflege\/\" \/>\n<meta property=\"og:locale\" content=\"de_DE\" \/>\n<meta property=\"og:type\" content=\"article\" \/>\n<meta property=\"og:title\" content=\"Download Modul Denkmalpflege - Denkmalpflege und Bauen im Bestand\" \/>\n<meta property=\"og:description\" content=\"DOWNLOADS 251.716 8,0 h (10,0 ECTS) ModulDenkmalpflege &amp; Massnahmen am Denkmal KERNF\u00c4CHER 251.706 Denkmalpflege \/ Denkmalkunde I: Grundlagen Vortragender: Birgit Knauer, Anna Maria Borowska 1964 Charta von Venedig1972 \u00dcbereinkommen zum Schutz des Kultur und Naturerbes der Welt (Welterbekonvention)1975 Europ\u00e4ische Denkmalschutz Charta1994 Dokument von Nara zur Authentizit\u00e4t Riegl Alois, Der Moderne Denkmalkultus. Sein Wesen, seine Entstehung weitere Unterlagen stehen im TISS zum download bereit. 251.707 Denkmalpflege \/ Denkmalkunde II: Umfeld &amp;Read More\" \/>\n<meta property=\"og:url\" content=\"https:\/\/denkmalpflege.tuwien.ac.at\/index.php\/download-modul-denkmalpflege\/\" \/>\n<meta property=\"og:site_name\" content=\"Denkmalpflege und Bauen im Bestand\" \/>\n<meta property=\"article:modified_time\" content=\"2022-04-07T09:02:13+00:00\" \/>\n<meta name=\"twitter:card\" content=\"summary_large_image\" \/>\n<meta name=\"twitter:label1\" content=\"Gesch\u00e4tzte Lesezeit\" \/>\n\t<meta name=\"twitter:data1\" content=\"1\u00a0Minute\" \/>\n<script type=\"application\/ld+json\" class=\"yoast-schema-graph\">{\"@context\":\"https:\/\/schema.org\",\"@graph\":[{\"@type\":\"WebPage\",\"@id\":\"https:\/\/denkmalpflege.tuwien.ac.at\/index.php\/download-modul-denkmalpflege\/\",\"url\":\"https:\/\/denkmalpflege.tuwien.ac.at\/index.php\/download-modul-denkmalpflege\/\",\"name\":\"Download Modul Denkmalpflege - Denkmalpflege und Bauen im Bestand\",\"isPartOf\":{\"@id\":\"https:\/\/denkmalpflege.tuwien.ac.at\/#website\"},\"datePublished\":\"2019-10-30T19:51:39+00:00\",\"dateModified\":\"2022-04-07T09:02:13+00:00\",\"breadcrumb\":{\"@id\":\"https:\/\/denkmalpflege.tuwien.ac.at\/index.php\/download-modul-denkmalpflege\/#breadcrumb\"},\"inLanguage\":\"de\",\"potentialAction\":[{\"@type\":\"ReadAction\",\"target\":[\"https:\/\/denkmalpflege.tuwien.ac.at\/index.php\/download-modul-denkmalpflege\/\"]}]},{\"@type\":\"BreadcrumbList\",\"@id\":\"https:\/\/denkmalpflege.tuwien.ac.at\/index.php\/download-modul-denkmalpflege\/#breadcrumb\",\"itemListElement\":[{\"@type\":\"ListItem\",\"position\":1,\"name\":\"Startseite\",\"item\":\"https:\/\/denkmalpflege.tuwien.ac.at\/\"},{\"@type\":\"ListItem\",\"position\":2,\"name\":\"Download Modul Denkmalpflege\"}]},{\"@type\":\"WebSite\",\"@id\":\"https:\/\/denkmalpflege.tuwien.ac.at\/#website\",\"url\":\"https:\/\/denkmalpflege.tuwien.ac.at\/\",\"name\":\"Denkmalpflege und Bauen im Bestand\",\"description\":\"Denkmalpflege TU Wien\",\"publisher\":{\"@id\":\"https:\/\/denkmalpflege.tuwien.ac.at\/#organization\"},\"potentialAction\":[{\"@type\":\"SearchAction\",\"target\":{\"@type\":\"EntryPoint\",\"urlTemplate\":\"https:\/\/denkmalpflege.tuwien.ac.at\/?s={search_term_string}\"},\"query-input\":{\"@type\":\"PropertyValueSpecification\",\"valueRequired\":true,\"valueName\":\"search_term_string\"}}],\"inLanguage\":\"de\"},{\"@type\":\"Organization\",\"@id\":\"https:\/\/denkmalpflege.tuwien.ac.at\/#organization\",\"name\":\"TU Wien Denkmalpflege und Bauen im Bestand\",\"url\":\"https:\/\/denkmalpflege.tuwien.ac.at\/\",\"logo\":{\"@type\":\"ImageObject\",\"inLanguage\":\"de\",\"@id\":\"https:\/\/denkmalpflege.tuwien.ac.at\/#\/schema\/logo\/image\/\",\"url\":\"https:\/\/denkmalpflege.tuwien.ac.at\/wp-content\/uploads\/2019\/10\/Logo1.png\",\"contentUrl\":\"https:\/\/denkmalpflege.tuwien.ac.at\/wp-content\/uploads\/2019\/10\/Logo1.png\",\"width\":222,\"height\":79,\"caption\":\"TU Wien Denkmalpflege und Bauen im Bestand\"},\"image\":{\"@id\":\"https:\/\/denkmalpflege.tuwien.ac.at\/#\/schema\/logo\/image\/\"}}]}<\/script>\n<!-- \/ Yoast SEO plugin. -->","yoast_head_json":{"title":"Download Modul Denkmalpflege - Denkmalpflege und Bauen im Bestand","robots":{"index":"index","follow":"follow","max-snippet":"max-snippet:-1","max-image-preview":"max-image-preview:large","max-video-preview":"max-video-preview:-1"},"canonical":"https:\/\/denkmalpflege.tuwien.ac.at\/index.php\/download-modul-denkmalpflege\/","og_locale":"de_DE","og_type":"article","og_title":"Download Modul Denkmalpflege - Denkmalpflege und Bauen im Bestand","og_description":"DOWNLOADS 251.716 8,0 h (10,0 ECTS) ModulDenkmalpflege &amp; Massnahmen am Denkmal KERNF\u00c4CHER 251.706 Denkmalpflege \/ Denkmalkunde I: Grundlagen Vortragender: Birgit Knauer, Anna Maria Borowska 1964 Charta von Venedig1972 \u00dcbereinkommen zum Schutz des Kultur und Naturerbes der Welt (Welterbekonvention)1975 Europ\u00e4ische Denkmalschutz Charta1994 Dokument von Nara zur Authentizit\u00e4t Riegl Alois, Der Moderne Denkmalkultus. Sein Wesen, seine Entstehung weitere Unterlagen stehen im TISS zum download bereit. 251.707 Denkmalpflege \/ Denkmalkunde II: Umfeld &amp;Read More","og_url":"https:\/\/denkmalpflege.tuwien.ac.at\/index.php\/download-modul-denkmalpflege\/","og_site_name":"Denkmalpflege und Bauen im Bestand","article_modified_time":"2022-04-07T09:02:13+00:00","twitter_card":"summary_large_image","twitter_misc":{"Gesch\u00e4tzte Lesezeit":"1\u00a0Minute"},"schema":{"@context":"https:\/\/schema.org","@graph":[{"@type":"WebPage","@id":"https:\/\/denkmalpflege.tuwien.ac.at\/index.php\/download-modul-denkmalpflege\/","url":"https:\/\/denkmalpflege.tuwien.ac.at\/index.php\/download-modul-denkmalpflege\/","name":"Download Modul Denkmalpflege - Denkmalpflege und Bauen im Bestand","isPartOf":{"@id":"https:\/\/denkmalpflege.tuwien.ac.at\/#website"},"datePublished":"2019-10-30T19:51:39+00:00","dateModified":"2022-04-07T09:02:13+00:00","breadcrumb":{"@id":"https:\/\/denkmalpflege.tuwien.ac.at\/index.php\/download-modul-denkmalpflege\/#breadcrumb"},"inLanguage":"de","potentialAction":[{"@type":"ReadAction","target":["https:\/\/denkmalpflege.tuwien.ac.at\/index.php\/download-modul-denkmalpflege\/"]}]},{"@type":"BreadcrumbList","@id":"https:\/\/denkmalpflege.tuwien.ac.at\/index.php\/download-modul-denkmalpflege\/#breadcrumb","itemListElement":[{"@type":"ListItem","position":1,"name":"Startseite","item":"https:\/\/denkmalpflege.tuwien.ac.at\/"},{"@type":"ListItem","position":2,"name":"Download Modul Denkmalpflege"}]},{"@type":"WebSite","@id":"https:\/\/denkmalpflege.tuwien.ac.at\/#website","url":"https:\/\/denkmalpflege.tuwien.ac.at\/","name":"Denkmalpflege und Bauen im Bestand","description":"Denkmalpflege TU Wien","publisher":{"@id":"https:\/\/denkmalpflege.tuwien.ac.at\/#organization"},"potentialAction":[{"@type":"SearchAction","target":{"@type":"EntryPoint","urlTemplate":"https:\/\/denkmalpflege.tuwien.ac.at\/?s={search_term_string}"},"query-input":{"@type":"PropertyValueSpecification","valueRequired":true,"valueName":"search_term_string"}}],"inLanguage":"de"},{"@type":"Organization","@id":"https:\/\/denkmalpflege.tuwien.ac.at\/#organization","name":"TU Wien Denkmalpflege und Bauen im Bestand","url":"https:\/\/denkmalpflege.tuwien.ac.at\/","logo":{"@type":"ImageObject","inLanguage":"de","@id":"https:\/\/denkmalpflege.tuwien.ac.at\/#\/schema\/logo\/image\/","url":"https:\/\/denkmalpflege.tuwien.ac.at\/wp-content\/uploads\/2019\/10\/Logo1.png","contentUrl":"https:\/\/denkmalpflege.tuwien.ac.at\/wp-content\/uploads\/2019\/10\/Logo1.png","width":222,"height":79,"caption":"TU Wien Denkmalpflege und Bauen im Bestand"},"image":{"@id":"https:\/\/denkmalpflege.tuwien.ac.at\/#\/schema\/logo\/image\/"}}]}},"_links":{"self":[{"href":"https:\/\/denkmalpflege.tuwien.ac.at\/index.php\/wp-json\/wp\/v2\/pages\/16177","targetHints":{"allow":["GET"]}}],"collection":[{"href":"https:\/\/denkmalpflege.tuwien.ac.at\/index.php\/wp-json\/wp\/v2\/pages"}],"about":[{"href":"https:\/\/denkmalpflege.tuwien.ac.at\/index.php\/wp-json\/wp\/v2\/types\/page"}],"author":[{"embeddable":true,"href":"https:\/\/denkmalpflege.tuwien.ac.at\/index.php\/wp-json\/wp\/v2\/users\/1"}],"replies":[{"embeddable":true,"href":"https:\/\/denkmalpflege.tuwien.ac.at\/index.php\/wp-json\/wp\/v2\/comments?post=16177"}],"version-history":[{"count":55,"href":"https:\/\/denkmalpflege.tuwien.ac.at\/index.php\/wp-json\/wp\/v2\/pages\/16177\/revisions"}],"predecessor-version":[{"id":24104,"href":"https:\/\/denkmalpflege.tuwien.ac.at\/index.php\/wp-json\/wp\/v2\/pages\/16177\/revisions\/24104"}],"wp:attachment":[{"href":"https:\/\/denkmalpflege.tuwien.ac.at\/index.php\/wp-json\/wp\/v2\/media?parent=16177"}],"curies":[{"name":"wp","href":"https:\/\/api.w.org\/{rel}","templated":true}]}}