{"id":15249,"date":"2019-10-14T12:51:46","date_gmt":"2019-10-14T10:51:46","guid":{"rendered":"http:\/\/denkmalpflege.tuwien.ac.at\/?page_id=15249"},"modified":"2019-10-30T20:13:11","modified_gmt":"2019-10-30T19:13:11","slug":"jandrasits","status":"publish","type":"page","link":"https:\/\/denkmalpflege.tuwien.ac.at\/index.php\/jandrasits\/","title":{"rendered":"jandrasits"},"content":{"rendered":"<div class='mitarbeiter'>\n<div class='grey'>\n<img decoding=\"async\" src=\"http:\/\/denkmalpflege.tuwien.ac.at\/wp-content\/uploads\/2019\/10\/jandrasits-hover.jpg\" alt=\"jandrasits\" title=\"jandrasits\" width=\"130\" height=\"113\" class=\"alignnone size-full wp-image-165\" \/> <a href='diplcv' class='right_link'>&lt; Alle Arbeiten<\/a><br \/>\n<b>Pop Up, Vorspiel, Event &#8211; Potentiale der Vernetzung von tempor\u00e4ren Nutzungen historischer Bausubstanz und Leerstand.<\/p>\n<p><\/b><br \/>\n<strong>2019 Karl Christian Jandrasits<\/strong> <\/p>\n<div class='breakline'><\/div>\n<\/div>\n<div class=\"greyfield\">\n<p>Die Themen Leerstand und Zwischennutzung werden immer pr\u00e4senter. Leerstand als Feind des Gr\u00e4tzls und tempor\u00e4re Nutzungen sind inzwischen im Markenmainstream angelangt, jedoch gibt es immer noch Ber\u00fchrungs\u00e4ngste wenn Leerstand in einem historischen oder gesch\u00fctzten Geb\u00e4ude auftritt. Die Arbeit soll die m\u00f6gliche Synergie zwischen diesen gro\u00dfen Themenkreisen aufzeigen und klarstellen, dass alle Bereiche davon profitieren und nicht im Widerspruch zueinander stehen. Der Fokus in der Arbeit liegt auf Wien, da hier die Dichte an gesch\u00fctzten Geb\u00e4uden hoch und der Leerstand immanent ist. Es werden f\u00fcr diverse Zwischennutzungen Szenarien durchdacht und bereits erfolgreiche aber auch lehrreiche Beispiele aufgezeigt und analysiert. Schlussendlich sollte jeder Topf einen Deckel finden und eine M\u00f6glichkeit gegeben werden, f\u00fcr Nutzungen einen daf\u00fcr geeigneten Ort zu finden.<\/p>\n<div class='breakline'><\/div>\n<\/div>\n<p><span><\/span><br \/>\n<img decoding=\"async\" src=\"http:\/\/denkmalpflege.tuwien.ac.at\/wp-content\/uploads\/2019\/10\/jandrasits-gro\u00df.jpg\" width=\"960\" height=\"\"  alt=\"\" \/><br \/>\n<span><\/span><br \/>\n<span><\/span><\/p>\n","protected":false},"excerpt":{"rendered":"<p>&lt; Alle Arbeiten Pop Up, Vorspiel, Event &#8211; Potentiale der Vernetzung von tempor\u00e4ren Nutzungen historischer Bausubstanz und Leerstand. 2019 Karl Christian Jandrasits Die Themen Leerstand und Zwischennutzung werden immer pr\u00e4senter. Leerstand als Feind des Gr\u00e4tzls und tempor\u00e4re Nutzungen sind inzwischen im Markenmainstream angelangt, jedoch gibt es immer noch Ber\u00fchrungs\u00e4ngste wenn Leerstand in einem historischen oder gesch\u00fctzten Geb\u00e4ude auftritt. Die Arbeit soll die m\u00f6gliche Synergie zwischen diesen gro\u00dfen Themenkreisen aufzeigen und<\/p>\n<div class=\"belowpost\"><a class=\"btnmore icon-arrow\" href=\"https:\/\/denkmalpflege.tuwien.ac.at\/index.php\/jandrasits\/\"><span>Read More<\/span><\/a><\/div>\n","protected":false},"author":1,"featured_media":0,"parent":0,"menu_order":0,"comment_status":"closed","ping_status":"closed","template":"","meta":{"footnotes":""},"class_list":["post-15249","page","type-page","status-publish","hentry"],"yoast_head":"<!-- This site is optimized with the Yoast SEO plugin v26.0 - https:\/\/yoast.com\/wordpress\/plugins\/seo\/ -->\n<title>jandrasits - Denkmalpflege und Bauen im Bestand<\/title>\n<meta name=\"robots\" content=\"index, follow, max-snippet:-1, max-image-preview:large, max-video-preview:-1\" \/>\n<link rel=\"canonical\" href=\"https:\/\/denkmalpflege.tuwien.ac.at\/index.php\/jandrasits\/\" \/>\n<meta property=\"og:locale\" content=\"de_DE\" \/>\n<meta property=\"og:type\" content=\"article\" \/>\n<meta property=\"og:title\" content=\"jandrasits - Denkmalpflege und Bauen im Bestand\" \/>\n<meta property=\"og:description\" content=\"&lt; Alle Arbeiten Pop Up, Vorspiel, Event &#8211; Potentiale der Vernetzung von tempor\u00e4ren Nutzungen historischer Bausubstanz und Leerstand. 2019 Karl Christian Jandrasits Die Themen Leerstand und Zwischennutzung werden immer pr\u00e4senter. Leerstand als Feind des Gr\u00e4tzls und tempor\u00e4re Nutzungen sind inzwischen im Markenmainstream angelangt, jedoch gibt es immer noch Ber\u00fchrungs\u00e4ngste wenn Leerstand in einem historischen oder gesch\u00fctzten Geb\u00e4ude auftritt. Die Arbeit soll die m\u00f6gliche Synergie zwischen diesen gro\u00dfen Themenkreisen aufzeigen undRead More\" \/>\n<meta property=\"og:url\" content=\"https:\/\/denkmalpflege.tuwien.ac.at\/index.php\/jandrasits\/\" \/>\n<meta property=\"og:site_name\" content=\"Denkmalpflege und Bauen im Bestand\" \/>\n<meta property=\"article:modified_time\" content=\"2019-10-30T19:13:11+00:00\" \/>\n<meta name=\"twitter:card\" content=\"summary_large_image\" \/>\n<meta name=\"twitter:label1\" content=\"Gesch\u00e4tzte Lesezeit\" \/>\n\t<meta name=\"twitter:data1\" content=\"1\u00a0Minute\" \/>\n<script type=\"application\/ld+json\" class=\"yoast-schema-graph\">{\"@context\":\"https:\/\/schema.org\",\"@graph\":[{\"@type\":\"WebPage\",\"@id\":\"https:\/\/denkmalpflege.tuwien.ac.at\/index.php\/jandrasits\/\",\"url\":\"https:\/\/denkmalpflege.tuwien.ac.at\/index.php\/jandrasits\/\",\"name\":\"jandrasits - Denkmalpflege und Bauen im Bestand\",\"isPartOf\":{\"@id\":\"https:\/\/denkmalpflege.tuwien.ac.at\/#website\"},\"primaryImageOfPage\":{\"@id\":\"https:\/\/denkmalpflege.tuwien.ac.at\/index.php\/jandrasits\/#primaryimage\"},\"image\":{\"@id\":\"https:\/\/denkmalpflege.tuwien.ac.at\/index.php\/jandrasits\/#primaryimage\"},\"thumbnailUrl\":\"http:\/\/denkmalpflege.tuwien.ac.at\/wp-content\/uploads\/2019\/10\/jandrasits-hover.jpg\",\"datePublished\":\"2019-10-14T10:51:46+00:00\",\"dateModified\":\"2019-10-30T19:13:11+00:00\",\"breadcrumb\":{\"@id\":\"https:\/\/denkmalpflege.tuwien.ac.at\/index.php\/jandrasits\/#breadcrumb\"},\"inLanguage\":\"de\",\"potentialAction\":[{\"@type\":\"ReadAction\",\"target\":[\"https:\/\/denkmalpflege.tuwien.ac.at\/index.php\/jandrasits\/\"]}]},{\"@type\":\"ImageObject\",\"inLanguage\":\"de\",\"@id\":\"https:\/\/denkmalpflege.tuwien.ac.at\/index.php\/jandrasits\/#primaryimage\",\"url\":\"\",\"contentUrl\":\"\"},{\"@type\":\"BreadcrumbList\",\"@id\":\"https:\/\/denkmalpflege.tuwien.ac.at\/index.php\/jandrasits\/#breadcrumb\",\"itemListElement\":[{\"@type\":\"ListItem\",\"position\":1,\"name\":\"Startseite\",\"item\":\"https:\/\/denkmalpflege.tuwien.ac.at\/\"},{\"@type\":\"ListItem\",\"position\":2,\"name\":\"jandrasits\"}]},{\"@type\":\"WebSite\",\"@id\":\"https:\/\/denkmalpflege.tuwien.ac.at\/#website\",\"url\":\"https:\/\/denkmalpflege.tuwien.ac.at\/\",\"name\":\"Denkmalpflege und Bauen im Bestand\",\"description\":\"Denkmalpflege TU Wien\",\"publisher\":{\"@id\":\"https:\/\/denkmalpflege.tuwien.ac.at\/#organization\"},\"potentialAction\":[{\"@type\":\"SearchAction\",\"target\":{\"@type\":\"EntryPoint\",\"urlTemplate\":\"https:\/\/denkmalpflege.tuwien.ac.at\/?s={search_term_string}\"},\"query-input\":{\"@type\":\"PropertyValueSpecification\",\"valueRequired\":true,\"valueName\":\"search_term_string\"}}],\"inLanguage\":\"de\"},{\"@type\":\"Organization\",\"@id\":\"https:\/\/denkmalpflege.tuwien.ac.at\/#organization\",\"name\":\"TU Wien Denkmalpflege und Bauen im Bestand\",\"url\":\"https:\/\/denkmalpflege.tuwien.ac.at\/\",\"logo\":{\"@type\":\"ImageObject\",\"inLanguage\":\"de\",\"@id\":\"https:\/\/denkmalpflege.tuwien.ac.at\/#\/schema\/logo\/image\/\",\"url\":\"https:\/\/denkmalpflege.tuwien.ac.at\/wp-content\/uploads\/2019\/10\/Logo1.png\",\"contentUrl\":\"https:\/\/denkmalpflege.tuwien.ac.at\/wp-content\/uploads\/2019\/10\/Logo1.png\",\"width\":222,\"height\":79,\"caption\":\"TU Wien Denkmalpflege und Bauen im Bestand\"},\"image\":{\"@id\":\"https:\/\/denkmalpflege.tuwien.ac.at\/#\/schema\/logo\/image\/\"}}]}<\/script>\n<!-- \/ Yoast SEO plugin. -->","yoast_head_json":{"title":"jandrasits - Denkmalpflege und Bauen im Bestand","robots":{"index":"index","follow":"follow","max-snippet":"max-snippet:-1","max-image-preview":"max-image-preview:large","max-video-preview":"max-video-preview:-1"},"canonical":"https:\/\/denkmalpflege.tuwien.ac.at\/index.php\/jandrasits\/","og_locale":"de_DE","og_type":"article","og_title":"jandrasits - Denkmalpflege und Bauen im Bestand","og_description":"&lt; Alle Arbeiten Pop Up, Vorspiel, Event &#8211; Potentiale der Vernetzung von tempor\u00e4ren Nutzungen historischer Bausubstanz und Leerstand. 2019 Karl Christian Jandrasits Die Themen Leerstand und Zwischennutzung werden immer pr\u00e4senter. Leerstand als Feind des Gr\u00e4tzls und tempor\u00e4re Nutzungen sind inzwischen im Markenmainstream angelangt, jedoch gibt es immer noch Ber\u00fchrungs\u00e4ngste wenn Leerstand in einem historischen oder gesch\u00fctzten Geb\u00e4ude auftritt. Die Arbeit soll die m\u00f6gliche Synergie zwischen diesen gro\u00dfen Themenkreisen aufzeigen undRead More","og_url":"https:\/\/denkmalpflege.tuwien.ac.at\/index.php\/jandrasits\/","og_site_name":"Denkmalpflege und Bauen im Bestand","article_modified_time":"2019-10-30T19:13:11+00:00","twitter_card":"summary_large_image","twitter_misc":{"Gesch\u00e4tzte Lesezeit":"1\u00a0Minute"},"schema":{"@context":"https:\/\/schema.org","@graph":[{"@type":"WebPage","@id":"https:\/\/denkmalpflege.tuwien.ac.at\/index.php\/jandrasits\/","url":"https:\/\/denkmalpflege.tuwien.ac.at\/index.php\/jandrasits\/","name":"jandrasits - Denkmalpflege und Bauen im Bestand","isPartOf":{"@id":"https:\/\/denkmalpflege.tuwien.ac.at\/#website"},"primaryImageOfPage":{"@id":"https:\/\/denkmalpflege.tuwien.ac.at\/index.php\/jandrasits\/#primaryimage"},"image":{"@id":"https:\/\/denkmalpflege.tuwien.ac.at\/index.php\/jandrasits\/#primaryimage"},"thumbnailUrl":"http:\/\/denkmalpflege.tuwien.ac.at\/wp-content\/uploads\/2019\/10\/jandrasits-hover.jpg","datePublished":"2019-10-14T10:51:46+00:00","dateModified":"2019-10-30T19:13:11+00:00","breadcrumb":{"@id":"https:\/\/denkmalpflege.tuwien.ac.at\/index.php\/jandrasits\/#breadcrumb"},"inLanguage":"de","potentialAction":[{"@type":"ReadAction","target":["https:\/\/denkmalpflege.tuwien.ac.at\/index.php\/jandrasits\/"]}]},{"@type":"ImageObject","inLanguage":"de","@id":"https:\/\/denkmalpflege.tuwien.ac.at\/index.php\/jandrasits\/#primaryimage","url":"","contentUrl":""},{"@type":"BreadcrumbList","@id":"https:\/\/denkmalpflege.tuwien.ac.at\/index.php\/jandrasits\/#breadcrumb","itemListElement":[{"@type":"ListItem","position":1,"name":"Startseite","item":"https:\/\/denkmalpflege.tuwien.ac.at\/"},{"@type":"ListItem","position":2,"name":"jandrasits"}]},{"@type":"WebSite","@id":"https:\/\/denkmalpflege.tuwien.ac.at\/#website","url":"https:\/\/denkmalpflege.tuwien.ac.at\/","name":"Denkmalpflege und Bauen im Bestand","description":"Denkmalpflege TU Wien","publisher":{"@id":"https:\/\/denkmalpflege.tuwien.ac.at\/#organization"},"potentialAction":[{"@type":"SearchAction","target":{"@type":"EntryPoint","urlTemplate":"https:\/\/denkmalpflege.tuwien.ac.at\/?s={search_term_string}"},"query-input":{"@type":"PropertyValueSpecification","valueRequired":true,"valueName":"search_term_string"}}],"inLanguage":"de"},{"@type":"Organization","@id":"https:\/\/denkmalpflege.tuwien.ac.at\/#organization","name":"TU Wien Denkmalpflege und Bauen im Bestand","url":"https:\/\/denkmalpflege.tuwien.ac.at\/","logo":{"@type":"ImageObject","inLanguage":"de","@id":"https:\/\/denkmalpflege.tuwien.ac.at\/#\/schema\/logo\/image\/","url":"https:\/\/denkmalpflege.tuwien.ac.at\/wp-content\/uploads\/2019\/10\/Logo1.png","contentUrl":"https:\/\/denkmalpflege.tuwien.ac.at\/wp-content\/uploads\/2019\/10\/Logo1.png","width":222,"height":79,"caption":"TU Wien Denkmalpflege und Bauen im Bestand"},"image":{"@id":"https:\/\/denkmalpflege.tuwien.ac.at\/#\/schema\/logo\/image\/"}}]}},"_links":{"self":[{"href":"https:\/\/denkmalpflege.tuwien.ac.at\/index.php\/wp-json\/wp\/v2\/pages\/15249","targetHints":{"allow":["GET"]}}],"collection":[{"href":"https:\/\/denkmalpflege.tuwien.ac.at\/index.php\/wp-json\/wp\/v2\/pages"}],"about":[{"href":"https:\/\/denkmalpflege.tuwien.ac.at\/index.php\/wp-json\/wp\/v2\/types\/page"}],"author":[{"embeddable":true,"href":"https:\/\/denkmalpflege.tuwien.ac.at\/index.php\/wp-json\/wp\/v2\/users\/1"}],"replies":[{"embeddable":true,"href":"https:\/\/denkmalpflege.tuwien.ac.at\/index.php\/wp-json\/wp\/v2\/comments?post=15249"}],"version-history":[{"count":2,"href":"https:\/\/denkmalpflege.tuwien.ac.at\/index.php\/wp-json\/wp\/v2\/pages\/15249\/revisions"}],"predecessor-version":[{"id":15254,"href":"https:\/\/denkmalpflege.tuwien.ac.at\/index.php\/wp-json\/wp\/v2\/pages\/15249\/revisions\/15254"}],"wp:attachment":[{"href":"https:\/\/denkmalpflege.tuwien.ac.at\/index.php\/wp-json\/wp\/v2\/media?parent=15249"}],"curies":[{"name":"wp","href":"https:\/\/api.w.org\/{rel}","templated":true}]}}

<div class='mitarbeiter'>
<div class='grey'>
<img decoding="async" src="http://denkmalpflege.tuwien.ac.at/wp-content/uploads/2019/10/jandrasits-hover.jpg" alt="jandrasits" title="jandrasits" width="130" height="113" class="alignnone size-full wp-image-165" /> <a href='diplcv' class='right_link'>&lt; Alle Arbeiten</a><br />
<b>Pop Up, Vorspiel, Event &#8211; Potentiale der Vernetzung von temporären Nutzungen historischer Bausubstanz und Leerstand.</p>
<p></b><br />
<strong>2019 Karl Christian Jandrasits</strong> </p>
<div class='breakline'></div>
</div>
<div class="greyfield">
<p>Die Themen Leerstand und Zwischennutzung werden immer präsenter. Leerstand als Feind des Grätzls und temporäre Nutzungen sind inzwischen im Markenmainstream angelangt, jedoch gibt es immer noch Berührungsängste wenn Leerstand in einem historischen oder geschützten Gebäude auftritt. Die Arbeit soll die mögliche Synergie zwischen diesen großen Themenkreisen aufzeigen und klarstellen, dass alle Bereiche davon profitieren und nicht im Widerspruch zueinander stehen. Der Fokus in der Arbeit liegt auf Wien, da hier die Dichte an geschützten Gebäuden hoch und der Leerstand immanent ist. Es werden für diverse Zwischennutzungen Szenarien durchdacht und bereits erfolgreiche aber auch lehrreiche Beispiele aufgezeigt und analysiert. Schlussendlich sollte jeder Topf einen Deckel finden und eine Möglichkeit gegeben werden, für Nutzungen einen dafür geeigneten Ort zu finden.</p>
<div class='breakline'></div>
</div>
<p><span></span><br />
<img decoding="async" src="http://denkmalpflege.tuwien.ac.at/wp-content/uploads/2019/10/jandrasits-groß.jpg" width="960" height=""  alt="" /><br />
<span></span><br />
<span></span></p>

<p>&lt; Alle Arbeiten Pop Up, Vorspiel, Event &#8211; Potentiale der Vernetzung von temporären Nutzungen historischer Bausubstanz und Leerstand. 2019 Karl Christian Jandrasits Die Themen Leerstand und Zwischennutzung werden immer präsenter. Leerstand als Feind des Grätzls und temporäre Nutzungen sind inzwischen im Markenmainstream angelangt, jedoch gibt es immer noch Berührungsängste wenn Leerstand in einem historischen oder geschützten Gebäude auftritt. Die Arbeit soll die mögliche Synergie zwischen diesen großen Themenkreisen aufzeigen und</p>
<div class="belowpost"><a class="btnmore icon-arrow" href="https://denkmalpflege.tuwien.ac.at/index.php/jandrasits/"><span>Read More</span></a></div>

<!-- This site is optimized with the Yoast SEO plugin v26.0 - https://yoast.com/wordpress/plugins/seo/ -->
<title>jandrasits - Denkmalpflege und Bauen im Bestand</title>
<meta name="robots" content="index, follow, max-snippet:-1, max-image-preview:large, max-video-preview:-1" />
<link rel="canonical" href="https://denkmalpflege.tuwien.ac.at/index.php/jandrasits/" />
<meta property="og:locale" content="de_DE" />
<meta property="og:type" content="article" />
<meta property="og:title" content="jandrasits - Denkmalpflege und Bauen im Bestand" />
<meta property="og:description" content="&lt; Alle Arbeiten Pop Up, Vorspiel, Event &#8211; Potentiale der Vernetzung von temporären Nutzungen historischer Bausubstanz und Leerstand. 2019 Karl Christian Jandrasits Die Themen Leerstand und Zwischennutzung werden immer präsenter. Leerstand als Feind des Grätzls und temporäre Nutzungen sind inzwischen im Markenmainstream angelangt, jedoch gibt es immer noch Berührungsängste wenn Leerstand in einem historischen oder geschützten Gebäude auftritt. Die Arbeit soll die mögliche Synergie zwischen diesen großen Themenkreisen aufzeigen undRead More" />
<meta property="og:url" content="https://denkmalpflege.tuwien.ac.at/index.php/jandrasits/" />
<meta property="og:site_name" content="Denkmalpflege und Bauen im Bestand" />
<meta property="article:modified_time" content="2019-10-30T19:13:11+00:00" />
<meta name="twitter:card" content="summary_large_image" />
<meta name="twitter:label1" content="Geschätzte Lesezeit" />
	<meta name="twitter:data1" content="1 Minute" />
<script type="application/ld+json" class="yoast-schema-graph">{"@context":"https://schema.org","@graph":[{"@type":"WebPage","@id":"https://denkmalpflege.tuwien.ac.at/index.php/jandrasits/","url":"https://denkmalpflege.tuwien.ac.at/index.php/jandrasits/","name":"jandrasits - Denkmalpflege und Bauen im Bestand","isPartOf":{"@id":"https://denkmalpflege.tuwien.ac.at/#website"},"primaryImageOfPage":{"@id":"https://denkmalpflege.tuwien.ac.at/index.php/jandrasits/#primaryimage"},"image":{"@id":"https://denkmalpflege.tuwien.ac.at/index.php/jandrasits/#primaryimage"},"thumbnailUrl":"http://denkmalpflege.tuwien.ac.at/wp-content/uploads/2019/10/jandrasits-hover.jpg","datePublished":"2019-10-14T10:51:46+00:00","dateModified":"2019-10-30T19:13:11+00:00","breadcrumb":{"@id":"https://denkmalpflege.tuwien.ac.at/index.php/jandrasits/#breadcrumb"},"inLanguage":"de","potentialAction":[{"@type":"ReadAction","target":["https://denkmalpflege.tuwien.ac.at/index.php/jandrasits/"]}]},{"@type":"ImageObject","inLanguage":"de","@id":"https://denkmalpflege.tuwien.ac.at/index.php/jandrasits/#primaryimage","url":"","contentUrl":""},{"@type":"BreadcrumbList","@id":"https://denkmalpflege.tuwien.ac.at/index.php/jandrasits/#breadcrumb","itemListElement":[{"@type":"ListItem","position":1,"name":"Startseite","item":"https://denkmalpflege.tuwien.ac.at/"},{"@type":"ListItem","position":2,"name":"jandrasits"}]},{"@type":"WebSite","@id":"https://denkmalpflege.tuwien.ac.at/#website","url":"https://denkmalpflege.tuwien.ac.at/","name":"Denkmalpflege und Bauen im Bestand","description":"Denkmalpflege TU Wien","publisher":{"@id":"https://denkmalpflege.tuwien.ac.at/#organization"},"potentialAction":[{"@type":"SearchAction","target":{"@type":"EntryPoint","urlTemplate":"https://denkmalpflege.tuwien.ac.at/?s={search_term_string}"},"query-input":{"@type":"PropertyValueSpecification","valueRequired":true,"valueName":"search_term_string"}}],"inLanguage":"de"},{"@type":"Organization","@id":"https://denkmalpflege.tuwien.ac.at/#organization","name":"TU Wien Denkmalpflege und Bauen im Bestand","url":"https://denkmalpflege.tuwien.ac.at/","logo":{"@type":"ImageObject","inLanguage":"de","@id":"https://denkmalpflege.tuwien.ac.at/#/schema/logo/image/","url":"https://denkmalpflege.tuwien.ac.at/wp-content/uploads/2019/10/Logo1.png","contentUrl":"https://denkmalpflege.tuwien.ac.at/wp-content/uploads/2019/10/Logo1.png","width":222,"height":79,"caption":"TU Wien Denkmalpflege und Bauen im Bestand"},"image":{"@id":"https://denkmalpflege.tuwien.ac.at/#/schema/logo/image/"}}]}</script>
<!-- / Yoast SEO plugin. -->

&lt; Alle Arbeiten Pop Up, Vorspiel, Event &#8211; Potentiale der Vernetzung von temporären Nutzungen historischer Bausubstanz und Leerstand. 2019 Karl Christian Jandrasits Die Themen Leerstand und Zwischennutzung werden immer präsenter. Leerstand als Feind des Grätzls und temporäre Nutzungen sind inzwischen im Markenmainstream angelangt, jedoch gibt es immer noch Berührungsängste wenn Leerstand in einem historischen oder geschützten Gebäude auftritt. Die Arbeit soll die mögliche Synergie zwischen diesen großen Themenkreisen aufzeigen undRead More
