{"id":15163,"date":"2019-10-01T10:27:24","date_gmt":"2019-10-01T08:27:24","guid":{"rendered":"http:\/\/denkmalpflege.tuwien.ac.at\/?page_id=15163"},"modified":"2019-10-01T10:29:44","modified_gmt":"2019-10-01T08:29:44","slug":"schneider","status":"publish","type":"page","link":"https:\/\/denkmalpflege.tuwien.ac.at\/index.php\/schneider\/","title":{"rendered":"schneider"},"content":{"rendered":"<div class='mitarbeiter'>\n<div class='grey'>\n<img decoding=\"async\" src=\"http:\/\/denkmalpflege.tuwien.ac.at\/wp-content\/uploads\/2019\/10\/schneider-hover.jpg\" alt=\"schneider\" title=\"schneider\" width=\"130\" height=\"113\" class=\"alignnone size-full wp-image-165\" \/> <a href='diplcv' class='right_link'>&lt; Alle Arbeiten<\/a><br \/>\n<b>Universit\u00e4tscampus f\u00fcr Evangelikale und Freikirchen Theologie. Revitalisierung des ehemaligen Maschinemagazines der Landmaschinenfabrik Hofherr-Schrantz-Clayton-Shuttleworth<\/p>\n<p><\/b><br \/>\n<strong>2019 Anastasiia Schneider<\/strong> <\/p>\n<div class='breakline'><\/div>\n<\/div>\n<div class=\"greyfield\">\n<p>Die w\u00e4hrend der schnell voranschreitenden Industriellen Revolution europaweit errichteten Fabriksgeb\u00e4ude sind aus dem heutigen Erscheinungsbild der modernen Welt an den meisten Orten weitestgehend schon fast wieder verschwunden.<br \/>\nEine solche Industrieruine ist am Stadtrand von Wien in Floridsdorf gl\u00fccklicherweise erhalten geblieben. Das Maschinenmagazin-Geb\u00e4ude und der Wasserturm erinnern uns an die Pracht der ehemaligen Landmaschinenfabrik \u201eHofherr-Schrantz-Clayton-Shuttleworth\u201c. Daher ist es mir ein besonderes Herzensanliegen nicht nur das Geb\u00e4ude f\u00fcr sich als Denkmal der damaligen Zeitepoche zu erhalten, sondern auch den alten Gem\u00e4uern und leerstehenden Hallen mit einem aufbl\u00fchenden Universit\u00e4tscampus wieder neues Leben mit einzuhauchen.<br \/>\nIm Rahmen meiner Masterarbeit plane ich f\u00fcr die neu entstehende Studienrichtung der Evangelikalen und Freikirchen Theologie einen dazugeh\u00f6rigen Universit\u00e4tscampus zu entwerfen. Der neue Campus wird nicht nur alle f\u00fcr eine Universit\u00e4t notwendigen R\u00e4ume wie H\u00f6rs\u00e4le, Seminarr\u00e4ume, Mensa, Bibliothek, Verwaltung etc. enthalten, sondern auch Dienstwohnungen f\u00fcr Professoren in den obersten Stockwerken, einen Sportkomplex im Souterrain und eine freistehende Kirche als moderner Neubau nebenan.<\/p>\n<div class='breakline'><\/div>\n<\/div>\n<p><span><\/span><br \/>\n<img decoding=\"async\" src=\"http:\/\/denkmalpflege.tuwien.ac.at\/wp-content\/uploads\/2019\/10\/schneider-gro\u00df-1.jpg\" width=\"960\" height=\"\"  alt=\"\" \/> <\/p>\n<div class=\"text\"><\/div>\n<p><span><\/span><br \/>\n<span><\/span><\/p>\n<p><img decoding=\"async\" src=\"http:\/\/denkmalpflege.tuwien.ac.at\/wp-content\/uploads\/2019\/10\/schneider-gro\u00df-2.jpg\" width=\"960\" height=\"\"  alt=\"\" \/> <\/p>\n<div class=\"text\"><\/div>\n<p><span><\/span><br \/>\n<span><\/span><\/p>\n","protected":false},"excerpt":{"rendered":"<p>&lt; Alle Arbeiten Universit\u00e4tscampus f\u00fcr Evangelikale und Freikirchen Theologie. Revitalisierung des ehemaligen Maschinemagazines der Landmaschinenfabrik Hofherr-Schrantz-Clayton-Shuttleworth 2019 Anastasiia Schneider Die w\u00e4hrend der schnell voranschreitenden Industriellen Revolution europaweit errichteten Fabriksgeb\u00e4ude sind aus dem heutigen Erscheinungsbild der modernen Welt an den meisten Orten weitestgehend schon fast wieder verschwunden. Eine solche Industrieruine ist am Stadtrand von Wien in Floridsdorf gl\u00fccklicherweise erhalten geblieben. Das Maschinenmagazin-Geb\u00e4ude und der Wasserturm erinnern uns an die Pracht der<\/p>\n<div class=\"belowpost\"><a class=\"btnmore icon-arrow\" href=\"https:\/\/denkmalpflege.tuwien.ac.at\/index.php\/schneider\/\"><span>Read More<\/span><\/a><\/div>\n","protected":false},"author":1,"featured_media":0,"parent":0,"menu_order":0,"comment_status":"closed","ping_status":"closed","template":"","meta":{"footnotes":""},"class_list":["post-15163","page","type-page","status-publish","hentry"],"yoast_head":"<!-- This site is optimized with the Yoast SEO plugin v26.0 - https:\/\/yoast.com\/wordpress\/plugins\/seo\/ -->\n<title>schneider - Denkmalpflege und Bauen im Bestand<\/title>\n<meta name=\"robots\" content=\"index, follow, max-snippet:-1, max-image-preview:large, max-video-preview:-1\" \/>\n<link rel=\"canonical\" href=\"https:\/\/denkmalpflege.tuwien.ac.at\/index.php\/schneider\/\" \/>\n<meta property=\"og:locale\" content=\"de_DE\" \/>\n<meta property=\"og:type\" content=\"article\" \/>\n<meta property=\"og:title\" content=\"schneider - Denkmalpflege und Bauen im Bestand\" \/>\n<meta property=\"og:description\" content=\"&lt; Alle Arbeiten Universit\u00e4tscampus f\u00fcr Evangelikale und Freikirchen Theologie. Revitalisierung des ehemaligen Maschinemagazines der Landmaschinenfabrik Hofherr-Schrantz-Clayton-Shuttleworth 2019 Anastasiia Schneider Die w\u00e4hrend der schnell voranschreitenden Industriellen Revolution europaweit errichteten Fabriksgeb\u00e4ude sind aus dem heutigen Erscheinungsbild der modernen Welt an den meisten Orten weitestgehend schon fast wieder verschwunden. Eine solche Industrieruine ist am Stadtrand von Wien in Floridsdorf gl\u00fccklicherweise erhalten geblieben. Das Maschinenmagazin-Geb\u00e4ude und der Wasserturm erinnern uns an die Pracht derRead More\" \/>\n<meta property=\"og:url\" content=\"https:\/\/denkmalpflege.tuwien.ac.at\/index.php\/schneider\/\" \/>\n<meta property=\"og:site_name\" content=\"Denkmalpflege und Bauen im Bestand\" \/>\n<meta property=\"article:modified_time\" content=\"2019-10-01T08:29:44+00:00\" \/>\n<meta name=\"twitter:card\" content=\"summary_large_image\" \/>\n<meta name=\"twitter:label1\" content=\"Gesch\u00e4tzte Lesezeit\" \/>\n\t<meta name=\"twitter:data1\" content=\"1\u00a0Minute\" \/>\n<script type=\"application\/ld+json\" class=\"yoast-schema-graph\">{\"@context\":\"https:\/\/schema.org\",\"@graph\":[{\"@type\":\"WebPage\",\"@id\":\"https:\/\/denkmalpflege.tuwien.ac.at\/index.php\/schneider\/\",\"url\":\"https:\/\/denkmalpflege.tuwien.ac.at\/index.php\/schneider\/\",\"name\":\"schneider - Denkmalpflege und Bauen im Bestand\",\"isPartOf\":{\"@id\":\"https:\/\/denkmalpflege.tuwien.ac.at\/#website\"},\"primaryImageOfPage\":{\"@id\":\"https:\/\/denkmalpflege.tuwien.ac.at\/index.php\/schneider\/#primaryimage\"},\"image\":{\"@id\":\"https:\/\/denkmalpflege.tuwien.ac.at\/index.php\/schneider\/#primaryimage\"},\"thumbnailUrl\":\"http:\/\/denkmalpflege.tuwien.ac.at\/wp-content\/uploads\/2019\/10\/schneider-hover.jpg\",\"datePublished\":\"2019-10-01T08:27:24+00:00\",\"dateModified\":\"2019-10-01T08:29:44+00:00\",\"breadcrumb\":{\"@id\":\"https:\/\/denkmalpflege.tuwien.ac.at\/index.php\/schneider\/#breadcrumb\"},\"inLanguage\":\"de\",\"potentialAction\":[{\"@type\":\"ReadAction\",\"target\":[\"https:\/\/denkmalpflege.tuwien.ac.at\/index.php\/schneider\/\"]}]},{\"@type\":\"ImageObject\",\"inLanguage\":\"de\",\"@id\":\"https:\/\/denkmalpflege.tuwien.ac.at\/index.php\/schneider\/#primaryimage\",\"url\":\"\",\"contentUrl\":\"\"},{\"@type\":\"BreadcrumbList\",\"@id\":\"https:\/\/denkmalpflege.tuwien.ac.at\/index.php\/schneider\/#breadcrumb\",\"itemListElement\":[{\"@type\":\"ListItem\",\"position\":1,\"name\":\"Startseite\",\"item\":\"https:\/\/denkmalpflege.tuwien.ac.at\/\"},{\"@type\":\"ListItem\",\"position\":2,\"name\":\"schneider\"}]},{\"@type\":\"WebSite\",\"@id\":\"https:\/\/denkmalpflege.tuwien.ac.at\/#website\",\"url\":\"https:\/\/denkmalpflege.tuwien.ac.at\/\",\"name\":\"Denkmalpflege und Bauen im Bestand\",\"description\":\"Denkmalpflege TU Wien\",\"publisher\":{\"@id\":\"https:\/\/denkmalpflege.tuwien.ac.at\/#organization\"},\"potentialAction\":[{\"@type\":\"SearchAction\",\"target\":{\"@type\":\"EntryPoint\",\"urlTemplate\":\"https:\/\/denkmalpflege.tuwien.ac.at\/?s={search_term_string}\"},\"query-input\":{\"@type\":\"PropertyValueSpecification\",\"valueRequired\":true,\"valueName\":\"search_term_string\"}}],\"inLanguage\":\"de\"},{\"@type\":\"Organization\",\"@id\":\"https:\/\/denkmalpflege.tuwien.ac.at\/#organization\",\"name\":\"TU Wien Denkmalpflege und Bauen im Bestand\",\"url\":\"https:\/\/denkmalpflege.tuwien.ac.at\/\",\"logo\":{\"@type\":\"ImageObject\",\"inLanguage\":\"de\",\"@id\":\"https:\/\/denkmalpflege.tuwien.ac.at\/#\/schema\/logo\/image\/\",\"url\":\"https:\/\/denkmalpflege.tuwien.ac.at\/wp-content\/uploads\/2019\/10\/Logo1.png\",\"contentUrl\":\"https:\/\/denkmalpflege.tuwien.ac.at\/wp-content\/uploads\/2019\/10\/Logo1.png\",\"width\":222,\"height\":79,\"caption\":\"TU Wien Denkmalpflege und Bauen im Bestand\"},\"image\":{\"@id\":\"https:\/\/denkmalpflege.tuwien.ac.at\/#\/schema\/logo\/image\/\"}}]}<\/script>\n<!-- \/ Yoast SEO plugin. -->","yoast_head_json":{"title":"schneider - Denkmalpflege und Bauen im Bestand","robots":{"index":"index","follow":"follow","max-snippet":"max-snippet:-1","max-image-preview":"max-image-preview:large","max-video-preview":"max-video-preview:-1"},"canonical":"https:\/\/denkmalpflege.tuwien.ac.at\/index.php\/schneider\/","og_locale":"de_DE","og_type":"article","og_title":"schneider - Denkmalpflege und Bauen im Bestand","og_description":"&lt; Alle Arbeiten Universit\u00e4tscampus f\u00fcr Evangelikale und Freikirchen Theologie. Revitalisierung des ehemaligen Maschinemagazines der Landmaschinenfabrik Hofherr-Schrantz-Clayton-Shuttleworth 2019 Anastasiia Schneider Die w\u00e4hrend der schnell voranschreitenden Industriellen Revolution europaweit errichteten Fabriksgeb\u00e4ude sind aus dem heutigen Erscheinungsbild der modernen Welt an den meisten Orten weitestgehend schon fast wieder verschwunden. Eine solche Industrieruine ist am Stadtrand von Wien in Floridsdorf gl\u00fccklicherweise erhalten geblieben. Das Maschinenmagazin-Geb\u00e4ude und der Wasserturm erinnern uns an die Pracht derRead More","og_url":"https:\/\/denkmalpflege.tuwien.ac.at\/index.php\/schneider\/","og_site_name":"Denkmalpflege und Bauen im Bestand","article_modified_time":"2019-10-01T08:29:44+00:00","twitter_card":"summary_large_image","twitter_misc":{"Gesch\u00e4tzte Lesezeit":"1\u00a0Minute"},"schema":{"@context":"https:\/\/schema.org","@graph":[{"@type":"WebPage","@id":"https:\/\/denkmalpflege.tuwien.ac.at\/index.php\/schneider\/","url":"https:\/\/denkmalpflege.tuwien.ac.at\/index.php\/schneider\/","name":"schneider - Denkmalpflege und Bauen im Bestand","isPartOf":{"@id":"https:\/\/denkmalpflege.tuwien.ac.at\/#website"},"primaryImageOfPage":{"@id":"https:\/\/denkmalpflege.tuwien.ac.at\/index.php\/schneider\/#primaryimage"},"image":{"@id":"https:\/\/denkmalpflege.tuwien.ac.at\/index.php\/schneider\/#primaryimage"},"thumbnailUrl":"http:\/\/denkmalpflege.tuwien.ac.at\/wp-content\/uploads\/2019\/10\/schneider-hover.jpg","datePublished":"2019-10-01T08:27:24+00:00","dateModified":"2019-10-01T08:29:44+00:00","breadcrumb":{"@id":"https:\/\/denkmalpflege.tuwien.ac.at\/index.php\/schneider\/#breadcrumb"},"inLanguage":"de","potentialAction":[{"@type":"ReadAction","target":["https:\/\/denkmalpflege.tuwien.ac.at\/index.php\/schneider\/"]}]},{"@type":"ImageObject","inLanguage":"de","@id":"https:\/\/denkmalpflege.tuwien.ac.at\/index.php\/schneider\/#primaryimage","url":"","contentUrl":""},{"@type":"BreadcrumbList","@id":"https:\/\/denkmalpflege.tuwien.ac.at\/index.php\/schneider\/#breadcrumb","itemListElement":[{"@type":"ListItem","position":1,"name":"Startseite","item":"https:\/\/denkmalpflege.tuwien.ac.at\/"},{"@type":"ListItem","position":2,"name":"schneider"}]},{"@type":"WebSite","@id":"https:\/\/denkmalpflege.tuwien.ac.at\/#website","url":"https:\/\/denkmalpflege.tuwien.ac.at\/","name":"Denkmalpflege und Bauen im Bestand","description":"Denkmalpflege TU Wien","publisher":{"@id":"https:\/\/denkmalpflege.tuwien.ac.at\/#organization"},"potentialAction":[{"@type":"SearchAction","target":{"@type":"EntryPoint","urlTemplate":"https:\/\/denkmalpflege.tuwien.ac.at\/?s={search_term_string}"},"query-input":{"@type":"PropertyValueSpecification","valueRequired":true,"valueName":"search_term_string"}}],"inLanguage":"de"},{"@type":"Organization","@id":"https:\/\/denkmalpflege.tuwien.ac.at\/#organization","name":"TU Wien Denkmalpflege und Bauen im Bestand","url":"https:\/\/denkmalpflege.tuwien.ac.at\/","logo":{"@type":"ImageObject","inLanguage":"de","@id":"https:\/\/denkmalpflege.tuwien.ac.at\/#\/schema\/logo\/image\/","url":"https:\/\/denkmalpflege.tuwien.ac.at\/wp-content\/uploads\/2019\/10\/Logo1.png","contentUrl":"https:\/\/denkmalpflege.tuwien.ac.at\/wp-content\/uploads\/2019\/10\/Logo1.png","width":222,"height":79,"caption":"TU Wien Denkmalpflege und Bauen im Bestand"},"image":{"@id":"https:\/\/denkmalpflege.tuwien.ac.at\/#\/schema\/logo\/image\/"}}]}},"_links":{"self":[{"href":"https:\/\/denkmalpflege.tuwien.ac.at\/index.php\/wp-json\/wp\/v2\/pages\/15163","targetHints":{"allow":["GET"]}}],"collection":[{"href":"https:\/\/denkmalpflege.tuwien.ac.at\/index.php\/wp-json\/wp\/v2\/pages"}],"about":[{"href":"https:\/\/denkmalpflege.tuwien.ac.at\/index.php\/wp-json\/wp\/v2\/types\/page"}],"author":[{"embeddable":true,"href":"https:\/\/denkmalpflege.tuwien.ac.at\/index.php\/wp-json\/wp\/v2\/users\/1"}],"replies":[{"embeddable":true,"href":"https:\/\/denkmalpflege.tuwien.ac.at\/index.php\/wp-json\/wp\/v2\/comments?post=15163"}],"version-history":[{"count":3,"href":"https:\/\/denkmalpflege.tuwien.ac.at\/index.php\/wp-json\/wp\/v2\/pages\/15163\/revisions"}],"predecessor-version":[{"id":15171,"href":"https:\/\/denkmalpflege.tuwien.ac.at\/index.php\/wp-json\/wp\/v2\/pages\/15163\/revisions\/15171"}],"wp:attachment":[{"href":"https:\/\/denkmalpflege.tuwien.ac.at\/index.php\/wp-json\/wp\/v2\/media?parent=15163"}],"curies":[{"name":"wp","href":"https:\/\/api.w.org\/{rel}","templated":true}]}}