{"id":15088,"date":"2019-09-10T10:58:31","date_gmt":"2019-09-10T08:58:31","guid":{"rendered":"http:\/\/denkmalpflege.tuwien.ac.at\/?page_id=15088"},"modified":"2019-09-10T11:20:54","modified_gmt":"2019-09-10T09:20:54","slug":"praktikum","status":"publish","type":"page","link":"https:\/\/denkmalpflege.tuwien.ac.at\/index.php\/praktikum\/","title":{"rendered":"praktikum"},"content":{"rendered":"<div class=\"mitarbeiter\">\n<div class=\"yellow\">Industriearch\u00e4ologisches Praktikum<\/div>\n<div class='grey'>\n<img decoding=\"async\" src=\"http:\/\/denkmalpflege.tuwien.ac.at\/wp-content\/uploads\/2019\/09\/LVA_IP_Stadler_WS19.jpg\" alt=\"praktikum\" title=\"praktikum\" width=\"130\" height=\"113\" class=\"alignnone size-full wp-image-165\" \/><\/a><\/p>\n<p><span><\/span><\/p>\n<p>257.064 SP 2,0h (2,0ECTS): Industriearch\u00e4ologisches Praktikum<br \/>\nSeminar mit Praktikum<\/p>\n<p>Vortragende: Gerhard Stadler<\/p>\n<div class='breakline'><\/div>\n<\/div>\n<div class='kursbeginn'>\n<strong>Weitere Informationen<\/strong><br \/>\nEinf\u00fchrung: Di 15. Oktober 2019, 14:00 Uhr<br \/>\nTermine: w\u00f6chentlich Dienstag, 14:00-16:00 Uhr<br \/>\nSEM 257 (Stiege 3, 2.Stock)\n<\/div>\n<p><span><\/span><br \/>\n<strong>Anmeldung \u00fcber<a href='https:\/\/tiss.tuwien.ac.at\/course\/courseDetails.xhtml?dswid=9241&#038;dsrid=769&#038;courseNr=257064&#038;semester=2019W&#038;dsrid=293'> TISS<\/a><\/strong><br \/>\n<span><\/span><br \/>\n<span><\/span><br \/>\n<span><\/span><br \/>\n<span><\/span><\/p>\n<div class='titel'>Lernergebnisse<\/div>\n<p>Nach positiver Absolvierung der Lehrveranstaltung sind Studierende in der Lage selbstst\u00e4ndig Betriebsst\u00e4tten und \u00dcberreste des Industriezeitalters zu entdecken und unter Anwendung wissenschaftlicher Methoden zu erforschen.<\/p>\n<div class='titel'>Inhalt der Lehrveranstaltung<\/div>\n<p>Die Spurensuche nach verschwundenen Fabriken oder \u00dcberresten historischer Verkehrsanlagen sowie die Begehung und Erkundung von Industriebrachen bilden den Lehrinhalt des Praktikums. Quellenstudien wie auch die fachgerechte Umsetzung von Zeitzeugen-Interviews erg\u00e4nzen die Feldstudien.<\/p>\n<p>Gel\u00e4nde- und Ortsbegehungen, Oberfl\u00e4chenuntersuchungen, fotografische und schriftliche Dokumentation, Archivforschung, Literaturrecherche, Zeitzeugen-Befragungen beziehungsweise Interviews.\n<\/p><\/div>\n","protected":false},"excerpt":{"rendered":"<p>Industriearch\u00e4ologisches Praktikum 257.064 SP 2,0h (2,0ECTS): Industriearch\u00e4ologisches Praktikum Seminar mit Praktikum Vortragende: Gerhard Stadler Weitere Informationen Einf\u00fchrung: Di 15. Oktober 2019, 14:00 Uhr Termine: w\u00f6chentlich Dienstag, 14:00-16:00 Uhr SEM 257 (Stiege 3, 2.Stock) Anmeldung \u00fcber TISS Lernergebnisse Nach positiver Absolvierung der Lehrveranstaltung sind Studierende in der Lage selbstst\u00e4ndig Betriebsst\u00e4tten und \u00dcberreste des Industriezeitalters zu entdecken und unter Anwendung wissenschaftlicher Methoden zu erforschen. Inhalt der Lehrveranstaltung Die Spurensuche nach verschwundenen Fabriken<\/p>\n<div class=\"belowpost\"><a class=\"btnmore icon-arrow\" href=\"https:\/\/denkmalpflege.tuwien.ac.at\/index.php\/praktikum\/\"><span>Read More<\/span><\/a><\/div>\n","protected":false},"author":1,"featured_media":0,"parent":0,"menu_order":0,"comment_status":"closed","ping_status":"closed","template":"","meta":{"footnotes":""},"class_list":["post-15088","page","type-page","status-publish","hentry"],"yoast_head":"<!-- This site is optimized with the Yoast SEO plugin v26.0 - https:\/\/yoast.com\/wordpress\/plugins\/seo\/ -->\n<title>praktikum - Denkmalpflege und Bauen im Bestand<\/title>\n<meta name=\"robots\" content=\"index, follow, max-snippet:-1, max-image-preview:large, max-video-preview:-1\" \/>\n<link rel=\"canonical\" href=\"https:\/\/denkmalpflege.tuwien.ac.at\/index.php\/praktikum\/\" \/>\n<meta property=\"og:locale\" content=\"de_DE\" \/>\n<meta property=\"og:type\" content=\"article\" \/>\n<meta property=\"og:title\" content=\"praktikum - Denkmalpflege und Bauen im Bestand\" \/>\n<meta property=\"og:description\" content=\"Industriearch\u00e4ologisches Praktikum 257.064 SP 2,0h (2,0ECTS): Industriearch\u00e4ologisches Praktikum Seminar mit Praktikum Vortragende: Gerhard Stadler Weitere Informationen Einf\u00fchrung: Di 15. Oktober 2019, 14:00 Uhr Termine: w\u00f6chentlich Dienstag, 14:00-16:00 Uhr SEM 257 (Stiege 3, 2.Stock) Anmeldung \u00fcber TISS Lernergebnisse Nach positiver Absolvierung der Lehrveranstaltung sind Studierende in der Lage selbstst\u00e4ndig Betriebsst\u00e4tten und \u00dcberreste des Industriezeitalters zu entdecken und unter Anwendung wissenschaftlicher Methoden zu erforschen. Inhalt der Lehrveranstaltung Die Spurensuche nach verschwundenen FabrikenRead More\" \/>\n<meta property=\"og:url\" content=\"https:\/\/denkmalpflege.tuwien.ac.at\/index.php\/praktikum\/\" \/>\n<meta property=\"og:site_name\" content=\"Denkmalpflege und Bauen im Bestand\" \/>\n<meta property=\"article:modified_time\" content=\"2019-09-10T09:20:54+00:00\" \/>\n<meta name=\"twitter:card\" content=\"summary_large_image\" \/>\n<meta name=\"twitter:label1\" content=\"Gesch\u00e4tzte Lesezeit\" \/>\n\t<meta name=\"twitter:data1\" content=\"1\u00a0Minute\" \/>\n<script type=\"application\/ld+json\" class=\"yoast-schema-graph\">{\"@context\":\"https:\/\/schema.org\",\"@graph\":[{\"@type\":\"WebPage\",\"@id\":\"https:\/\/denkmalpflege.tuwien.ac.at\/index.php\/praktikum\/\",\"url\":\"https:\/\/denkmalpflege.tuwien.ac.at\/index.php\/praktikum\/\",\"name\":\"praktikum - Denkmalpflege und Bauen im Bestand\",\"isPartOf\":{\"@id\":\"https:\/\/denkmalpflege.tuwien.ac.at\/#website\"},\"primaryImageOfPage\":{\"@id\":\"https:\/\/denkmalpflege.tuwien.ac.at\/index.php\/praktikum\/#primaryimage\"},\"image\":{\"@id\":\"https:\/\/denkmalpflege.tuwien.ac.at\/index.php\/praktikum\/#primaryimage\"},\"thumbnailUrl\":\"http:\/\/denkmalpflege.tuwien.ac.at\/wp-content\/uploads\/2019\/09\/LVA_IP_Stadler_WS19.jpg\",\"datePublished\":\"2019-09-10T08:58:31+00:00\",\"dateModified\":\"2019-09-10T09:20:54+00:00\",\"breadcrumb\":{\"@id\":\"https:\/\/denkmalpflege.tuwien.ac.at\/index.php\/praktikum\/#breadcrumb\"},\"inLanguage\":\"de\",\"potentialAction\":[{\"@type\":\"ReadAction\",\"target\":[\"https:\/\/denkmalpflege.tuwien.ac.at\/index.php\/praktikum\/\"]}]},{\"@type\":\"ImageObject\",\"inLanguage\":\"de\",\"@id\":\"https:\/\/denkmalpflege.tuwien.ac.at\/index.php\/praktikum\/#primaryimage\",\"url\":\"\",\"contentUrl\":\"\"},{\"@type\":\"BreadcrumbList\",\"@id\":\"https:\/\/denkmalpflege.tuwien.ac.at\/index.php\/praktikum\/#breadcrumb\",\"itemListElement\":[{\"@type\":\"ListItem\",\"position\":1,\"name\":\"Startseite\",\"item\":\"https:\/\/denkmalpflege.tuwien.ac.at\/\"},{\"@type\":\"ListItem\",\"position\":2,\"name\":\"praktikum\"}]},{\"@type\":\"WebSite\",\"@id\":\"https:\/\/denkmalpflege.tuwien.ac.at\/#website\",\"url\":\"https:\/\/denkmalpflege.tuwien.ac.at\/\",\"name\":\"Denkmalpflege und Bauen im Bestand\",\"description\":\"Denkmalpflege TU Wien\",\"publisher\":{\"@id\":\"https:\/\/denkmalpflege.tuwien.ac.at\/#organization\"},\"potentialAction\":[{\"@type\":\"SearchAction\",\"target\":{\"@type\":\"EntryPoint\",\"urlTemplate\":\"https:\/\/denkmalpflege.tuwien.ac.at\/?s={search_term_string}\"},\"query-input\":{\"@type\":\"PropertyValueSpecification\",\"valueRequired\":true,\"valueName\":\"search_term_string\"}}],\"inLanguage\":\"de\"},{\"@type\":\"Organization\",\"@id\":\"https:\/\/denkmalpflege.tuwien.ac.at\/#organization\",\"name\":\"TU Wien Denkmalpflege und Bauen im Bestand\",\"url\":\"https:\/\/denkmalpflege.tuwien.ac.at\/\",\"logo\":{\"@type\":\"ImageObject\",\"inLanguage\":\"de\",\"@id\":\"https:\/\/denkmalpflege.tuwien.ac.at\/#\/schema\/logo\/image\/\",\"url\":\"https:\/\/denkmalpflege.tuwien.ac.at\/wp-content\/uploads\/2019\/10\/Logo1.png\",\"contentUrl\":\"https:\/\/denkmalpflege.tuwien.ac.at\/wp-content\/uploads\/2019\/10\/Logo1.png\",\"width\":222,\"height\":79,\"caption\":\"TU Wien Denkmalpflege und Bauen im Bestand\"},\"image\":{\"@id\":\"https:\/\/denkmalpflege.tuwien.ac.at\/#\/schema\/logo\/image\/\"}}]}<\/script>\n<!-- \/ Yoast SEO plugin. -->","yoast_head_json":{"title":"praktikum - Denkmalpflege und Bauen im Bestand","robots":{"index":"index","follow":"follow","max-snippet":"max-snippet:-1","max-image-preview":"max-image-preview:large","max-video-preview":"max-video-preview:-1"},"canonical":"https:\/\/denkmalpflege.tuwien.ac.at\/index.php\/praktikum\/","og_locale":"de_DE","og_type":"article","og_title":"praktikum - Denkmalpflege und Bauen im Bestand","og_description":"Industriearch\u00e4ologisches Praktikum 257.064 SP 2,0h (2,0ECTS): Industriearch\u00e4ologisches Praktikum Seminar mit Praktikum Vortragende: Gerhard Stadler Weitere Informationen Einf\u00fchrung: Di 15. Oktober 2019, 14:00 Uhr Termine: w\u00f6chentlich Dienstag, 14:00-16:00 Uhr SEM 257 (Stiege 3, 2.Stock) Anmeldung \u00fcber TISS Lernergebnisse Nach positiver Absolvierung der Lehrveranstaltung sind Studierende in der Lage selbstst\u00e4ndig Betriebsst\u00e4tten und \u00dcberreste des Industriezeitalters zu entdecken und unter Anwendung wissenschaftlicher Methoden zu erforschen. Inhalt der Lehrveranstaltung Die Spurensuche nach verschwundenen FabrikenRead More","og_url":"https:\/\/denkmalpflege.tuwien.ac.at\/index.php\/praktikum\/","og_site_name":"Denkmalpflege und Bauen im Bestand","article_modified_time":"2019-09-10T09:20:54+00:00","twitter_card":"summary_large_image","twitter_misc":{"Gesch\u00e4tzte Lesezeit":"1\u00a0Minute"},"schema":{"@context":"https:\/\/schema.org","@graph":[{"@type":"WebPage","@id":"https:\/\/denkmalpflege.tuwien.ac.at\/index.php\/praktikum\/","url":"https:\/\/denkmalpflege.tuwien.ac.at\/index.php\/praktikum\/","name":"praktikum - Denkmalpflege und Bauen im Bestand","isPartOf":{"@id":"https:\/\/denkmalpflege.tuwien.ac.at\/#website"},"primaryImageOfPage":{"@id":"https:\/\/denkmalpflege.tuwien.ac.at\/index.php\/praktikum\/#primaryimage"},"image":{"@id":"https:\/\/denkmalpflege.tuwien.ac.at\/index.php\/praktikum\/#primaryimage"},"thumbnailUrl":"http:\/\/denkmalpflege.tuwien.ac.at\/wp-content\/uploads\/2019\/09\/LVA_IP_Stadler_WS19.jpg","datePublished":"2019-09-10T08:58:31+00:00","dateModified":"2019-09-10T09:20:54+00:00","breadcrumb":{"@id":"https:\/\/denkmalpflege.tuwien.ac.at\/index.php\/praktikum\/#breadcrumb"},"inLanguage":"de","potentialAction":[{"@type":"ReadAction","target":["https:\/\/denkmalpflege.tuwien.ac.at\/index.php\/praktikum\/"]}]},{"@type":"ImageObject","inLanguage":"de","@id":"https:\/\/denkmalpflege.tuwien.ac.at\/index.php\/praktikum\/#primaryimage","url":"","contentUrl":""},{"@type":"BreadcrumbList","@id":"https:\/\/denkmalpflege.tuwien.ac.at\/index.php\/praktikum\/#breadcrumb","itemListElement":[{"@type":"ListItem","position":1,"name":"Startseite","item":"https:\/\/denkmalpflege.tuwien.ac.at\/"},{"@type":"ListItem","position":2,"name":"praktikum"}]},{"@type":"WebSite","@id":"https:\/\/denkmalpflege.tuwien.ac.at\/#website","url":"https:\/\/denkmalpflege.tuwien.ac.at\/","name":"Denkmalpflege und Bauen im Bestand","description":"Denkmalpflege TU Wien","publisher":{"@id":"https:\/\/denkmalpflege.tuwien.ac.at\/#organization"},"potentialAction":[{"@type":"SearchAction","target":{"@type":"EntryPoint","urlTemplate":"https:\/\/denkmalpflege.tuwien.ac.at\/?s={search_term_string}"},"query-input":{"@type":"PropertyValueSpecification","valueRequired":true,"valueName":"search_term_string"}}],"inLanguage":"de"},{"@type":"Organization","@id":"https:\/\/denkmalpflege.tuwien.ac.at\/#organization","name":"TU Wien Denkmalpflege und Bauen im Bestand","url":"https:\/\/denkmalpflege.tuwien.ac.at\/","logo":{"@type":"ImageObject","inLanguage":"de","@id":"https:\/\/denkmalpflege.tuwien.ac.at\/#\/schema\/logo\/image\/","url":"https:\/\/denkmalpflege.tuwien.ac.at\/wp-content\/uploads\/2019\/10\/Logo1.png","contentUrl":"https:\/\/denkmalpflege.tuwien.ac.at\/wp-content\/uploads\/2019\/10\/Logo1.png","width":222,"height":79,"caption":"TU Wien Denkmalpflege und Bauen im Bestand"},"image":{"@id":"https:\/\/denkmalpflege.tuwien.ac.at\/#\/schema\/logo\/image\/"}}]}},"_links":{"self":[{"href":"https:\/\/denkmalpflege.tuwien.ac.at\/index.php\/wp-json\/wp\/v2\/pages\/15088","targetHints":{"allow":["GET"]}}],"collection":[{"href":"https:\/\/denkmalpflege.tuwien.ac.at\/index.php\/wp-json\/wp\/v2\/pages"}],"about":[{"href":"https:\/\/denkmalpflege.tuwien.ac.at\/index.php\/wp-json\/wp\/v2\/types\/page"}],"author":[{"embeddable":true,"href":"https:\/\/denkmalpflege.tuwien.ac.at\/index.php\/wp-json\/wp\/v2\/users\/1"}],"replies":[{"embeddable":true,"href":"https:\/\/denkmalpflege.tuwien.ac.at\/index.php\/wp-json\/wp\/v2\/comments?post=15088"}],"version-history":[{"count":3,"href":"https:\/\/denkmalpflege.tuwien.ac.at\/index.php\/wp-json\/wp\/v2\/pages\/15088\/revisions"}],"predecessor-version":[{"id":15106,"href":"https:\/\/denkmalpflege.tuwien.ac.at\/index.php\/wp-json\/wp\/v2\/pages\/15088\/revisions\/15106"}],"wp:attachment":[{"href":"https:\/\/denkmalpflege.tuwien.ac.at\/index.php\/wp-json\/wp\/v2\/media?parent=15088"}],"curies":[{"name":"wp","href":"https:\/\/api.w.org\/{rel}","templated":true}]}}