{"id":14905,"date":"2019-06-11T11:13:33","date_gmt":"2019-06-11T09:13:33","guid":{"rendered":"http:\/\/denkmalpflege.tuwien.ac.at\/?page_id=14905"},"modified":"2019-06-11T11:13:33","modified_gmt":"2019-06-11T09:13:33","slug":"hemmen","status":"publish","type":"page","link":"https:\/\/denkmalpflege.tuwien.ac.at\/index.php\/hemmen\/","title":{"rendered":"hemmen"},"content":{"rendered":"<div class='mitarbeiter'>\n<div class='grey'>\n<img decoding=\"async\" src=\"http:\/\/denkmalpflege.tuwien.ac.at\/wp-content\/uploads\/2019\/06\/hemmen-hover.jpg\" alt=\"hemmen\" title=\"hemmen\" width=\"130\" height=\"113\" class=\"alignnone size-full wp-image-165\" \/> <a href='diplcv' class='right_link'>&lt; Alle Arbeiten<\/a><br \/>\n<b>Die Herderm\u00fchle in Bous<br \/>\nGeschichte, Bestandsaufnahme und Nachnutzungskonzept<\/p>\n<p><\/b><br \/>\n<strong>2019 Anne Hemmen<\/strong> <\/p>\n<div class='breakline'><\/div>\n<\/div>\n<div class=\"greyfield\">\n<p>Die Herderm\u00fchle liegt in der Ortschaft Bous im Gro\u00dfherzogtum Luxemburg. Die Geschichte des Ortes \u201eHerde\u201c geht bis in das 9. Jahrhundert zur\u00fcck und geh\u00f6rte damals zur Abtei Pr\u00fcm. Die M\u00fchle selbst wird erstmals im 13. Jahrhundert erw\u00e4hnt.<br \/>\nZiel der Arbeit ist es, die Geschichte sowie Entwicklung des M\u00fchlengeb\u00e4udes zu erforschen und den heutigen Bestand zu dokumentieren. Des Weiteren soll \u00fcber den Umgang mit diesem industriellen Erbe in der gegenw\u00e4rtigen Zeit reflektiert und ein geeignetes denkmalgerechtes Nachnutzungskonzept in Form eines architektonischen Entwurfes im historischen Bestand entwickelt werden.<\/p>\n<div class='breakline'><\/div>\n<\/div>\n<p><span><\/span><br \/>\n<img decoding=\"async\" src=\"http:\/\/denkmalpflege.tuwien.ac.at\/wp-content\/uploads\/2019\/06\/hemmen-gro\u00df-2.jpg\" width=\"960\" height=\"\"  alt=\"\" \/> <\/p>\n<div class=\"text\"><\/div>\n<p><span><\/span><br \/>\n<span><\/span><\/p>\n<p><img decoding=\"async\" src=\"http:\/\/denkmalpflege.tuwien.ac.at\/wp-content\/uploads\/2019\/06\/hemmen-gro\u00df-1.jpg\" width=\"960\" height=\"\"  alt=\"\" \/> <\/p>\n<div class=\"text\"><\/div>\n<p><span><\/span><br \/>\n<span><\/span><\/p>\n","protected":false},"excerpt":{"rendered":"<p>&lt; Alle Arbeiten Die Herderm\u00fchle in Bous Geschichte, Bestandsaufnahme und Nachnutzungskonzept 2019 Anne Hemmen Die Herderm\u00fchle liegt in der Ortschaft Bous im Gro\u00dfherzogtum Luxemburg. Die Geschichte des Ortes \u201eHerde\u201c geht bis in das 9. Jahrhundert zur\u00fcck und geh\u00f6rte damals zur Abtei Pr\u00fcm. Die M\u00fchle selbst wird erstmals im 13. Jahrhundert erw\u00e4hnt. Ziel der Arbeit ist es, die Geschichte sowie Entwicklung des M\u00fchlengeb\u00e4udes zu erforschen und den heutigen Bestand zu dokumentieren.<\/p>\n<div class=\"belowpost\"><a class=\"btnmore icon-arrow\" href=\"https:\/\/denkmalpflege.tuwien.ac.at\/index.php\/hemmen\/\"><span>Read More<\/span><\/a><\/div>\n","protected":false},"author":1,"featured_media":0,"parent":0,"menu_order":0,"comment_status":"closed","ping_status":"closed","template":"","meta":{"footnotes":""},"class_list":["post-14905","page","type-page","status-publish","hentry"],"yoast_head":"<!-- This site is optimized with the Yoast SEO plugin v26.0 - https:\/\/yoast.com\/wordpress\/plugins\/seo\/ -->\n<title>hemmen - Denkmalpflege und Bauen im Bestand<\/title>\n<meta name=\"robots\" content=\"index, follow, max-snippet:-1, max-image-preview:large, max-video-preview:-1\" \/>\n<link rel=\"canonical\" href=\"https:\/\/denkmalpflege.tuwien.ac.at\/index.php\/hemmen\/\" \/>\n<meta property=\"og:locale\" content=\"de_DE\" \/>\n<meta property=\"og:type\" content=\"article\" \/>\n<meta property=\"og:title\" content=\"hemmen - Denkmalpflege und Bauen im Bestand\" \/>\n<meta property=\"og:description\" content=\"&lt; Alle Arbeiten Die Herderm\u00fchle in Bous Geschichte, Bestandsaufnahme und Nachnutzungskonzept 2019 Anne Hemmen Die Herderm\u00fchle liegt in der Ortschaft Bous im Gro\u00dfherzogtum Luxemburg. Die Geschichte des Ortes \u201eHerde\u201c geht bis in das 9. Jahrhundert zur\u00fcck und geh\u00f6rte damals zur Abtei Pr\u00fcm. Die M\u00fchle selbst wird erstmals im 13. Jahrhundert erw\u00e4hnt. Ziel der Arbeit ist es, die Geschichte sowie Entwicklung des M\u00fchlengeb\u00e4udes zu erforschen und den heutigen Bestand zu dokumentieren.Read More\" \/>\n<meta property=\"og:url\" content=\"https:\/\/denkmalpflege.tuwien.ac.at\/index.php\/hemmen\/\" \/>\n<meta property=\"og:site_name\" content=\"Denkmalpflege und Bauen im Bestand\" \/>\n<meta name=\"twitter:card\" content=\"summary_large_image\" \/>\n<meta name=\"twitter:label1\" content=\"Gesch\u00e4tzte Lesezeit\" \/>\n\t<meta name=\"twitter:data1\" content=\"1\u00a0Minute\" \/>\n<script type=\"application\/ld+json\" class=\"yoast-schema-graph\">{\"@context\":\"https:\/\/schema.org\",\"@graph\":[{\"@type\":\"WebPage\",\"@id\":\"https:\/\/denkmalpflege.tuwien.ac.at\/index.php\/hemmen\/\",\"url\":\"https:\/\/denkmalpflege.tuwien.ac.at\/index.php\/hemmen\/\",\"name\":\"hemmen - Denkmalpflege und Bauen im Bestand\",\"isPartOf\":{\"@id\":\"https:\/\/denkmalpflege.tuwien.ac.at\/#website\"},\"primaryImageOfPage\":{\"@id\":\"https:\/\/denkmalpflege.tuwien.ac.at\/index.php\/hemmen\/#primaryimage\"},\"image\":{\"@id\":\"https:\/\/denkmalpflege.tuwien.ac.at\/index.php\/hemmen\/#primaryimage\"},\"thumbnailUrl\":\"http:\/\/denkmalpflege.tuwien.ac.at\/wp-content\/uploads\/2019\/06\/hemmen-hover.jpg\",\"datePublished\":\"2019-06-11T09:13:33+00:00\",\"breadcrumb\":{\"@id\":\"https:\/\/denkmalpflege.tuwien.ac.at\/index.php\/hemmen\/#breadcrumb\"},\"inLanguage\":\"de\",\"potentialAction\":[{\"@type\":\"ReadAction\",\"target\":[\"https:\/\/denkmalpflege.tuwien.ac.at\/index.php\/hemmen\/\"]}]},{\"@type\":\"ImageObject\",\"inLanguage\":\"de\",\"@id\":\"https:\/\/denkmalpflege.tuwien.ac.at\/index.php\/hemmen\/#primaryimage\",\"url\":\"\",\"contentUrl\":\"\"},{\"@type\":\"BreadcrumbList\",\"@id\":\"https:\/\/denkmalpflege.tuwien.ac.at\/index.php\/hemmen\/#breadcrumb\",\"itemListElement\":[{\"@type\":\"ListItem\",\"position\":1,\"name\":\"Startseite\",\"item\":\"https:\/\/denkmalpflege.tuwien.ac.at\/\"},{\"@type\":\"ListItem\",\"position\":2,\"name\":\"hemmen\"}]},{\"@type\":\"WebSite\",\"@id\":\"https:\/\/denkmalpflege.tuwien.ac.at\/#website\",\"url\":\"https:\/\/denkmalpflege.tuwien.ac.at\/\",\"name\":\"Denkmalpflege und Bauen im Bestand\",\"description\":\"Denkmalpflege TU Wien\",\"publisher\":{\"@id\":\"https:\/\/denkmalpflege.tuwien.ac.at\/#organization\"},\"potentialAction\":[{\"@type\":\"SearchAction\",\"target\":{\"@type\":\"EntryPoint\",\"urlTemplate\":\"https:\/\/denkmalpflege.tuwien.ac.at\/?s={search_term_string}\"},\"query-input\":{\"@type\":\"PropertyValueSpecification\",\"valueRequired\":true,\"valueName\":\"search_term_string\"}}],\"inLanguage\":\"de\"},{\"@type\":\"Organization\",\"@id\":\"https:\/\/denkmalpflege.tuwien.ac.at\/#organization\",\"name\":\"TU Wien Denkmalpflege und Bauen im Bestand\",\"url\":\"https:\/\/denkmalpflege.tuwien.ac.at\/\",\"logo\":{\"@type\":\"ImageObject\",\"inLanguage\":\"de\",\"@id\":\"https:\/\/denkmalpflege.tuwien.ac.at\/#\/schema\/logo\/image\/\",\"url\":\"https:\/\/denkmalpflege.tuwien.ac.at\/wp-content\/uploads\/2019\/10\/Logo1.png\",\"contentUrl\":\"https:\/\/denkmalpflege.tuwien.ac.at\/wp-content\/uploads\/2019\/10\/Logo1.png\",\"width\":222,\"height\":79,\"caption\":\"TU Wien Denkmalpflege und Bauen im Bestand\"},\"image\":{\"@id\":\"https:\/\/denkmalpflege.tuwien.ac.at\/#\/schema\/logo\/image\/\"}}]}<\/script>\n<!-- \/ Yoast SEO plugin. -->","yoast_head_json":{"title":"hemmen - Denkmalpflege und Bauen im Bestand","robots":{"index":"index","follow":"follow","max-snippet":"max-snippet:-1","max-image-preview":"max-image-preview:large","max-video-preview":"max-video-preview:-1"},"canonical":"https:\/\/denkmalpflege.tuwien.ac.at\/index.php\/hemmen\/","og_locale":"de_DE","og_type":"article","og_title":"hemmen - Denkmalpflege und Bauen im Bestand","og_description":"&lt; Alle Arbeiten Die Herderm\u00fchle in Bous Geschichte, Bestandsaufnahme und Nachnutzungskonzept 2019 Anne Hemmen Die Herderm\u00fchle liegt in der Ortschaft Bous im Gro\u00dfherzogtum Luxemburg. Die Geschichte des Ortes \u201eHerde\u201c geht bis in das 9. Jahrhundert zur\u00fcck und geh\u00f6rte damals zur Abtei Pr\u00fcm. Die M\u00fchle selbst wird erstmals im 13. Jahrhundert erw\u00e4hnt. Ziel der Arbeit ist es, die Geschichte sowie Entwicklung des M\u00fchlengeb\u00e4udes zu erforschen und den heutigen Bestand zu dokumentieren.Read More","og_url":"https:\/\/denkmalpflege.tuwien.ac.at\/index.php\/hemmen\/","og_site_name":"Denkmalpflege und Bauen im Bestand","twitter_card":"summary_large_image","twitter_misc":{"Gesch\u00e4tzte Lesezeit":"1\u00a0Minute"},"schema":{"@context":"https:\/\/schema.org","@graph":[{"@type":"WebPage","@id":"https:\/\/denkmalpflege.tuwien.ac.at\/index.php\/hemmen\/","url":"https:\/\/denkmalpflege.tuwien.ac.at\/index.php\/hemmen\/","name":"hemmen - Denkmalpflege und Bauen im Bestand","isPartOf":{"@id":"https:\/\/denkmalpflege.tuwien.ac.at\/#website"},"primaryImageOfPage":{"@id":"https:\/\/denkmalpflege.tuwien.ac.at\/index.php\/hemmen\/#primaryimage"},"image":{"@id":"https:\/\/denkmalpflege.tuwien.ac.at\/index.php\/hemmen\/#primaryimage"},"thumbnailUrl":"http:\/\/denkmalpflege.tuwien.ac.at\/wp-content\/uploads\/2019\/06\/hemmen-hover.jpg","datePublished":"2019-06-11T09:13:33+00:00","breadcrumb":{"@id":"https:\/\/denkmalpflege.tuwien.ac.at\/index.php\/hemmen\/#breadcrumb"},"inLanguage":"de","potentialAction":[{"@type":"ReadAction","target":["https:\/\/denkmalpflege.tuwien.ac.at\/index.php\/hemmen\/"]}]},{"@type":"ImageObject","inLanguage":"de","@id":"https:\/\/denkmalpflege.tuwien.ac.at\/index.php\/hemmen\/#primaryimage","url":"","contentUrl":""},{"@type":"BreadcrumbList","@id":"https:\/\/denkmalpflege.tuwien.ac.at\/index.php\/hemmen\/#breadcrumb","itemListElement":[{"@type":"ListItem","position":1,"name":"Startseite","item":"https:\/\/denkmalpflege.tuwien.ac.at\/"},{"@type":"ListItem","position":2,"name":"hemmen"}]},{"@type":"WebSite","@id":"https:\/\/denkmalpflege.tuwien.ac.at\/#website","url":"https:\/\/denkmalpflege.tuwien.ac.at\/","name":"Denkmalpflege und Bauen im Bestand","description":"Denkmalpflege TU Wien","publisher":{"@id":"https:\/\/denkmalpflege.tuwien.ac.at\/#organization"},"potentialAction":[{"@type":"SearchAction","target":{"@type":"EntryPoint","urlTemplate":"https:\/\/denkmalpflege.tuwien.ac.at\/?s={search_term_string}"},"query-input":{"@type":"PropertyValueSpecification","valueRequired":true,"valueName":"search_term_string"}}],"inLanguage":"de"},{"@type":"Organization","@id":"https:\/\/denkmalpflege.tuwien.ac.at\/#organization","name":"TU Wien Denkmalpflege und Bauen im Bestand","url":"https:\/\/denkmalpflege.tuwien.ac.at\/","logo":{"@type":"ImageObject","inLanguage":"de","@id":"https:\/\/denkmalpflege.tuwien.ac.at\/#\/schema\/logo\/image\/","url":"https:\/\/denkmalpflege.tuwien.ac.at\/wp-content\/uploads\/2019\/10\/Logo1.png","contentUrl":"https:\/\/denkmalpflege.tuwien.ac.at\/wp-content\/uploads\/2019\/10\/Logo1.png","width":222,"height":79,"caption":"TU Wien Denkmalpflege und Bauen im Bestand"},"image":{"@id":"https:\/\/denkmalpflege.tuwien.ac.at\/#\/schema\/logo\/image\/"}}]}},"_links":{"self":[{"href":"https:\/\/denkmalpflege.tuwien.ac.at\/index.php\/wp-json\/wp\/v2\/pages\/14905","targetHints":{"allow":["GET"]}}],"collection":[{"href":"https:\/\/denkmalpflege.tuwien.ac.at\/index.php\/wp-json\/wp\/v2\/pages"}],"about":[{"href":"https:\/\/denkmalpflege.tuwien.ac.at\/index.php\/wp-json\/wp\/v2\/types\/page"}],"author":[{"embeddable":true,"href":"https:\/\/denkmalpflege.tuwien.ac.at\/index.php\/wp-json\/wp\/v2\/users\/1"}],"replies":[{"embeddable":true,"href":"https:\/\/denkmalpflege.tuwien.ac.at\/index.php\/wp-json\/wp\/v2\/comments?post=14905"}],"version-history":[{"count":1,"href":"https:\/\/denkmalpflege.tuwien.ac.at\/index.php\/wp-json\/wp\/v2\/pages\/14905\/revisions"}],"predecessor-version":[{"id":14910,"href":"https:\/\/denkmalpflege.tuwien.ac.at\/index.php\/wp-json\/wp\/v2\/pages\/14905\/revisions\/14910"}],"wp:attachment":[{"href":"https:\/\/denkmalpflege.tuwien.ac.at\/index.php\/wp-json\/wp\/v2\/media?parent=14905"}],"curies":[{"name":"wp","href":"https:\/\/api.w.org\/{rel}","templated":true}]}}

<div class='mitarbeiter'>
<div class='grey'>
<img decoding="async" src="http://denkmalpflege.tuwien.ac.at/wp-content/uploads/2019/06/hemmen-hover.jpg" alt="hemmen" title="hemmen" width="130" height="113" class="alignnone size-full wp-image-165" /> <a href='diplcv' class='right_link'>&lt; Alle Arbeiten</a><br />
<b>Die Herdermühle in Bous<br />
Geschichte, Bestandsaufnahme und Nachnutzungskonzept</p>
<p></b><br />
<strong>2019 Anne Hemmen</strong> </p>
<div class='breakline'></div>
</div>
<div class="greyfield">
<p>Die Herdermühle liegt in der Ortschaft Bous im Großherzogtum Luxemburg. Die Geschichte des Ortes „Herde“ geht bis in das 9. Jahrhundert zurück und gehörte damals zur Abtei Prüm. Die Mühle selbst wird erstmals im 13. Jahrhundert erwähnt.<br />
Ziel der Arbeit ist es, die Geschichte sowie Entwicklung des Mühlengebäudes zu erforschen und den heutigen Bestand zu dokumentieren. Des Weiteren soll über den Umgang mit diesem industriellen Erbe in der gegenwärtigen Zeit reflektiert und ein geeignetes denkmalgerechtes Nachnutzungskonzept in Form eines architektonischen Entwurfes im historischen Bestand entwickelt werden.</p>
<div class='breakline'></div>
</div>
<p><span></span><br />
<img decoding="async" src="http://denkmalpflege.tuwien.ac.at/wp-content/uploads/2019/06/hemmen-groß-2.jpg" width="960" height=""  alt="" /> </p>
<div class="text"></div>
<p><span></span><br />
<span></span></p>
<p><img decoding="async" src="http://denkmalpflege.tuwien.ac.at/wp-content/uploads/2019/06/hemmen-groß-1.jpg" width="960" height=""  alt="" /> </p>
<div class="text"></div>
<p><span></span><br />
<span></span></p>

<p>&lt; Alle Arbeiten Die Herdermühle in Bous Geschichte, Bestandsaufnahme und Nachnutzungskonzept 2019 Anne Hemmen Die Herdermühle liegt in der Ortschaft Bous im Großherzogtum Luxemburg. Die Geschichte des Ortes „Herde“ geht bis in das 9. Jahrhundert zurück und gehörte damals zur Abtei Prüm. Die Mühle selbst wird erstmals im 13. Jahrhundert erwähnt. Ziel der Arbeit ist es, die Geschichte sowie Entwicklung des Mühlengebäudes zu erforschen und den heutigen Bestand zu dokumentieren.</p>
<div class="belowpost"><a class="btnmore icon-arrow" href="https://denkmalpflege.tuwien.ac.at/index.php/hemmen/"><span>Read More</span></a></div>

<!-- This site is optimized with the Yoast SEO plugin v26.0 - https://yoast.com/wordpress/plugins/seo/ -->
<title>hemmen - Denkmalpflege und Bauen im Bestand</title>
<meta name="robots" content="index, follow, max-snippet:-1, max-image-preview:large, max-video-preview:-1" />
<link rel="canonical" href="https://denkmalpflege.tuwien.ac.at/index.php/hemmen/" />
<meta property="og:locale" content="de_DE" />
<meta property="og:type" content="article" />
<meta property="og:title" content="hemmen - Denkmalpflege und Bauen im Bestand" />
<meta property="og:description" content="&lt; Alle Arbeiten Die Herdermühle in Bous Geschichte, Bestandsaufnahme und Nachnutzungskonzept 2019 Anne Hemmen Die Herdermühle liegt in der Ortschaft Bous im Großherzogtum Luxemburg. Die Geschichte des Ortes „Herde“ geht bis in das 9. Jahrhundert zurück und gehörte damals zur Abtei Prüm. Die Mühle selbst wird erstmals im 13. Jahrhundert erwähnt. Ziel der Arbeit ist es, die Geschichte sowie Entwicklung des Mühlengebäudes zu erforschen und den heutigen Bestand zu dokumentieren.Read More" />
<meta property="og:url" content="https://denkmalpflege.tuwien.ac.at/index.php/hemmen/" />
<meta property="og:site_name" content="Denkmalpflege und Bauen im Bestand" />
<meta name="twitter:card" content="summary_large_image" />
<meta name="twitter:label1" content="Geschätzte Lesezeit" />
	<meta name="twitter:data1" content="1 Minute" />
<script type="application/ld+json" class="yoast-schema-graph">{"@context":"https://schema.org","@graph":[{"@type":"WebPage","@id":"https://denkmalpflege.tuwien.ac.at/index.php/hemmen/","url":"https://denkmalpflege.tuwien.ac.at/index.php/hemmen/","name":"hemmen - Denkmalpflege und Bauen im Bestand","isPartOf":{"@id":"https://denkmalpflege.tuwien.ac.at/#website"},"primaryImageOfPage":{"@id":"https://denkmalpflege.tuwien.ac.at/index.php/hemmen/#primaryimage"},"image":{"@id":"https://denkmalpflege.tuwien.ac.at/index.php/hemmen/#primaryimage"},"thumbnailUrl":"http://denkmalpflege.tuwien.ac.at/wp-content/uploads/2019/06/hemmen-hover.jpg","datePublished":"2019-06-11T09:13:33+00:00","breadcrumb":{"@id":"https://denkmalpflege.tuwien.ac.at/index.php/hemmen/#breadcrumb"},"inLanguage":"de","potentialAction":[{"@type":"ReadAction","target":["https://denkmalpflege.tuwien.ac.at/index.php/hemmen/"]}]},{"@type":"ImageObject","inLanguage":"de","@id":"https://denkmalpflege.tuwien.ac.at/index.php/hemmen/#primaryimage","url":"","contentUrl":""},{"@type":"BreadcrumbList","@id":"https://denkmalpflege.tuwien.ac.at/index.php/hemmen/#breadcrumb","itemListElement":[{"@type":"ListItem","position":1,"name":"Startseite","item":"https://denkmalpflege.tuwien.ac.at/"},{"@type":"ListItem","position":2,"name":"hemmen"}]},{"@type":"WebSite","@id":"https://denkmalpflege.tuwien.ac.at/#website","url":"https://denkmalpflege.tuwien.ac.at/","name":"Denkmalpflege und Bauen im Bestand","description":"Denkmalpflege TU Wien","publisher":{"@id":"https://denkmalpflege.tuwien.ac.at/#organization"},"potentialAction":[{"@type":"SearchAction","target":{"@type":"EntryPoint","urlTemplate":"https://denkmalpflege.tuwien.ac.at/?s={search_term_string}"},"query-input":{"@type":"PropertyValueSpecification","valueRequired":true,"valueName":"search_term_string"}}],"inLanguage":"de"},{"@type":"Organization","@id":"https://denkmalpflege.tuwien.ac.at/#organization","name":"TU Wien Denkmalpflege und Bauen im Bestand","url":"https://denkmalpflege.tuwien.ac.at/","logo":{"@type":"ImageObject","inLanguage":"de","@id":"https://denkmalpflege.tuwien.ac.at/#/schema/logo/image/","url":"https://denkmalpflege.tuwien.ac.at/wp-content/uploads/2019/10/Logo1.png","contentUrl":"https://denkmalpflege.tuwien.ac.at/wp-content/uploads/2019/10/Logo1.png","width":222,"height":79,"caption":"TU Wien Denkmalpflege und Bauen im Bestand"},"image":{"@id":"https://denkmalpflege.tuwien.ac.at/#/schema/logo/image/"}}]}</script>
<!-- / Yoast SEO plugin. -->

&lt; Alle Arbeiten Die Herdermühle in Bous Geschichte, Bestandsaufnahme und Nachnutzungskonzept 2019 Anne Hemmen Die Herdermühle liegt in der Ortschaft Bous im Großherzogtum Luxemburg. Die Geschichte des Ortes „Herde“ geht bis in das 9. Jahrhundert zurück und gehörte damals zur Abtei Prüm. Die Mühle selbst wird erstmals im 13. Jahrhundert erwähnt. Ziel der Arbeit ist es, die Geschichte sowie Entwicklung des Mühlengebäudes zu erforschen und den heutigen Bestand zu dokumentieren.Read More
