{"id":14245,"date":"2019-01-15T09:38:41","date_gmt":"2019-01-15T08:38:41","guid":{"rendered":"http:\/\/denkmalpflege.tuwien.ac.at\/?page_id=14245"},"modified":"2019-01-15T09:38:41","modified_gmt":"2019-01-15T08:38:41","slug":"blodek","status":"publish","type":"page","link":"https:\/\/denkmalpflege.tuwien.ac.at\/index.php\/blodek\/","title":{"rendered":"blodek"},"content":{"rendered":"<div class='mitarbeiter'>\n<div class='grey'>\n<img decoding=\"async\" src=\"http:\/\/denkmalpflege.tuwien.ac.at\/wp-content\/uploads\/2019\/01\/blodek-hover.jpg\" alt=\"blodek\" title=\"blodek\" width=\"130\" height=\"113\" class=\"alignnone size-full wp-image-165\" \/> <a href='diplomanden-prof-stadler' class='right_link'>&lt; Alle Arbeiten<\/a><br \/>\n<b>Aufnahme, Analyse und Revitalisierung des Fabricato Geb\u00e4udes in Medellin &#8211; Kolumbien<\/b><\/p>\n<p><strong>2019 Erika Blodek-Varilias <\/strong> <\/p>\n<div class='breakline'><\/div>\n<\/div>\n<div class='greyfield'>\n<p>Die Diplomarbeit befasst sich mit dem 1947 gebauten Verwaltungsgeb\u00e4ude einer gro\u00dfen Textilfabrik in der Stadt Medell\u00edn.<br \/>\nDas Fabricato Geb\u00e4ude wurde ein Beispiel f\u00fcr die Transformation der Stadt, ein Symbol der modernen Architektur und die Ruptur des Kolonialstils. In einem Sektor von gro\u00dfer kommerzieller und fu\u00dfl\u00e4ufiger Vitalit\u00e4t gelegen, wird das Verwaltungsgeb\u00e4ude 1991 zum kulturellen Erbe erkl\u00e4rt.<br \/>\nZiel dieser Arbeit ist, durch die Bestandsaufnahme und Bauanalyse, ein neues Nutzungskonzepts zu bilden und wieder die Begeisterung und die Neugier der Einwohner zu bewirken, und somit das Bauwerk in die aktuellen gesellschaftlichen, st\u00e4dtebaulichen und architektonischen Interventionspl\u00e4ne einzubinden.<\/p>\n<div class='breakline'><\/div>\n<\/div>\n<p><span><\/span><br \/>\n<img decoding=\"async\" src=\"http:\/\/denkmalpflege.tuwien.ac.at\/wp-content\/uploads\/2019\/01\/blodek-gro\u00df.jpg\" width=\"960\" height=\"\"  alt=\"\" \/><\/p>\n<p><span><\/span>\n<\/div>\n<\/div>\n","protected":false},"excerpt":{"rendered":"<p>&lt; Alle Arbeiten Aufnahme, Analyse und Revitalisierung des Fabricato Geb\u00e4udes in Medellin &#8211; Kolumbien 2019 Erika Blodek-Varilias Die Diplomarbeit befasst sich mit dem 1947 gebauten Verwaltungsgeb\u00e4ude einer gro\u00dfen Textilfabrik in der Stadt Medell\u00edn. Das Fabricato Geb\u00e4ude wurde ein Beispiel f\u00fcr die Transformation der Stadt, ein Symbol der modernen Architektur und die Ruptur des Kolonialstils. In einem Sektor von gro\u00dfer kommerzieller und fu\u00dfl\u00e4ufiger Vitalit\u00e4t gelegen, wird das Verwaltungsgeb\u00e4ude 1991 zum kulturellen<\/p>\n<div class=\"belowpost\"><a class=\"btnmore icon-arrow\" href=\"https:\/\/denkmalpflege.tuwien.ac.at\/index.php\/blodek\/\"><span>Read More<\/span><\/a><\/div>\n","protected":false},"author":1,"featured_media":0,"parent":0,"menu_order":0,"comment_status":"closed","ping_status":"closed","template":"","meta":{"footnotes":""},"class_list":["post-14245","page","type-page","status-publish","hentry"],"yoast_head":"<!-- This site is optimized with the Yoast SEO plugin v26.0 - https:\/\/yoast.com\/wordpress\/plugins\/seo\/ -->\n<title>blodek - Denkmalpflege und Bauen im Bestand<\/title>\n<meta name=\"robots\" content=\"index, follow, max-snippet:-1, max-image-preview:large, max-video-preview:-1\" \/>\n<link rel=\"canonical\" href=\"https:\/\/denkmalpflege.tuwien.ac.at\/index.php\/blodek\/\" \/>\n<meta property=\"og:locale\" content=\"de_DE\" \/>\n<meta property=\"og:type\" content=\"article\" \/>\n<meta property=\"og:title\" content=\"blodek - Denkmalpflege und Bauen im Bestand\" \/>\n<meta property=\"og:description\" content=\"&lt; Alle Arbeiten Aufnahme, Analyse und Revitalisierung des Fabricato Geb\u00e4udes in Medellin &#8211; Kolumbien 2019 Erika Blodek-Varilias Die Diplomarbeit befasst sich mit dem 1947 gebauten Verwaltungsgeb\u00e4ude einer gro\u00dfen Textilfabrik in der Stadt Medell\u00edn. Das Fabricato Geb\u00e4ude wurde ein Beispiel f\u00fcr die Transformation der Stadt, ein Symbol der modernen Architektur und die Ruptur des Kolonialstils. In einem Sektor von gro\u00dfer kommerzieller und fu\u00dfl\u00e4ufiger Vitalit\u00e4t gelegen, wird das Verwaltungsgeb\u00e4ude 1991 zum kulturellenRead More\" \/>\n<meta property=\"og:url\" content=\"https:\/\/denkmalpflege.tuwien.ac.at\/index.php\/blodek\/\" \/>\n<meta property=\"og:site_name\" content=\"Denkmalpflege und Bauen im Bestand\" \/>\n<meta name=\"twitter:card\" content=\"summary_large_image\" \/>\n<meta name=\"twitter:label1\" content=\"Gesch\u00e4tzte Lesezeit\" \/>\n\t<meta name=\"twitter:data1\" content=\"1\u00a0Minute\" \/>\n<script type=\"application\/ld+json\" class=\"yoast-schema-graph\">{\"@context\":\"https:\/\/schema.org\",\"@graph\":[{\"@type\":\"WebPage\",\"@id\":\"https:\/\/denkmalpflege.tuwien.ac.at\/index.php\/blodek\/\",\"url\":\"https:\/\/denkmalpflege.tuwien.ac.at\/index.php\/blodek\/\",\"name\":\"blodek - Denkmalpflege und Bauen im Bestand\",\"isPartOf\":{\"@id\":\"https:\/\/denkmalpflege.tuwien.ac.at\/#website\"},\"primaryImageOfPage\":{\"@id\":\"https:\/\/denkmalpflege.tuwien.ac.at\/index.php\/blodek\/#primaryimage\"},\"image\":{\"@id\":\"https:\/\/denkmalpflege.tuwien.ac.at\/index.php\/blodek\/#primaryimage\"},\"thumbnailUrl\":\"http:\/\/denkmalpflege.tuwien.ac.at\/wp-content\/uploads\/2019\/01\/blodek-hover.jpg\",\"datePublished\":\"2019-01-15T08:38:41+00:00\",\"breadcrumb\":{\"@id\":\"https:\/\/denkmalpflege.tuwien.ac.at\/index.php\/blodek\/#breadcrumb\"},\"inLanguage\":\"de\",\"potentialAction\":[{\"@type\":\"ReadAction\",\"target\":[\"https:\/\/denkmalpflege.tuwien.ac.at\/index.php\/blodek\/\"]}]},{\"@type\":\"ImageObject\",\"inLanguage\":\"de\",\"@id\":\"https:\/\/denkmalpflege.tuwien.ac.at\/index.php\/blodek\/#primaryimage\",\"url\":\"\",\"contentUrl\":\"\"},{\"@type\":\"BreadcrumbList\",\"@id\":\"https:\/\/denkmalpflege.tuwien.ac.at\/index.php\/blodek\/#breadcrumb\",\"itemListElement\":[{\"@type\":\"ListItem\",\"position\":1,\"name\":\"Startseite\",\"item\":\"https:\/\/denkmalpflege.tuwien.ac.at\/\"},{\"@type\":\"ListItem\",\"position\":2,\"name\":\"blodek\"}]},{\"@type\":\"WebSite\",\"@id\":\"https:\/\/denkmalpflege.tuwien.ac.at\/#website\",\"url\":\"https:\/\/denkmalpflege.tuwien.ac.at\/\",\"name\":\"Denkmalpflege und Bauen im Bestand\",\"description\":\"Denkmalpflege TU Wien\",\"publisher\":{\"@id\":\"https:\/\/denkmalpflege.tuwien.ac.at\/#organization\"},\"potentialAction\":[{\"@type\":\"SearchAction\",\"target\":{\"@type\":\"EntryPoint\",\"urlTemplate\":\"https:\/\/denkmalpflege.tuwien.ac.at\/?s={search_term_string}\"},\"query-input\":{\"@type\":\"PropertyValueSpecification\",\"valueRequired\":true,\"valueName\":\"search_term_string\"}}],\"inLanguage\":\"de\"},{\"@type\":\"Organization\",\"@id\":\"https:\/\/denkmalpflege.tuwien.ac.at\/#organization\",\"name\":\"TU Wien Denkmalpflege und Bauen im Bestand\",\"url\":\"https:\/\/denkmalpflege.tuwien.ac.at\/\",\"logo\":{\"@type\":\"ImageObject\",\"inLanguage\":\"de\",\"@id\":\"https:\/\/denkmalpflege.tuwien.ac.at\/#\/schema\/logo\/image\/\",\"url\":\"https:\/\/denkmalpflege.tuwien.ac.at\/wp-content\/uploads\/2019\/10\/Logo1.png\",\"contentUrl\":\"https:\/\/denkmalpflege.tuwien.ac.at\/wp-content\/uploads\/2019\/10\/Logo1.png\",\"width\":222,\"height\":79,\"caption\":\"TU Wien Denkmalpflege und Bauen im Bestand\"},\"image\":{\"@id\":\"https:\/\/denkmalpflege.tuwien.ac.at\/#\/schema\/logo\/image\/\"}}]}<\/script>\n<!-- \/ Yoast SEO plugin. -->","yoast_head_json":{"title":"blodek - Denkmalpflege und Bauen im Bestand","robots":{"index":"index","follow":"follow","max-snippet":"max-snippet:-1","max-image-preview":"max-image-preview:large","max-video-preview":"max-video-preview:-1"},"canonical":"https:\/\/denkmalpflege.tuwien.ac.at\/index.php\/blodek\/","og_locale":"de_DE","og_type":"article","og_title":"blodek - Denkmalpflege und Bauen im Bestand","og_description":"&lt; Alle Arbeiten Aufnahme, Analyse und Revitalisierung des Fabricato Geb\u00e4udes in Medellin &#8211; Kolumbien 2019 Erika Blodek-Varilias Die Diplomarbeit befasst sich mit dem 1947 gebauten Verwaltungsgeb\u00e4ude einer gro\u00dfen Textilfabrik in der Stadt Medell\u00edn. Das Fabricato Geb\u00e4ude wurde ein Beispiel f\u00fcr die Transformation der Stadt, ein Symbol der modernen Architektur und die Ruptur des Kolonialstils. In einem Sektor von gro\u00dfer kommerzieller und fu\u00dfl\u00e4ufiger Vitalit\u00e4t gelegen, wird das Verwaltungsgeb\u00e4ude 1991 zum kulturellenRead More","og_url":"https:\/\/denkmalpflege.tuwien.ac.at\/index.php\/blodek\/","og_site_name":"Denkmalpflege und Bauen im Bestand","twitter_card":"summary_large_image","twitter_misc":{"Gesch\u00e4tzte Lesezeit":"1\u00a0Minute"},"schema":{"@context":"https:\/\/schema.org","@graph":[{"@type":"WebPage","@id":"https:\/\/denkmalpflege.tuwien.ac.at\/index.php\/blodek\/","url":"https:\/\/denkmalpflege.tuwien.ac.at\/index.php\/blodek\/","name":"blodek - Denkmalpflege und Bauen im Bestand","isPartOf":{"@id":"https:\/\/denkmalpflege.tuwien.ac.at\/#website"},"primaryImageOfPage":{"@id":"https:\/\/denkmalpflege.tuwien.ac.at\/index.php\/blodek\/#primaryimage"},"image":{"@id":"https:\/\/denkmalpflege.tuwien.ac.at\/index.php\/blodek\/#primaryimage"},"thumbnailUrl":"http:\/\/denkmalpflege.tuwien.ac.at\/wp-content\/uploads\/2019\/01\/blodek-hover.jpg","datePublished":"2019-01-15T08:38:41+00:00","breadcrumb":{"@id":"https:\/\/denkmalpflege.tuwien.ac.at\/index.php\/blodek\/#breadcrumb"},"inLanguage":"de","potentialAction":[{"@type":"ReadAction","target":["https:\/\/denkmalpflege.tuwien.ac.at\/index.php\/blodek\/"]}]},{"@type":"ImageObject","inLanguage":"de","@id":"https:\/\/denkmalpflege.tuwien.ac.at\/index.php\/blodek\/#primaryimage","url":"","contentUrl":""},{"@type":"BreadcrumbList","@id":"https:\/\/denkmalpflege.tuwien.ac.at\/index.php\/blodek\/#breadcrumb","itemListElement":[{"@type":"ListItem","position":1,"name":"Startseite","item":"https:\/\/denkmalpflege.tuwien.ac.at\/"},{"@type":"ListItem","position":2,"name":"blodek"}]},{"@type":"WebSite","@id":"https:\/\/denkmalpflege.tuwien.ac.at\/#website","url":"https:\/\/denkmalpflege.tuwien.ac.at\/","name":"Denkmalpflege und Bauen im Bestand","description":"Denkmalpflege TU Wien","publisher":{"@id":"https:\/\/denkmalpflege.tuwien.ac.at\/#organization"},"potentialAction":[{"@type":"SearchAction","target":{"@type":"EntryPoint","urlTemplate":"https:\/\/denkmalpflege.tuwien.ac.at\/?s={search_term_string}"},"query-input":{"@type":"PropertyValueSpecification","valueRequired":true,"valueName":"search_term_string"}}],"inLanguage":"de"},{"@type":"Organization","@id":"https:\/\/denkmalpflege.tuwien.ac.at\/#organization","name":"TU Wien Denkmalpflege und Bauen im Bestand","url":"https:\/\/denkmalpflege.tuwien.ac.at\/","logo":{"@type":"ImageObject","inLanguage":"de","@id":"https:\/\/denkmalpflege.tuwien.ac.at\/#\/schema\/logo\/image\/","url":"https:\/\/denkmalpflege.tuwien.ac.at\/wp-content\/uploads\/2019\/10\/Logo1.png","contentUrl":"https:\/\/denkmalpflege.tuwien.ac.at\/wp-content\/uploads\/2019\/10\/Logo1.png","width":222,"height":79,"caption":"TU Wien Denkmalpflege und Bauen im Bestand"},"image":{"@id":"https:\/\/denkmalpflege.tuwien.ac.at\/#\/schema\/logo\/image\/"}}]}},"_links":{"self":[{"href":"https:\/\/denkmalpflege.tuwien.ac.at\/index.php\/wp-json\/wp\/v2\/pages\/14245","targetHints":{"allow":["GET"]}}],"collection":[{"href":"https:\/\/denkmalpflege.tuwien.ac.at\/index.php\/wp-json\/wp\/v2\/pages"}],"about":[{"href":"https:\/\/denkmalpflege.tuwien.ac.at\/index.php\/wp-json\/wp\/v2\/types\/page"}],"author":[{"embeddable":true,"href":"https:\/\/denkmalpflege.tuwien.ac.at\/index.php\/wp-json\/wp\/v2\/users\/1"}],"replies":[{"embeddable":true,"href":"https:\/\/denkmalpflege.tuwien.ac.at\/index.php\/wp-json\/wp\/v2\/comments?post=14245"}],"version-history":[{"count":3,"href":"https:\/\/denkmalpflege.tuwien.ac.at\/index.php\/wp-json\/wp\/v2\/pages\/14245\/revisions"}],"predecessor-version":[{"id":17557,"href":"https:\/\/denkmalpflege.tuwien.ac.at\/index.php\/wp-json\/wp\/v2\/pages\/14245\/revisions\/17557"}],"wp:attachment":[{"href":"https:\/\/denkmalpflege.tuwien.ac.at\/index.php\/wp-json\/wp\/v2\/media?parent=14245"}],"curies":[{"name":"wp","href":"https:\/\/api.w.org\/{rel}","templated":true}]}}

<div class='mitarbeiter'>
<div class='grey'>
<img decoding="async" src="http://denkmalpflege.tuwien.ac.at/wp-content/uploads/2019/01/blodek-hover.jpg" alt="blodek" title="blodek" width="130" height="113" class="alignnone size-full wp-image-165" /> <a href='diplomanden-prof-stadler' class='right_link'>&lt; Alle Arbeiten</a><br />
<b>Aufnahme, Analyse und Revitalisierung des Fabricato Gebäudes in Medellin &#8211; Kolumbien</b></p>
<p><strong>2019 Erika Blodek-Varilias </strong> </p>
<div class='breakline'></div>
</div>
<div class='greyfield'>
<p>Die Diplomarbeit befasst sich mit dem 1947 gebauten Verwaltungsgebäude einer großen Textilfabrik in der Stadt Medellín.<br />
Das Fabricato Gebäude wurde ein Beispiel für die Transformation der Stadt, ein Symbol der modernen Architektur und die Ruptur des Kolonialstils. In einem Sektor von großer kommerzieller und fußläufiger Vitalität gelegen, wird das Verwaltungsgebäude 1991 zum kulturellen Erbe erklärt.<br />
Ziel dieser Arbeit ist, durch die Bestandsaufnahme und Bauanalyse, ein neues Nutzungskonzepts zu bilden und wieder die Begeisterung und die Neugier der Einwohner zu bewirken, und somit das Bauwerk in die aktuellen gesellschaftlichen, städtebaulichen und architektonischen Interventionspläne einzubinden.</p>
<div class='breakline'></div>
</div>
<p><span></span><br />
<img decoding="async" src="http://denkmalpflege.tuwien.ac.at/wp-content/uploads/2019/01/blodek-groß.jpg" width="960" height=""  alt="" /></p>
<p><span></span>
</div>
</div>

<p>&lt; Alle Arbeiten Aufnahme, Analyse und Revitalisierung des Fabricato Gebäudes in Medellin &#8211; Kolumbien 2019 Erika Blodek-Varilias Die Diplomarbeit befasst sich mit dem 1947 gebauten Verwaltungsgebäude einer großen Textilfabrik in der Stadt Medellín. Das Fabricato Gebäude wurde ein Beispiel für die Transformation der Stadt, ein Symbol der modernen Architektur und die Ruptur des Kolonialstils. In einem Sektor von großer kommerzieller und fußläufiger Vitalität gelegen, wird das Verwaltungsgebäude 1991 zum kulturellen</p>
<div class="belowpost"><a class="btnmore icon-arrow" href="https://denkmalpflege.tuwien.ac.at/index.php/blodek/"><span>Read More</span></a></div>

<!-- This site is optimized with the Yoast SEO plugin v26.0 - https://yoast.com/wordpress/plugins/seo/ -->
<title>blodek - Denkmalpflege und Bauen im Bestand</title>
<meta name="robots" content="index, follow, max-snippet:-1, max-image-preview:large, max-video-preview:-1" />
<link rel="canonical" href="https://denkmalpflege.tuwien.ac.at/index.php/blodek/" />
<meta property="og:locale" content="de_DE" />
<meta property="og:type" content="article" />
<meta property="og:title" content="blodek - Denkmalpflege und Bauen im Bestand" />
<meta property="og:description" content="&lt; Alle Arbeiten Aufnahme, Analyse und Revitalisierung des Fabricato Gebäudes in Medellin &#8211; Kolumbien 2019 Erika Blodek-Varilias Die Diplomarbeit befasst sich mit dem 1947 gebauten Verwaltungsgebäude einer großen Textilfabrik in der Stadt Medellín. Das Fabricato Gebäude wurde ein Beispiel für die Transformation der Stadt, ein Symbol der modernen Architektur und die Ruptur des Kolonialstils. In einem Sektor von großer kommerzieller und fußläufiger Vitalität gelegen, wird das Verwaltungsgebäude 1991 zum kulturellenRead More" />
<meta property="og:url" content="https://denkmalpflege.tuwien.ac.at/index.php/blodek/" />
<meta property="og:site_name" content="Denkmalpflege und Bauen im Bestand" />
<meta name="twitter:card" content="summary_large_image" />
<meta name="twitter:label1" content="Geschätzte Lesezeit" />
	<meta name="twitter:data1" content="1 Minute" />
<script type="application/ld+json" class="yoast-schema-graph">{"@context":"https://schema.org","@graph":[{"@type":"WebPage","@id":"https://denkmalpflege.tuwien.ac.at/index.php/blodek/","url":"https://denkmalpflege.tuwien.ac.at/index.php/blodek/","name":"blodek - Denkmalpflege und Bauen im Bestand","isPartOf":{"@id":"https://denkmalpflege.tuwien.ac.at/#website"},"primaryImageOfPage":{"@id":"https://denkmalpflege.tuwien.ac.at/index.php/blodek/#primaryimage"},"image":{"@id":"https://denkmalpflege.tuwien.ac.at/index.php/blodek/#primaryimage"},"thumbnailUrl":"http://denkmalpflege.tuwien.ac.at/wp-content/uploads/2019/01/blodek-hover.jpg","datePublished":"2019-01-15T08:38:41+00:00","breadcrumb":{"@id":"https://denkmalpflege.tuwien.ac.at/index.php/blodek/#breadcrumb"},"inLanguage":"de","potentialAction":[{"@type":"ReadAction","target":["https://denkmalpflege.tuwien.ac.at/index.php/blodek/"]}]},{"@type":"ImageObject","inLanguage":"de","@id":"https://denkmalpflege.tuwien.ac.at/index.php/blodek/#primaryimage","url":"","contentUrl":""},{"@type":"BreadcrumbList","@id":"https://denkmalpflege.tuwien.ac.at/index.php/blodek/#breadcrumb","itemListElement":[{"@type":"ListItem","position":1,"name":"Startseite","item":"https://denkmalpflege.tuwien.ac.at/"},{"@type":"ListItem","position":2,"name":"blodek"}]},{"@type":"WebSite","@id":"https://denkmalpflege.tuwien.ac.at/#website","url":"https://denkmalpflege.tuwien.ac.at/","name":"Denkmalpflege und Bauen im Bestand","description":"Denkmalpflege TU Wien","publisher":{"@id":"https://denkmalpflege.tuwien.ac.at/#organization"},"potentialAction":[{"@type":"SearchAction","target":{"@type":"EntryPoint","urlTemplate":"https://denkmalpflege.tuwien.ac.at/?s={search_term_string}"},"query-input":{"@type":"PropertyValueSpecification","valueRequired":true,"valueName":"search_term_string"}}],"inLanguage":"de"},{"@type":"Organization","@id":"https://denkmalpflege.tuwien.ac.at/#organization","name":"TU Wien Denkmalpflege und Bauen im Bestand","url":"https://denkmalpflege.tuwien.ac.at/","logo":{"@type":"ImageObject","inLanguage":"de","@id":"https://denkmalpflege.tuwien.ac.at/#/schema/logo/image/","url":"https://denkmalpflege.tuwien.ac.at/wp-content/uploads/2019/10/Logo1.png","contentUrl":"https://denkmalpflege.tuwien.ac.at/wp-content/uploads/2019/10/Logo1.png","width":222,"height":79,"caption":"TU Wien Denkmalpflege und Bauen im Bestand"},"image":{"@id":"https://denkmalpflege.tuwien.ac.at/#/schema/logo/image/"}}]}</script>
<!-- / Yoast SEO plugin. -->

&lt; Alle Arbeiten Aufnahme, Analyse und Revitalisierung des Fabricato Gebäudes in Medellin &#8211; Kolumbien 2019 Erika Blodek-Varilias Die Diplomarbeit befasst sich mit dem 1947 gebauten Verwaltungsgebäude einer großen Textilfabrik in der Stadt Medellín. Das Fabricato Gebäude wurde ein Beispiel für die Transformation der Stadt, ein Symbol der modernen Architektur und die Ruptur des Kolonialstils. In einem Sektor von großer kommerzieller und fußläufiger Vitalität gelegen, wird das Verwaltungsgebäude 1991 zum kulturellenRead More
