{"id":13446,"date":"2018-04-30T14:17:02","date_gmt":"2018-04-30T12:17:02","guid":{"rendered":"http:\/\/denkmalpflege.tuwien.ac.at\/?page_id=13446"},"modified":"2018-04-30T15:07:43","modified_gmt":"2018-04-30T13:07:43","slug":"forster","status":"publish","type":"page","link":"https:\/\/denkmalpflege.tuwien.ac.at\/index.php\/forster\/","title":{"rendered":"forster"},"content":{"rendered":"<div class='mitarbeiter'>\n<div class='grey'>\n<img decoding=\"async\" src=\"http:\/\/denkmalpflege.tuwien.ac.at\/wp-content\/uploads\/2018\/04\/klein.gif\" alt=\"forster\" title=\"forster\" width=\"130\" height=\"113\" class=\"alignnone size-full wp-image-165\" \/> <a href='diplcv' class='right_link'>&lt; Alle Arbeiten<\/a><br \/>\n<b>Ein Gesch\u00e4fts- und Wohnhaus der Stadt Waidhofen\/Ybbs, im Wandel der Zeit. <\/p>\n<p><\/b><br \/>\n<strong>2018 Elisabeth Forster <\/strong> <\/p>\n<div class='breakline'><\/div>\n<\/div>\n<div class=\"greyfield\">\n<p>Das Wohn- und Gesch\u00e4ftshaus aus den 15 Jh. befindet sich im Zentrum von Waidhofen\/Ybbs in Nieder\u00f6sterreich. Es handelt sich um ein zweigeschossiges, teils unterkellertes Giebelhaus mit Arkadenhof und einem partiell ausgebautem Dachboden. Bis heute sind Teile der ersten Bauphase von einem sp\u00e4tmittelalterlichen Mittelflurhaus zu sehen. Das heutige Erscheinungsbild des Hauses gliedert sich in eine geschlossene historische Bebauung, mit einer Fassade aus der Biedermeierzeit. Durch etliche Auf- und Umbauten wurde das Haus erweitert. Das seit M\u00e4rz 2006 denkmalgesch\u00fctzte Objekt nimmt eine wichtige Position in Anspruch. Ehemalige Nutzungen wie Fleischhauer, Wein- und Bierwirtschaft reichen bis ins 20.Jahrhundert und belebten den Oberen Stadtplatz. Nun steht dieses Haus mittlerweile seit 2009 leer. Dies ist nicht der einzige Leerstand in Waidhofen\/Ybbs, f\u00fcr viele Hausbesitzer, eben auch von diesem Objekt, kommt eine Sanierung nicht in Frage wegen der hohen Kosten und der Auflagen des Bundesdenkmalamts. Der Denkmalschutz ist jedoch dazu da sowie in diesem Fall das bauliche Erbe, sowie den geschichtlichen Zeugniswert zu sch\u00fctzen. Wie geht man in so einem Fall vor?<br \/>\nDie wissenschaftliche Arbeit befasst sich mit der baugeschichtlichen Aufarbeitung des Wohn- und Gesch\u00e4ftshauses und seiner Umgebung. Nach einer Bau und Bestandsaufnahme folgen eine detaillierte Beschreibung des \u00c4u\u00dferen und Inneren des Wohn- und Gesch\u00e4ftshauses, sowie eine Auflistung der Schadensbilder mit Sanierungsvorschl\u00e4gen. Der letzte Teil der Arbeit besch\u00e4ftigt sich mit der oben gestellten Frage, sowie mit einem Sanierungs- und Nutzungskonzept, unter denkmalpflegerischen und wirtschaftlichen Aspekten.<\/p>\n<div class='breakline'><\/div>\n<\/div>\n<p><span><\/span><br \/>\n<img decoding=\"async\" src=\"http:\/\/denkmalpflege.tuwien.ac.at\/wp-content\/uploads\/2018\/04\/gro\u00df.gif\" width=\"960\" height=\"\"  alt=\"\" \/><br \/>\n<span><\/span><br \/>\n<span><\/span><br \/>\n<img decoding=\"async\" src=\"http:\/\/denkmalpflege.tuwien.ac.at\/wp-content\/uploads\/2018\/04\/gro\u00df2.gif\" width=\"960\" height=\"\"  alt=\"\" \/><br \/>\n<span><\/span><br \/>\n<span><\/span><\/p>\n","protected":false},"excerpt":{"rendered":"<p>&lt; Alle Arbeiten Ein Gesch\u00e4fts- und Wohnhaus der Stadt Waidhofen\/Ybbs, im Wandel der Zeit. 2018 Elisabeth Forster Das Wohn- und Gesch\u00e4ftshaus aus den 15 Jh. befindet sich im Zentrum von Waidhofen\/Ybbs in Nieder\u00f6sterreich. Es handelt sich um ein zweigeschossiges, teils unterkellertes Giebelhaus mit Arkadenhof und einem partiell ausgebautem Dachboden. Bis heute sind Teile der ersten Bauphase von einem sp\u00e4tmittelalterlichen Mittelflurhaus zu sehen. Das heutige Erscheinungsbild des Hauses gliedert sich in<\/p>\n<div class=\"belowpost\"><a class=\"btnmore icon-arrow\" href=\"https:\/\/denkmalpflege.tuwien.ac.at\/index.php\/forster\/\"><span>Read More<\/span><\/a><\/div>\n","protected":false},"author":1,"featured_media":0,"parent":0,"menu_order":0,"comment_status":"closed","ping_status":"closed","template":"","meta":{"footnotes":""},"class_list":["post-13446","page","type-page","status-publish","hentry"],"yoast_head":"<!-- This site is optimized with the Yoast SEO plugin v26.0 - https:\/\/yoast.com\/wordpress\/plugins\/seo\/ -->\n<title>forster - Denkmalpflege und Bauen im Bestand<\/title>\n<meta name=\"robots\" content=\"index, follow, max-snippet:-1, max-image-preview:large, max-video-preview:-1\" \/>\n<link rel=\"canonical\" href=\"https:\/\/denkmalpflege.tuwien.ac.at\/index.php\/forster\/\" \/>\n<meta property=\"og:locale\" content=\"de_DE\" \/>\n<meta property=\"og:type\" content=\"article\" \/>\n<meta property=\"og:title\" content=\"forster - Denkmalpflege und Bauen im Bestand\" \/>\n<meta property=\"og:description\" content=\"&lt; Alle Arbeiten Ein Gesch\u00e4fts- und Wohnhaus der Stadt Waidhofen\/Ybbs, im Wandel der Zeit. 2018 Elisabeth Forster Das Wohn- und Gesch\u00e4ftshaus aus den 15 Jh. befindet sich im Zentrum von Waidhofen\/Ybbs in Nieder\u00f6sterreich. Es handelt sich um ein zweigeschossiges, teils unterkellertes Giebelhaus mit Arkadenhof und einem partiell ausgebautem Dachboden. Bis heute sind Teile der ersten Bauphase von einem sp\u00e4tmittelalterlichen Mittelflurhaus zu sehen. Das heutige Erscheinungsbild des Hauses gliedert sich inRead More\" \/>\n<meta property=\"og:url\" content=\"https:\/\/denkmalpflege.tuwien.ac.at\/index.php\/forster\/\" \/>\n<meta property=\"og:site_name\" content=\"Denkmalpflege und Bauen im Bestand\" \/>\n<meta property=\"article:modified_time\" content=\"2018-04-30T13:07:43+00:00\" \/>\n<meta name=\"twitter:card\" content=\"summary_large_image\" \/>\n<meta name=\"twitter:label1\" content=\"Gesch\u00e4tzte Lesezeit\" \/>\n\t<meta name=\"twitter:data1\" content=\"1\u00a0Minute\" \/>\n<script type=\"application\/ld+json\" class=\"yoast-schema-graph\">{\"@context\":\"https:\/\/schema.org\",\"@graph\":[{\"@type\":\"WebPage\",\"@id\":\"https:\/\/denkmalpflege.tuwien.ac.at\/index.php\/forster\/\",\"url\":\"https:\/\/denkmalpflege.tuwien.ac.at\/index.php\/forster\/\",\"name\":\"forster - Denkmalpflege und Bauen im Bestand\",\"isPartOf\":{\"@id\":\"https:\/\/denkmalpflege.tuwien.ac.at\/#website\"},\"primaryImageOfPage\":{\"@id\":\"https:\/\/denkmalpflege.tuwien.ac.at\/index.php\/forster\/#primaryimage\"},\"image\":{\"@id\":\"https:\/\/denkmalpflege.tuwien.ac.at\/index.php\/forster\/#primaryimage\"},\"thumbnailUrl\":\"http:\/\/denkmalpflege.tuwien.ac.at\/wp-content\/uploads\/2018\/04\/klein.gif\",\"datePublished\":\"2018-04-30T12:17:02+00:00\",\"dateModified\":\"2018-04-30T13:07:43+00:00\",\"breadcrumb\":{\"@id\":\"https:\/\/denkmalpflege.tuwien.ac.at\/index.php\/forster\/#breadcrumb\"},\"inLanguage\":\"de\",\"potentialAction\":[{\"@type\":\"ReadAction\",\"target\":[\"https:\/\/denkmalpflege.tuwien.ac.at\/index.php\/forster\/\"]}]},{\"@type\":\"ImageObject\",\"inLanguage\":\"de\",\"@id\":\"https:\/\/denkmalpflege.tuwien.ac.at\/index.php\/forster\/#primaryimage\",\"url\":\"\",\"contentUrl\":\"\"},{\"@type\":\"BreadcrumbList\",\"@id\":\"https:\/\/denkmalpflege.tuwien.ac.at\/index.php\/forster\/#breadcrumb\",\"itemListElement\":[{\"@type\":\"ListItem\",\"position\":1,\"name\":\"Startseite\",\"item\":\"https:\/\/denkmalpflege.tuwien.ac.at\/\"},{\"@type\":\"ListItem\",\"position\":2,\"name\":\"forster\"}]},{\"@type\":\"WebSite\",\"@id\":\"https:\/\/denkmalpflege.tuwien.ac.at\/#website\",\"url\":\"https:\/\/denkmalpflege.tuwien.ac.at\/\",\"name\":\"Denkmalpflege und Bauen im Bestand\",\"description\":\"Denkmalpflege TU Wien\",\"publisher\":{\"@id\":\"https:\/\/denkmalpflege.tuwien.ac.at\/#organization\"},\"potentialAction\":[{\"@type\":\"SearchAction\",\"target\":{\"@type\":\"EntryPoint\",\"urlTemplate\":\"https:\/\/denkmalpflege.tuwien.ac.at\/?s={search_term_string}\"},\"query-input\":{\"@type\":\"PropertyValueSpecification\",\"valueRequired\":true,\"valueName\":\"search_term_string\"}}],\"inLanguage\":\"de\"},{\"@type\":\"Organization\",\"@id\":\"https:\/\/denkmalpflege.tuwien.ac.at\/#organization\",\"name\":\"TU Wien Denkmalpflege und Bauen im Bestand\",\"url\":\"https:\/\/denkmalpflege.tuwien.ac.at\/\",\"logo\":{\"@type\":\"ImageObject\",\"inLanguage\":\"de\",\"@id\":\"https:\/\/denkmalpflege.tuwien.ac.at\/#\/schema\/logo\/image\/\",\"url\":\"https:\/\/denkmalpflege.tuwien.ac.at\/wp-content\/uploads\/2019\/10\/Logo1.png\",\"contentUrl\":\"https:\/\/denkmalpflege.tuwien.ac.at\/wp-content\/uploads\/2019\/10\/Logo1.png\",\"width\":222,\"height\":79,\"caption\":\"TU Wien Denkmalpflege und Bauen im Bestand\"},\"image\":{\"@id\":\"https:\/\/denkmalpflege.tuwien.ac.at\/#\/schema\/logo\/image\/\"}}]}<\/script>\n<!-- \/ Yoast SEO plugin. -->","yoast_head_json":{"title":"forster - Denkmalpflege und Bauen im Bestand","robots":{"index":"index","follow":"follow","max-snippet":"max-snippet:-1","max-image-preview":"max-image-preview:large","max-video-preview":"max-video-preview:-1"},"canonical":"https:\/\/denkmalpflege.tuwien.ac.at\/index.php\/forster\/","og_locale":"de_DE","og_type":"article","og_title":"forster - Denkmalpflege und Bauen im Bestand","og_description":"&lt; Alle Arbeiten Ein Gesch\u00e4fts- und Wohnhaus der Stadt Waidhofen\/Ybbs, im Wandel der Zeit. 2018 Elisabeth Forster Das Wohn- und Gesch\u00e4ftshaus aus den 15 Jh. befindet sich im Zentrum von Waidhofen\/Ybbs in Nieder\u00f6sterreich. Es handelt sich um ein zweigeschossiges, teils unterkellertes Giebelhaus mit Arkadenhof und einem partiell ausgebautem Dachboden. Bis heute sind Teile der ersten Bauphase von einem sp\u00e4tmittelalterlichen Mittelflurhaus zu sehen. Das heutige Erscheinungsbild des Hauses gliedert sich inRead More","og_url":"https:\/\/denkmalpflege.tuwien.ac.at\/index.php\/forster\/","og_site_name":"Denkmalpflege und Bauen im Bestand","article_modified_time":"2018-04-30T13:07:43+00:00","twitter_card":"summary_large_image","twitter_misc":{"Gesch\u00e4tzte Lesezeit":"1\u00a0Minute"},"schema":{"@context":"https:\/\/schema.org","@graph":[{"@type":"WebPage","@id":"https:\/\/denkmalpflege.tuwien.ac.at\/index.php\/forster\/","url":"https:\/\/denkmalpflege.tuwien.ac.at\/index.php\/forster\/","name":"forster - Denkmalpflege und Bauen im Bestand","isPartOf":{"@id":"https:\/\/denkmalpflege.tuwien.ac.at\/#website"},"primaryImageOfPage":{"@id":"https:\/\/denkmalpflege.tuwien.ac.at\/index.php\/forster\/#primaryimage"},"image":{"@id":"https:\/\/denkmalpflege.tuwien.ac.at\/index.php\/forster\/#primaryimage"},"thumbnailUrl":"http:\/\/denkmalpflege.tuwien.ac.at\/wp-content\/uploads\/2018\/04\/klein.gif","datePublished":"2018-04-30T12:17:02+00:00","dateModified":"2018-04-30T13:07:43+00:00","breadcrumb":{"@id":"https:\/\/denkmalpflege.tuwien.ac.at\/index.php\/forster\/#breadcrumb"},"inLanguage":"de","potentialAction":[{"@type":"ReadAction","target":["https:\/\/denkmalpflege.tuwien.ac.at\/index.php\/forster\/"]}]},{"@type":"ImageObject","inLanguage":"de","@id":"https:\/\/denkmalpflege.tuwien.ac.at\/index.php\/forster\/#primaryimage","url":"","contentUrl":""},{"@type":"BreadcrumbList","@id":"https:\/\/denkmalpflege.tuwien.ac.at\/index.php\/forster\/#breadcrumb","itemListElement":[{"@type":"ListItem","position":1,"name":"Startseite","item":"https:\/\/denkmalpflege.tuwien.ac.at\/"},{"@type":"ListItem","position":2,"name":"forster"}]},{"@type":"WebSite","@id":"https:\/\/denkmalpflege.tuwien.ac.at\/#website","url":"https:\/\/denkmalpflege.tuwien.ac.at\/","name":"Denkmalpflege und Bauen im Bestand","description":"Denkmalpflege TU Wien","publisher":{"@id":"https:\/\/denkmalpflege.tuwien.ac.at\/#organization"},"potentialAction":[{"@type":"SearchAction","target":{"@type":"EntryPoint","urlTemplate":"https:\/\/denkmalpflege.tuwien.ac.at\/?s={search_term_string}"},"query-input":{"@type":"PropertyValueSpecification","valueRequired":true,"valueName":"search_term_string"}}],"inLanguage":"de"},{"@type":"Organization","@id":"https:\/\/denkmalpflege.tuwien.ac.at\/#organization","name":"TU Wien Denkmalpflege und Bauen im Bestand","url":"https:\/\/denkmalpflege.tuwien.ac.at\/","logo":{"@type":"ImageObject","inLanguage":"de","@id":"https:\/\/denkmalpflege.tuwien.ac.at\/#\/schema\/logo\/image\/","url":"https:\/\/denkmalpflege.tuwien.ac.at\/wp-content\/uploads\/2019\/10\/Logo1.png","contentUrl":"https:\/\/denkmalpflege.tuwien.ac.at\/wp-content\/uploads\/2019\/10\/Logo1.png","width":222,"height":79,"caption":"TU Wien Denkmalpflege und Bauen im Bestand"},"image":{"@id":"https:\/\/denkmalpflege.tuwien.ac.at\/#\/schema\/logo\/image\/"}}]}},"_links":{"self":[{"href":"https:\/\/denkmalpflege.tuwien.ac.at\/index.php\/wp-json\/wp\/v2\/pages\/13446","targetHints":{"allow":["GET"]}}],"collection":[{"href":"https:\/\/denkmalpflege.tuwien.ac.at\/index.php\/wp-json\/wp\/v2\/pages"}],"about":[{"href":"https:\/\/denkmalpflege.tuwien.ac.at\/index.php\/wp-json\/wp\/v2\/types\/page"}],"author":[{"embeddable":true,"href":"https:\/\/denkmalpflege.tuwien.ac.at\/index.php\/wp-json\/wp\/v2\/users\/1"}],"replies":[{"embeddable":true,"href":"https:\/\/denkmalpflege.tuwien.ac.at\/index.php\/wp-json\/wp\/v2\/comments?post=13446"}],"version-history":[{"count":6,"href":"https:\/\/denkmalpflege.tuwien.ac.at\/index.php\/wp-json\/wp\/v2\/pages\/13446\/revisions"}],"predecessor-version":[{"id":16891,"href":"https:\/\/denkmalpflege.tuwien.ac.at\/index.php\/wp-json\/wp\/v2\/pages\/13446\/revisions\/16891"}],"wp:attachment":[{"href":"https:\/\/denkmalpflege.tuwien.ac.at\/index.php\/wp-json\/wp\/v2\/media?parent=13446"}],"curies":[{"name":"wp","href":"https:\/\/api.w.org\/{rel}","templated":true}]}}