{"id":13300,"date":"2018-02-19T13:02:25","date_gmt":"2018-02-19T12:02:25","guid":{"rendered":"http:\/\/denkmalpflege.tuwien.ac.at\/?page_id=13300"},"modified":"2023-10-22T12:39:40","modified_gmt":"2023-10-22T10:39:40","slug":"kesse","status":"publish","type":"page","link":"https:\/\/denkmalpflege.tuwien.ac.at\/index.php\/kesse\/","title":{"rendered":"KESSE"},"content":{"rendered":"\t\t<div data-elementor-type=\"wp-page\" data-elementor-id=\"13300\" class=\"elementor elementor-13300\" data-elementor-post-type=\"page\">\n\t\t\t\t\t\t<section class=\"elementor-section elementor-top-section elementor-element elementor-element-28ef4ac3 elementor-section-full_width elementor-section-height-default elementor-section-height-default\" data-id=\"28ef4ac3\" data-element_type=\"section\">\n\t\t\t\t\t\t<div class=\"elementor-container elementor-column-gap-default\">\n\t\t\t\t\t<div class=\"elementor-column elementor-col-100 elementor-top-column elementor-element elementor-element-32a88708\" data-id=\"32a88708\" data-element_type=\"column\">\n\t\t\t<div class=\"elementor-widget-wrap elementor-element-populated\">\n\t\t\t\t\t\t<div class=\"elementor-element elementor-element-c4fffd5 lva_h2 elementor-widget elementor-widget-heading\" data-id=\"c4fffd5\" data-element_type=\"widget\" data-widget_type=\"heading.default\">\n\t\t\t\t<div class=\"elementor-widget-container\">\n\t\t\t\t\t<h2 class=\"elementor-heading-title elementor-size-default\">KESSEL- UND MASCHINENHAUS BREVILLER &amp; URBAN \u2013 BAUAUFNAHME \/ GESCHICHTE<\/h2>\t\t\t\t<\/div>\n\t\t\t\t<\/div>\n\t\t\t\t\t<\/div>\n\t\t<\/div>\n\t\t\t\t\t<\/div>\n\t\t<\/section>\n\t\t\t\t<section class=\"elementor-section elementor-top-section elementor-element elementor-element-3b635c9a elementor-section-full_width elementor-section-height-default elementor-section-height-default\" data-id=\"3b635c9a\" data-element_type=\"section\">\n\t\t\t\t\t\t<div class=\"elementor-container elementor-column-gap-default\">\n\t\t\t\t\t<div class=\"elementor-column elementor-col-100 elementor-top-column elementor-element elementor-element-e51e2f1\" data-id=\"e51e2f1\" data-element_type=\"column\">\n\t\t\t<div class=\"elementor-widget-wrap elementor-element-populated\">\n\t\t\t\t\t\t<div class=\"elementor-element elementor-element-30188278 elementor-widget elementor-widget-text-editor\" data-id=\"30188278\" data-element_type=\"widget\" data-widget_type=\"text-editor.default\">\n\t\t\t\t<div class=\"elementor-widget-container\">\n\t\t\t\t\t\t\t\t\t<p>Das Kessel- und Maschinenhaus der ehemaligen Schraubenfabrik Breviller &amp; Urban ist das letzte, weitgehend in originaler Bausubstanz und samt der technisch-maschinellen Ausstattung erhalten gebliebene Objekt der einst f\u00fcr Neunkirchen so bedeutenden Unternehmung. In \u00dcbereinstimmung mit dem Landeskonservator f\u00fcr Nieder\u00f6sterreich ist die Kommune bestrebt, das technische Denkmal zu erhalten und mit einer zeitgerechten Neunutzung zu belegen. Die Grundlagen sollten in Form einer Bestandsaufnahme und einer Zusammenfassung der Unternehmens- und Standortsgeschichte vorgelegt werden.<\/p><p><strong>Auftraggeber\/Anlass:<\/strong><br \/>Stadtgemeinde Neunkirchen (B\u00fcrgermeister KommR Herbert Osterbauer)<\/p><p><strong>Projektleitung:<\/strong><br \/>Ao. Univ. Prof. Dr. phil. Gerhard A. Stadler<\/p><p><strong>Mitarbeiter und Mitarbeiterinnen:<\/strong><br \/>cand. arch. Doris Berl, Daniel Galonja, Thomas Milchram (alle Technische Universit\u00e4t Wien)<\/p><p><strong>Projektzeitraum:<\/strong><br \/>2015\/16<\/p><p><strong>Ergebnisse:<\/strong><br \/>Doris Berl, Daniel Galonja, Thomas Milchram, Gerhard A. Stadler: Kessel- und Maschinenhaus. Dampfkraftwerk der Schraubenfabrik Neunkirchen. Dokumentation, Wien 2016<br \/>Doris Berl, Daniel Galonja, Thomas Milchram: Bestandsplan Kesselhaus (Grundrisse, Schnitte, Ansichten), Neunkirchen \u2013 Wien 2016<\/p><p><strong>Finanzierung:<\/strong><br \/>NLVG GmbH<\/p>\t\t\t\t\t\t\t\t<\/div>\n\t\t\t\t<\/div>\n\t\t\t\t\t<\/div>\n\t\t<\/div>\n\t\t\t\t\t<\/div>\n\t\t<\/section>\n\t\t\t\t<\/div>\n\t\t","protected":false},"excerpt":{"rendered":"<p>KESSEL- UND MASCHINENHAUS BREVILLER &#038; URBAN \u2013 BAUAUFNAHME \/ GESCHICHTE Das Kessel- und Maschinenhaus der ehemaligen Schraubenfabrik Breviller &amp; Urban ist das letzte, weitgehend in originaler Bausubstanz und samt der technisch-maschinellen Ausstattung erhalten gebliebene Objekt der einst f\u00fcr Neunkirchen so bedeutenden Unternehmung. In \u00dcbereinstimmung mit dem Landeskonservator f\u00fcr Nieder\u00f6sterreich ist die Kommune bestrebt, das technische Denkmal zu erhalten und mit einer zeitgerechten Neunutzung zu belegen. Die Grundlagen sollten in Form<\/p>\n<div class=\"belowpost\"><a class=\"btnmore icon-arrow\" href=\"https:\/\/denkmalpflege.tuwien.ac.at\/index.php\/kesse\/\"><span>Read More<\/span><\/a><\/div>\n","protected":false},"author":1,"featured_media":0,"parent":0,"menu_order":0,"comment_status":"closed","ping_status":"closed","template":"","meta":{"footnotes":""},"class_list":["post-13300","page","type-page","status-publish","hentry"],"yoast_head":"<!-- This site is optimized with the Yoast SEO plugin v26.0 - https:\/\/yoast.com\/wordpress\/plugins\/seo\/ -->\n<title>KESSE - Denkmalpflege und Bauen im Bestand<\/title>\n<meta name=\"robots\" content=\"index, follow, max-snippet:-1, max-image-preview:large, max-video-preview:-1\" \/>\n<link rel=\"canonical\" href=\"https:\/\/denkmalpflege.tuwien.ac.at\/index.php\/kesse\/\" \/>\n<meta property=\"og:locale\" content=\"de_DE\" \/>\n<meta property=\"og:type\" content=\"article\" \/>\n<meta property=\"og:title\" content=\"KESSE - Denkmalpflege und Bauen im Bestand\" \/>\n<meta property=\"og:description\" content=\"KESSEL- UND MASCHINENHAUS BREVILLER &#038; URBAN \u2013 BAUAUFNAHME \/ GESCHICHTE Das Kessel- und Maschinenhaus der ehemaligen Schraubenfabrik Breviller &amp; Urban ist das letzte, weitgehend in originaler Bausubstanz und samt der technisch-maschinellen Ausstattung erhalten gebliebene Objekt der einst f\u00fcr Neunkirchen so bedeutenden Unternehmung. In \u00dcbereinstimmung mit dem Landeskonservator f\u00fcr Nieder\u00f6sterreich ist die Kommune bestrebt, das technische Denkmal zu erhalten und mit einer zeitgerechten Neunutzung zu belegen. Die Grundlagen sollten in FormRead More\" \/>\n<meta property=\"og:url\" content=\"https:\/\/denkmalpflege.tuwien.ac.at\/index.php\/kesse\/\" \/>\n<meta property=\"og:site_name\" content=\"Denkmalpflege und Bauen im Bestand\" \/>\n<meta property=\"article:modified_time\" content=\"2023-10-22T10:39:40+00:00\" \/>\n<meta name=\"twitter:card\" content=\"summary_large_image\" \/>\n<meta name=\"twitter:label1\" content=\"Gesch\u00e4tzte Lesezeit\" \/>\n\t<meta name=\"twitter:data1\" content=\"1\u00a0Minute\" \/>\n<script type=\"application\/ld+json\" class=\"yoast-schema-graph\">{\"@context\":\"https:\/\/schema.org\",\"@graph\":[{\"@type\":\"WebPage\",\"@id\":\"https:\/\/denkmalpflege.tuwien.ac.at\/index.php\/kesse\/\",\"url\":\"https:\/\/denkmalpflege.tuwien.ac.at\/index.php\/kesse\/\",\"name\":\"KESSE - Denkmalpflege und Bauen im Bestand\",\"isPartOf\":{\"@id\":\"https:\/\/denkmalpflege.tuwien.ac.at\/#website\"},\"datePublished\":\"2018-02-19T12:02:25+00:00\",\"dateModified\":\"2023-10-22T10:39:40+00:00\",\"breadcrumb\":{\"@id\":\"https:\/\/denkmalpflege.tuwien.ac.at\/index.php\/kesse\/#breadcrumb\"},\"inLanguage\":\"de\",\"potentialAction\":[{\"@type\":\"ReadAction\",\"target\":[\"https:\/\/denkmalpflege.tuwien.ac.at\/index.php\/kesse\/\"]}]},{\"@type\":\"BreadcrumbList\",\"@id\":\"https:\/\/denkmalpflege.tuwien.ac.at\/index.php\/kesse\/#breadcrumb\",\"itemListElement\":[{\"@type\":\"ListItem\",\"position\":1,\"name\":\"Startseite\",\"item\":\"https:\/\/denkmalpflege.tuwien.ac.at\/\"},{\"@type\":\"ListItem\",\"position\":2,\"name\":\"KESSE\"}]},{\"@type\":\"WebSite\",\"@id\":\"https:\/\/denkmalpflege.tuwien.ac.at\/#website\",\"url\":\"https:\/\/denkmalpflege.tuwien.ac.at\/\",\"name\":\"Denkmalpflege und Bauen im Bestand\",\"description\":\"Denkmalpflege TU Wien\",\"publisher\":{\"@id\":\"https:\/\/denkmalpflege.tuwien.ac.at\/#organization\"},\"potentialAction\":[{\"@type\":\"SearchAction\",\"target\":{\"@type\":\"EntryPoint\",\"urlTemplate\":\"https:\/\/denkmalpflege.tuwien.ac.at\/?s={search_term_string}\"},\"query-input\":{\"@type\":\"PropertyValueSpecification\",\"valueRequired\":true,\"valueName\":\"search_term_string\"}}],\"inLanguage\":\"de\"},{\"@type\":\"Organization\",\"@id\":\"https:\/\/denkmalpflege.tuwien.ac.at\/#organization\",\"name\":\"TU Wien Denkmalpflege und Bauen im Bestand\",\"url\":\"https:\/\/denkmalpflege.tuwien.ac.at\/\",\"logo\":{\"@type\":\"ImageObject\",\"inLanguage\":\"de\",\"@id\":\"https:\/\/denkmalpflege.tuwien.ac.at\/#\/schema\/logo\/image\/\",\"url\":\"https:\/\/denkmalpflege.tuwien.ac.at\/wp-content\/uploads\/2019\/10\/Logo1.png\",\"contentUrl\":\"https:\/\/denkmalpflege.tuwien.ac.at\/wp-content\/uploads\/2019\/10\/Logo1.png\",\"width\":222,\"height\":79,\"caption\":\"TU Wien Denkmalpflege und Bauen im Bestand\"},\"image\":{\"@id\":\"https:\/\/denkmalpflege.tuwien.ac.at\/#\/schema\/logo\/image\/\"}}]}<\/script>\n<!-- \/ Yoast SEO plugin. -->","yoast_head_json":{"title":"KESSE - Denkmalpflege und Bauen im Bestand","robots":{"index":"index","follow":"follow","max-snippet":"max-snippet:-1","max-image-preview":"max-image-preview:large","max-video-preview":"max-video-preview:-1"},"canonical":"https:\/\/denkmalpflege.tuwien.ac.at\/index.php\/kesse\/","og_locale":"de_DE","og_type":"article","og_title":"KESSE - Denkmalpflege und Bauen im Bestand","og_description":"KESSEL- UND MASCHINENHAUS BREVILLER &#038; URBAN \u2013 BAUAUFNAHME \/ GESCHICHTE Das Kessel- und Maschinenhaus der ehemaligen Schraubenfabrik Breviller &amp; Urban ist das letzte, weitgehend in originaler Bausubstanz und samt der technisch-maschinellen Ausstattung erhalten gebliebene Objekt der einst f\u00fcr Neunkirchen so bedeutenden Unternehmung. In \u00dcbereinstimmung mit dem Landeskonservator f\u00fcr Nieder\u00f6sterreich ist die Kommune bestrebt, das technische Denkmal zu erhalten und mit einer zeitgerechten Neunutzung zu belegen. Die Grundlagen sollten in FormRead More","og_url":"https:\/\/denkmalpflege.tuwien.ac.at\/index.php\/kesse\/","og_site_name":"Denkmalpflege und Bauen im Bestand","article_modified_time":"2023-10-22T10:39:40+00:00","twitter_card":"summary_large_image","twitter_misc":{"Gesch\u00e4tzte Lesezeit":"1\u00a0Minute"},"schema":{"@context":"https:\/\/schema.org","@graph":[{"@type":"WebPage","@id":"https:\/\/denkmalpflege.tuwien.ac.at\/index.php\/kesse\/","url":"https:\/\/denkmalpflege.tuwien.ac.at\/index.php\/kesse\/","name":"KESSE - Denkmalpflege und Bauen im Bestand","isPartOf":{"@id":"https:\/\/denkmalpflege.tuwien.ac.at\/#website"},"datePublished":"2018-02-19T12:02:25+00:00","dateModified":"2023-10-22T10:39:40+00:00","breadcrumb":{"@id":"https:\/\/denkmalpflege.tuwien.ac.at\/index.php\/kesse\/#breadcrumb"},"inLanguage":"de","potentialAction":[{"@type":"ReadAction","target":["https:\/\/denkmalpflege.tuwien.ac.at\/index.php\/kesse\/"]}]},{"@type":"BreadcrumbList","@id":"https:\/\/denkmalpflege.tuwien.ac.at\/index.php\/kesse\/#breadcrumb","itemListElement":[{"@type":"ListItem","position":1,"name":"Startseite","item":"https:\/\/denkmalpflege.tuwien.ac.at\/"},{"@type":"ListItem","position":2,"name":"KESSE"}]},{"@type":"WebSite","@id":"https:\/\/denkmalpflege.tuwien.ac.at\/#website","url":"https:\/\/denkmalpflege.tuwien.ac.at\/","name":"Denkmalpflege und Bauen im Bestand","description":"Denkmalpflege TU Wien","publisher":{"@id":"https:\/\/denkmalpflege.tuwien.ac.at\/#organization"},"potentialAction":[{"@type":"SearchAction","target":{"@type":"EntryPoint","urlTemplate":"https:\/\/denkmalpflege.tuwien.ac.at\/?s={search_term_string}"},"query-input":{"@type":"PropertyValueSpecification","valueRequired":true,"valueName":"search_term_string"}}],"inLanguage":"de"},{"@type":"Organization","@id":"https:\/\/denkmalpflege.tuwien.ac.at\/#organization","name":"TU Wien Denkmalpflege und Bauen im Bestand","url":"https:\/\/denkmalpflege.tuwien.ac.at\/","logo":{"@type":"ImageObject","inLanguage":"de","@id":"https:\/\/denkmalpflege.tuwien.ac.at\/#\/schema\/logo\/image\/","url":"https:\/\/denkmalpflege.tuwien.ac.at\/wp-content\/uploads\/2019\/10\/Logo1.png","contentUrl":"https:\/\/denkmalpflege.tuwien.ac.at\/wp-content\/uploads\/2019\/10\/Logo1.png","width":222,"height":79,"caption":"TU Wien Denkmalpflege und Bauen im Bestand"},"image":{"@id":"https:\/\/denkmalpflege.tuwien.ac.at\/#\/schema\/logo\/image\/"}}]}},"_links":{"self":[{"href":"https:\/\/denkmalpflege.tuwien.ac.at\/index.php\/wp-json\/wp\/v2\/pages\/13300","targetHints":{"allow":["GET"]}}],"collection":[{"href":"https:\/\/denkmalpflege.tuwien.ac.at\/index.php\/wp-json\/wp\/v2\/pages"}],"about":[{"href":"https:\/\/denkmalpflege.tuwien.ac.at\/index.php\/wp-json\/wp\/v2\/types\/page"}],"author":[{"embeddable":true,"href":"https:\/\/denkmalpflege.tuwien.ac.at\/index.php\/wp-json\/wp\/v2\/users\/1"}],"replies":[{"embeddable":true,"href":"https:\/\/denkmalpflege.tuwien.ac.at\/index.php\/wp-json\/wp\/v2\/comments?post=13300"}],"version-history":[{"count":12,"href":"https:\/\/denkmalpflege.tuwien.ac.at\/index.php\/wp-json\/wp\/v2\/pages\/13300\/revisions"}],"predecessor-version":[{"id":27891,"href":"https:\/\/denkmalpflege.tuwien.ac.at\/index.php\/wp-json\/wp\/v2\/pages\/13300\/revisions\/27891"}],"wp:attachment":[{"href":"https:\/\/denkmalpflege.tuwien.ac.at\/index.php\/wp-json\/wp\/v2\/media?parent=13300"}],"curies":[{"name":"wp","href":"https:\/\/api.w.org\/{rel}","templated":true}]}}