{"id":13293,"date":"2018-02-19T12:45:12","date_gmt":"2018-02-19T11:45:12","guid":{"rendered":"http:\/\/denkmalpflege.tuwien.ac.at\/?page_id=13293"},"modified":"2023-10-22T12:39:50","modified_gmt":"2023-10-22T10:39:50","slug":"energiehaushalt","status":"publish","type":"page","link":"https:\/\/denkmalpflege.tuwien.ac.at\/index.php\/energiehaushalt\/","title":{"rendered":"ENERGIEHAUSHALT"},"content":{"rendered":"\t\t<div data-elementor-type=\"wp-page\" data-elementor-id=\"13293\" class=\"elementor elementor-13293\" data-elementor-post-type=\"page\">\n\t\t\t\t\t\t<section class=\"elementor-section elementor-top-section elementor-element elementor-element-14b74afb elementor-section-full_width elementor-section-height-default elementor-section-height-default\" data-id=\"14b74afb\" data-element_type=\"section\">\n\t\t\t\t\t\t<div class=\"elementor-container elementor-column-gap-default\">\n\t\t\t\t\t<div class=\"elementor-column elementor-col-100 elementor-top-column elementor-element elementor-element-f18aee4\" data-id=\"f18aee4\" data-element_type=\"column\">\n\t\t\t<div class=\"elementor-widget-wrap elementor-element-populated\">\n\t\t\t\t\t\t<div class=\"elementor-element elementor-element-287a7d0f lva_h2 elementor-widget elementor-widget-heading\" data-id=\"287a7d0f\" data-element_type=\"widget\" data-widget_type=\"heading.default\">\n\t\t\t\t<div class=\"elementor-widget-container\">\n\t\t\t\t\t<h2 class=\"elementor-heading-title elementor-size-default\">ENERGIEHAUSHALT OBER\u00d6STERREICH 1918\u20131938<\/h2>\t\t\t\t<\/div>\n\t\t\t\t<\/div>\n\t\t\t\t\t<\/div>\n\t\t<\/div>\n\t\t\t\t\t<\/div>\n\t\t<\/section>\n\t\t\t\t<section class=\"elementor-section elementor-top-section elementor-element elementor-element-308039ce elementor-section-full_width elementor-section-height-default elementor-section-height-default\" data-id=\"308039ce\" data-element_type=\"section\">\n\t\t\t\t\t\t<div class=\"elementor-container elementor-column-gap-default\">\n\t\t\t\t\t<div class=\"elementor-column elementor-col-100 elementor-top-column elementor-element elementor-element-281acf12\" data-id=\"281acf12\" data-element_type=\"column\">\n\t\t\t<div class=\"elementor-widget-wrap elementor-element-populated\">\n\t\t\t\t\t\t<div class=\"elementor-element elementor-element-1e2a7d1f elementor-widget elementor-widget-text-editor\" data-id=\"1e2a7d1f\" data-element_type=\"widget\" data-widget_type=\"text-editor.default\">\n\t\t\t\t<div class=\"elementor-widget-container\">\n\t\t\t\t\t\t\t\t\t<p>Infolge der staatlichen Neuordnung Europas nach dem Ersten Weltkrieg fand sich \u00d6sterreich von den Kohlerevieren B\u00f6hmens und M\u00e4hrens getrennt, sodass die Wirtschaftspolitik den Einsatz alternativer Energietr\u00e4ger forcieren musste. In Ober\u00f6sterreich boten Bodensch\u00e4tze sowie die reichlich vorhandenen Flie\u00dfgew\u00e4sser mehrere M\u00f6glichkeiten, der Energiekrise gegenzusteuern. Der Option eines Ausbaus der Kohlef\u00f6rderung im Hausruck und der Exploration von Erd\u00f6l und Erdgas stand die Errichtung von Wasserkraftwerken gegen\u00fcber. Letzterer startete fulminant mit dem Bau des Speicherkraftwerks Partenstein und manifestierte sich Mitte der Zwanzigerjahre in den Planungen f\u00fcr eine Kraftwerkskette an der Enns. Der Anteil von Erd\u00f6l an \u00d6sterreichs Energiebedarfsdeckung betrug zu Beginn der Zwanzigerjahre nur 1,5 Prozent, sollte allerdings als Folge des Aufbaus eines prosperierenden Erd\u00f6lbergbaus im n\u00f6rdlichen Wiener Becken seit Mitte der Drei\u00dfigerjahre bedeutend zunehmen. In Ober\u00f6sterreich vermutete man seit Ende des 19. Jahrhunderts Vorkommen von Kohlenwasserstoffen im Hausruckviertel. Ihre F\u00f6rderung sollte erst nach Ende des Zweiten Weltkriegs einsetzen. Somit verblieb f\u00fcr die Bedarfsdeckung der ben\u00f6tigten Energie nur der Ausbau des Braunkohlebergbaus im Hausruck. Angesichts der minderen Qualit\u00e4t der Braunkohle erschien deren Verstromung als wirtschaftlich opportun.<br \/>Um den Energiebedarf in Ober\u00f6sterreich zu erheben wie auch die landesweite Energieproduktion darzustellen, wurden die Entwicklung bedeutender Energieverbraucher wie industrielle Ballungsr\u00e4ume, der Anstieg des Verkehrs- und Transportwesens, die Anf\u00e4nge der Elektrifizierung kommunaler und privater Haushalte sowie die beginnende Mechanisierung der Landwirtschaft nachgezeichnet. Dieser Darstellung gegen\u00fcbergestellt wurde die reale Produktion von Energie anhand bedeutender Unternehmungen wie der Wolfsegg-Traunthaler Kohlenwerks AG, der Ober\u00f6sterreichischen Wasserkraft und Elektrizit\u00e4ts-AG, der Elektrizit\u00e4tswerke Stern &amp; Hafferl und der Eigenproduktion von Industriebetrieben sowie kommunaler Kraftwerke. Der aus dieser Gegen\u00fcberstellung ersichtliche Grad der Bedarfsdeckung bildete eine Grundlage f\u00fcr entsprechende energiepolitische Strategien im Land Ober\u00f6sterreich, die ihrerseits Antworten auf die oben gestellten Fragen erm\u00f6glichten.<\/p><p><strong>Auftraggeber:<\/strong><br \/>Ober\u00f6sterreichisches Landesarchiv (Direktor Dr. Gerhart Marckhgott)<br \/>Mit den Beschl\u00fcssen des ober\u00f6sterreichischen Landtages und des Gemeinderates der Stadt Linz wurden im Jahr 2009 sowohl das Ober\u00f6sterreichische Landesarchiv als auch das Archiv der Stadt Linz mit dem Projekt \u201eOber\u00f6sterreich 1918\u20131938 \u2013 Linz 1918\u20131938\u201c beauftragt. Von den insgesamt mehr als einhundert eingereichten Projektvorschl\u00e4gen werden 62 bis zum Jahr 2018 ausgef\u00fchrt werden.<\/p><p><strong>Projektleitung:<\/strong><br \/>Ao. Univ. Prof. Dr. phil. Gerhard A. Stadler<\/p><p><strong>Mitarbeiter und Mitarbeiterinnen:<\/strong><br \/>Christian Gepp, Mag. Markus Drapalik, Dipl. Ing. Emmerich Seidelberger (alle Universit\u00e4t f\u00fcr Bodenkultur Wien), Dr.in Johanna Walch (Universit\u00e4t Wien), Prof. Dipl. Ing. Dr. Fritz Idam (Hallstatt)<\/p><p><strong>Projektzeitraum:<\/strong><br \/>2012\u20132016<\/p><p><strong>Ergebnisse:<\/strong><br \/>Emmerich Seidelberger et al.: EEOOE \u2013 Energiebedarf und Energiebedarfsdeckung in Ober\u00f6sterreich 1918\u20131938. In: Ober\u00f6sterreichisches Landesarchiv und Archiv der Stadt Linz: Einreichungen zum Projekt Ober\u00f6sterreich 1918\u20131938. Linz 1918\u20131938. Begleitpublikation zur Tagung vom 16. bis 18. Februar 2011, S. 69<br \/>Gerhard A. Stadler, Friedrich Idam: Ober\u00f6sterreichs Energiepolitik und wirtschaftliche R\u00fcckst\u00e4ndigkeit in der Zwischenkriegszeit. In: Ober\u00f6sterreichisches Landesarchiv und Archiv der Stadt Linz: Einreichungen zum Projekt Ober\u00f6sterreich 1918\u20131938. Linz 1918\u20131938. Begleitpublikation zur Tagung vom 16. bis 18. Februar 2011, S. 70<br \/>Pr\u00e4sentation des Projektvorhabens im Rahmen der Tagung \u201eOber\u00f6sterreich 1918\u20131938\u201c im Ober\u00f6sterreichischen Landesarchiv, Linz am 13. Februar 2012<br \/>Gerhard A. Stadler et al.: Energiebedarf Ober\u00f6sterreich 1918\u20131938. In: Ober\u00f6sterreichisches Landesarchiv: Ober\u00f6sterreich 1918 \u2013 1938. Begleitpublikation zur Tagung am 13. Februar 2012, S. 51 f.<br \/>Pr\u00e4sentation der Forschungsleistungen und Schlussbericht in der Zentrale der ENERGIE AG O\u00d6 in Linz am 1. Februar 2016<br \/>Christian Gepp, Markus Drapalik, Johanna Walch, Gerhard A. Stadler: Die Entwicklung des ober\u00f6sterreichischen Energiehaushalts 1918\u20131938, Wien 2016<\/p><p><strong>Finanzierung:<\/strong><br \/>ENERGIE AG Ober\u00f6sterreich \/ Ober\u00f6sterreichisches Landesarchiv bzw. Amt der Ober\u00f6sterreichischen Landesregierung<\/p>\t\t\t\t\t\t\t\t<\/div>\n\t\t\t\t<\/div>\n\t\t\t\t\t<\/div>\n\t\t<\/div>\n\t\t\t\t\t<\/div>\n\t\t<\/section>\n\t\t\t\t<\/div>\n\t\t","protected":false},"excerpt":{"rendered":"<p>ENERGIEHAUSHALT OBER\u00d6STERREICH 1918\u20131938 Infolge der staatlichen Neuordnung Europas nach dem Ersten Weltkrieg fand sich \u00d6sterreich von den Kohlerevieren B\u00f6hmens und M\u00e4hrens getrennt, sodass die Wirtschaftspolitik den Einsatz alternativer Energietr\u00e4ger forcieren musste. In Ober\u00f6sterreich boten Bodensch\u00e4tze sowie die reichlich vorhandenen Flie\u00dfgew\u00e4sser mehrere M\u00f6glichkeiten, der Energiekrise gegenzusteuern. Der Option eines Ausbaus der Kohlef\u00f6rderung im Hausruck und der Exploration von Erd\u00f6l und Erdgas stand die Errichtung von Wasserkraftwerken gegen\u00fcber. Letzterer startete fulminant mit<\/p>\n<div class=\"belowpost\"><a class=\"btnmore icon-arrow\" href=\"https:\/\/denkmalpflege.tuwien.ac.at\/index.php\/energiehaushalt\/\"><span>Read More<\/span><\/a><\/div>\n","protected":false},"author":1,"featured_media":0,"parent":0,"menu_order":0,"comment_status":"closed","ping_status":"closed","template":"","meta":{"footnotes":""},"class_list":["post-13293","page","type-page","status-publish","hentry"],"yoast_head":"<!-- This site is optimized with the Yoast SEO plugin v26.0 - https:\/\/yoast.com\/wordpress\/plugins\/seo\/ -->\n<title>ENERGIEHAUSHALT - Denkmalpflege und Bauen im Bestand<\/title>\n<meta name=\"robots\" content=\"index, follow, max-snippet:-1, max-image-preview:large, max-video-preview:-1\" \/>\n<link rel=\"canonical\" href=\"https:\/\/denkmalpflege.tuwien.ac.at\/index.php\/energiehaushalt\/\" \/>\n<meta property=\"og:locale\" content=\"de_DE\" \/>\n<meta property=\"og:type\" content=\"article\" \/>\n<meta property=\"og:title\" content=\"ENERGIEHAUSHALT - Denkmalpflege und Bauen im Bestand\" \/>\n<meta property=\"og:description\" content=\"ENERGIEHAUSHALT OBER\u00d6STERREICH 1918\u20131938 Infolge der staatlichen Neuordnung Europas nach dem Ersten Weltkrieg fand sich \u00d6sterreich von den Kohlerevieren B\u00f6hmens und M\u00e4hrens getrennt, sodass die Wirtschaftspolitik den Einsatz alternativer Energietr\u00e4ger forcieren musste. In Ober\u00f6sterreich boten Bodensch\u00e4tze sowie die reichlich vorhandenen Flie\u00dfgew\u00e4sser mehrere M\u00f6glichkeiten, der Energiekrise gegenzusteuern. Der Option eines Ausbaus der Kohlef\u00f6rderung im Hausruck und der Exploration von Erd\u00f6l und Erdgas stand die Errichtung von Wasserkraftwerken gegen\u00fcber. Letzterer startete fulminant mitRead More\" \/>\n<meta property=\"og:url\" content=\"https:\/\/denkmalpflege.tuwien.ac.at\/index.php\/energiehaushalt\/\" \/>\n<meta property=\"og:site_name\" content=\"Denkmalpflege und Bauen im Bestand\" \/>\n<meta property=\"article:modified_time\" content=\"2023-10-22T10:39:50+00:00\" \/>\n<meta name=\"twitter:card\" content=\"summary_large_image\" \/>\n<meta name=\"twitter:label1\" content=\"Gesch\u00e4tzte Lesezeit\" \/>\n\t<meta name=\"twitter:data1\" content=\"3\u00a0Minuten\" \/>\n<script type=\"application\/ld+json\" class=\"yoast-schema-graph\">{\"@context\":\"https:\/\/schema.org\",\"@graph\":[{\"@type\":\"WebPage\",\"@id\":\"https:\/\/denkmalpflege.tuwien.ac.at\/index.php\/energiehaushalt\/\",\"url\":\"https:\/\/denkmalpflege.tuwien.ac.at\/index.php\/energiehaushalt\/\",\"name\":\"ENERGIEHAUSHALT - Denkmalpflege und Bauen im Bestand\",\"isPartOf\":{\"@id\":\"https:\/\/denkmalpflege.tuwien.ac.at\/#website\"},\"datePublished\":\"2018-02-19T11:45:12+00:00\",\"dateModified\":\"2023-10-22T10:39:50+00:00\",\"breadcrumb\":{\"@id\":\"https:\/\/denkmalpflege.tuwien.ac.at\/index.php\/energiehaushalt\/#breadcrumb\"},\"inLanguage\":\"de\",\"potentialAction\":[{\"@type\":\"ReadAction\",\"target\":[\"https:\/\/denkmalpflege.tuwien.ac.at\/index.php\/energiehaushalt\/\"]}]},{\"@type\":\"BreadcrumbList\",\"@id\":\"https:\/\/denkmalpflege.tuwien.ac.at\/index.php\/energiehaushalt\/#breadcrumb\",\"itemListElement\":[{\"@type\":\"ListItem\",\"position\":1,\"name\":\"Startseite\",\"item\":\"https:\/\/denkmalpflege.tuwien.ac.at\/\"},{\"@type\":\"ListItem\",\"position\":2,\"name\":\"ENERGIEHAUSHALT\"}]},{\"@type\":\"WebSite\",\"@id\":\"https:\/\/denkmalpflege.tuwien.ac.at\/#website\",\"url\":\"https:\/\/denkmalpflege.tuwien.ac.at\/\",\"name\":\"Denkmalpflege und Bauen im Bestand\",\"description\":\"Denkmalpflege TU Wien\",\"publisher\":{\"@id\":\"https:\/\/denkmalpflege.tuwien.ac.at\/#organization\"},\"potentialAction\":[{\"@type\":\"SearchAction\",\"target\":{\"@type\":\"EntryPoint\",\"urlTemplate\":\"https:\/\/denkmalpflege.tuwien.ac.at\/?s={search_term_string}\"},\"query-input\":{\"@type\":\"PropertyValueSpecification\",\"valueRequired\":true,\"valueName\":\"search_term_string\"}}],\"inLanguage\":\"de\"},{\"@type\":\"Organization\",\"@id\":\"https:\/\/denkmalpflege.tuwien.ac.at\/#organization\",\"name\":\"TU Wien Denkmalpflege und Bauen im Bestand\",\"url\":\"https:\/\/denkmalpflege.tuwien.ac.at\/\",\"logo\":{\"@type\":\"ImageObject\",\"inLanguage\":\"de\",\"@id\":\"https:\/\/denkmalpflege.tuwien.ac.at\/#\/schema\/logo\/image\/\",\"url\":\"https:\/\/denkmalpflege.tuwien.ac.at\/wp-content\/uploads\/2019\/10\/Logo1.png\",\"contentUrl\":\"https:\/\/denkmalpflege.tuwien.ac.at\/wp-content\/uploads\/2019\/10\/Logo1.png\",\"width\":222,\"height\":79,\"caption\":\"TU Wien Denkmalpflege und Bauen im Bestand\"},\"image\":{\"@id\":\"https:\/\/denkmalpflege.tuwien.ac.at\/#\/schema\/logo\/image\/\"}}]}<\/script>\n<!-- \/ Yoast SEO plugin. -->","yoast_head_json":{"title":"ENERGIEHAUSHALT - Denkmalpflege und Bauen im Bestand","robots":{"index":"index","follow":"follow","max-snippet":"max-snippet:-1","max-image-preview":"max-image-preview:large","max-video-preview":"max-video-preview:-1"},"canonical":"https:\/\/denkmalpflege.tuwien.ac.at\/index.php\/energiehaushalt\/","og_locale":"de_DE","og_type":"article","og_title":"ENERGIEHAUSHALT - Denkmalpflege und Bauen im Bestand","og_description":"ENERGIEHAUSHALT OBER\u00d6STERREICH 1918\u20131938 Infolge der staatlichen Neuordnung Europas nach dem Ersten Weltkrieg fand sich \u00d6sterreich von den Kohlerevieren B\u00f6hmens und M\u00e4hrens getrennt, sodass die Wirtschaftspolitik den Einsatz alternativer Energietr\u00e4ger forcieren musste. In Ober\u00f6sterreich boten Bodensch\u00e4tze sowie die reichlich vorhandenen Flie\u00dfgew\u00e4sser mehrere M\u00f6glichkeiten, der Energiekrise gegenzusteuern. Der Option eines Ausbaus der Kohlef\u00f6rderung im Hausruck und der Exploration von Erd\u00f6l und Erdgas stand die Errichtung von Wasserkraftwerken gegen\u00fcber. Letzterer startete fulminant mitRead More","og_url":"https:\/\/denkmalpflege.tuwien.ac.at\/index.php\/energiehaushalt\/","og_site_name":"Denkmalpflege und Bauen im Bestand","article_modified_time":"2023-10-22T10:39:50+00:00","twitter_card":"summary_large_image","twitter_misc":{"Gesch\u00e4tzte Lesezeit":"3\u00a0Minuten"},"schema":{"@context":"https:\/\/schema.org","@graph":[{"@type":"WebPage","@id":"https:\/\/denkmalpflege.tuwien.ac.at\/index.php\/energiehaushalt\/","url":"https:\/\/denkmalpflege.tuwien.ac.at\/index.php\/energiehaushalt\/","name":"ENERGIEHAUSHALT - Denkmalpflege und Bauen im Bestand","isPartOf":{"@id":"https:\/\/denkmalpflege.tuwien.ac.at\/#website"},"datePublished":"2018-02-19T11:45:12+00:00","dateModified":"2023-10-22T10:39:50+00:00","breadcrumb":{"@id":"https:\/\/denkmalpflege.tuwien.ac.at\/index.php\/energiehaushalt\/#breadcrumb"},"inLanguage":"de","potentialAction":[{"@type":"ReadAction","target":["https:\/\/denkmalpflege.tuwien.ac.at\/index.php\/energiehaushalt\/"]}]},{"@type":"BreadcrumbList","@id":"https:\/\/denkmalpflege.tuwien.ac.at\/index.php\/energiehaushalt\/#breadcrumb","itemListElement":[{"@type":"ListItem","position":1,"name":"Startseite","item":"https:\/\/denkmalpflege.tuwien.ac.at\/"},{"@type":"ListItem","position":2,"name":"ENERGIEHAUSHALT"}]},{"@type":"WebSite","@id":"https:\/\/denkmalpflege.tuwien.ac.at\/#website","url":"https:\/\/denkmalpflege.tuwien.ac.at\/","name":"Denkmalpflege und Bauen im Bestand","description":"Denkmalpflege TU Wien","publisher":{"@id":"https:\/\/denkmalpflege.tuwien.ac.at\/#organization"},"potentialAction":[{"@type":"SearchAction","target":{"@type":"EntryPoint","urlTemplate":"https:\/\/denkmalpflege.tuwien.ac.at\/?s={search_term_string}"},"query-input":{"@type":"PropertyValueSpecification","valueRequired":true,"valueName":"search_term_string"}}],"inLanguage":"de"},{"@type":"Organization","@id":"https:\/\/denkmalpflege.tuwien.ac.at\/#organization","name":"TU Wien Denkmalpflege und Bauen im Bestand","url":"https:\/\/denkmalpflege.tuwien.ac.at\/","logo":{"@type":"ImageObject","inLanguage":"de","@id":"https:\/\/denkmalpflege.tuwien.ac.at\/#\/schema\/logo\/image\/","url":"https:\/\/denkmalpflege.tuwien.ac.at\/wp-content\/uploads\/2019\/10\/Logo1.png","contentUrl":"https:\/\/denkmalpflege.tuwien.ac.at\/wp-content\/uploads\/2019\/10\/Logo1.png","width":222,"height":79,"caption":"TU Wien Denkmalpflege und Bauen im Bestand"},"image":{"@id":"https:\/\/denkmalpflege.tuwien.ac.at\/#\/schema\/logo\/image\/"}}]}},"_links":{"self":[{"href":"https:\/\/denkmalpflege.tuwien.ac.at\/index.php\/wp-json\/wp\/v2\/pages\/13293","targetHints":{"allow":["GET"]}}],"collection":[{"href":"https:\/\/denkmalpflege.tuwien.ac.at\/index.php\/wp-json\/wp\/v2\/pages"}],"about":[{"href":"https:\/\/denkmalpflege.tuwien.ac.at\/index.php\/wp-json\/wp\/v2\/types\/page"}],"author":[{"embeddable":true,"href":"https:\/\/denkmalpflege.tuwien.ac.at\/index.php\/wp-json\/wp\/v2\/users\/1"}],"replies":[{"embeddable":true,"href":"https:\/\/denkmalpflege.tuwien.ac.at\/index.php\/wp-json\/wp\/v2\/comments?post=13293"}],"version-history":[{"count":12,"href":"https:\/\/denkmalpflege.tuwien.ac.at\/index.php\/wp-json\/wp\/v2\/pages\/13293\/revisions"}],"predecessor-version":[{"id":27897,"href":"https:\/\/denkmalpflege.tuwien.ac.at\/index.php\/wp-json\/wp\/v2\/pages\/13293\/revisions\/27897"}],"wp:attachment":[{"href":"https:\/\/denkmalpflege.tuwien.ac.at\/index.php\/wp-json\/wp\/v2\/media?parent=13293"}],"curies":[{"name":"wp","href":"https:\/\/api.w.org\/{rel}","templated":true}]}}