{"id":13289,"date":"2018-02-19T12:40:48","date_gmt":"2018-02-19T11:40:48","guid":{"rendered":"http:\/\/denkmalpflege.tuwien.ac.at\/?page_id=13289"},"modified":"2023-10-22T12:40:27","modified_gmt":"2023-10-22T10:40:27","slug":"wienfluss","status":"publish","type":"page","link":"https:\/\/denkmalpflege.tuwien.ac.at\/index.php\/wienfluss\/","title":{"rendered":"WIENFLUSS"},"content":{"rendered":"\t\t<div data-elementor-type=\"wp-page\" data-elementor-id=\"13289\" class=\"elementor elementor-13289\" data-elementor-post-type=\"page\">\n\t\t\t\t\t\t<section class=\"elementor-section elementor-top-section elementor-element elementor-element-e59f0fc elementor-section-full_width elementor-section-height-default elementor-section-height-default\" data-id=\"e59f0fc\" data-element_type=\"section\">\n\t\t\t\t\t\t<div class=\"elementor-container elementor-column-gap-default\">\n\t\t\t\t\t<div class=\"elementor-column elementor-col-100 elementor-top-column elementor-element elementor-element-2a13074b\" data-id=\"2a13074b\" data-element_type=\"column\">\n\t\t\t<div class=\"elementor-widget-wrap elementor-element-populated\">\n\t\t\t\t\t\t<div class=\"elementor-element elementor-element-352b6763 lva_h2 elementor-widget elementor-widget-heading\" data-id=\"352b6763\" data-element_type=\"widget\" data-widget_type=\"heading.default\">\n\t\t\t\t<div class=\"elementor-widget-container\">\n\t\t\t\t\t<h2 class=\"elementor-heading-title elementor-size-default\">WIENFLUSS-RECHEN \u2013 BAUFORSCHUNG UND SANIERUNGSKONZEPT<\/h2>\t\t\t\t<\/div>\n\t\t\t\t<\/div>\n\t\t\t\t\t<\/div>\n\t\t<\/div>\n\t\t\t\t\t<\/div>\n\t\t<\/section>\n\t\t\t\t<section class=\"elementor-section elementor-top-section elementor-element elementor-element-5fe3df4 elementor-section-full_width elementor-section-height-default elementor-section-height-default\" data-id=\"5fe3df4\" data-element_type=\"section\">\n\t\t\t\t\t\t<div class=\"elementor-container elementor-column-gap-default\">\n\t\t\t\t\t<div class=\"elementor-column elementor-col-100 elementor-top-column elementor-element elementor-element-6fe2d29e\" data-id=\"6fe2d29e\" data-element_type=\"column\">\n\t\t\t<div class=\"elementor-widget-wrap elementor-element-populated\">\n\t\t\t\t\t\t<div class=\"elementor-element elementor-element-193d96f8 elementor-widget elementor-widget-text-editor\" data-id=\"193d96f8\" data-element_type=\"widget\" data-widget_type=\"text-editor.default\">\n\t\t\t\t<div class=\"elementor-widget-container\">\n\t\t\t\t\t\t\t\t\t<p>Auf der Basis der rekonstruierten Baugeschichte einschlie\u00dflich s\u00e4mtlicher Adaptierungs- und Umbauma\u00dfnahmen wurde ein Sanierungsplan f\u00fcr die Instandsetzung des Bauwerks erstellt. Dabei wurden Adaptierungs- und R\u00fcckbauma\u00dfnahmen, Hinweise f\u00fcr die fachgerechte Pflege und Wartung sowie f\u00fcr die notwendige Dokumentation der Arbeitsschritte vorgestellt. Eine abschlie\u00dfende Kostensch\u00e4tzung der Sanierungsarbeiten sollte den Auftraggebern die Kostenersparnis im Vergleich zu einem Neubau des Rechens verdeutlichen.<\/p><p><strong>Auftraggeber:<\/strong><br \/>Magistrat der Stadt Wien MA 45 \u2013 Wiener Gew\u00e4sser<br \/>Anlass f\u00fcr die Forschungsstudie gab der geplante Abbruch bzw. Neubau des Rechens seitens der Magistratsabteilung MA 45 \u2013 Wiener Gew\u00e4sser. Da die Stadt vom Bundesdenkmalamt \u00fcber die geplante Unterschutzstellung des Bauwerks bereits im Vorfeld der Planung zur Neuerrichtung es Rechens informiert worden war, erwartete man von der Studie Aufschl\u00fcsse \u00fcber das Ausma\u00df der Besch\u00e4digung und einen Richtwert f\u00fcr dessen allf\u00e4llige Sanierung und Instandsetzung.<\/p><p><strong>Projektleitung:<\/strong><br \/>Ao. Univ. Prof. Dr. phil. Gerhard A. Stadler und Christian Reisinger (Metallwerkstatt C. Reisinger, Schwertberg \/ Ober\u00f6sterreich)<\/p><p><strong>Projektzeitraum:<\/strong><br \/>2013\/14<\/p><p><strong>Ergebnisse:<\/strong><br \/>Gerhard A. Stadler: Wienfluss-Rechen im R\u00fcckhaltebecken Weidlingau. Bauforschung und Sanierungsma\u00dfnahmen, Wien 2014<\/p><p><strong>Finanzierung\/ Sachleistung:<\/strong><br \/>Magistrat der Stadt Wien MA 45 \u2013 Wiener Gew\u00e4sser<\/p>\t\t\t\t\t\t\t\t<\/div>\n\t\t\t\t<\/div>\n\t\t\t\t\t<\/div>\n\t\t<\/div>\n\t\t\t\t\t<\/div>\n\t\t<\/section>\n\t\t\t\t<\/div>\n\t\t","protected":false},"excerpt":{"rendered":"<p>WIENFLUSS-RECHEN \u2013 BAUFORSCHUNG UND SANIERUNGSKONZEPT Auf der Basis der rekonstruierten Baugeschichte einschlie\u00dflich s\u00e4mtlicher Adaptierungs- und Umbauma\u00dfnahmen wurde ein Sanierungsplan f\u00fcr die Instandsetzung des Bauwerks erstellt. Dabei wurden Adaptierungs- und R\u00fcckbauma\u00dfnahmen, Hinweise f\u00fcr die fachgerechte Pflege und Wartung sowie f\u00fcr die notwendige Dokumentation der Arbeitsschritte vorgestellt. Eine abschlie\u00dfende Kostensch\u00e4tzung der Sanierungsarbeiten sollte den Auftraggebern die Kostenersparnis im Vergleich zu einem Neubau des Rechens verdeutlichen. Auftraggeber:Magistrat der Stadt Wien MA 45 \u2013<\/p>\n<div class=\"belowpost\"><a class=\"btnmore icon-arrow\" href=\"https:\/\/denkmalpflege.tuwien.ac.at\/index.php\/wienfluss\/\"><span>Read More<\/span><\/a><\/div>\n","protected":false},"author":1,"featured_media":0,"parent":0,"menu_order":0,"comment_status":"closed","ping_status":"closed","template":"","meta":{"footnotes":""},"class_list":["post-13289","page","type-page","status-publish","hentry"],"yoast_head":"<!-- This site is optimized with the Yoast SEO plugin v26.0 - https:\/\/yoast.com\/wordpress\/plugins\/seo\/ -->\n<title>WIENFLUSS - Denkmalpflege und Bauen im Bestand<\/title>\n<meta name=\"robots\" content=\"index, follow, max-snippet:-1, max-image-preview:large, max-video-preview:-1\" \/>\n<link rel=\"canonical\" href=\"https:\/\/denkmalpflege.tuwien.ac.at\/index.php\/wienfluss\/\" \/>\n<meta property=\"og:locale\" content=\"de_DE\" \/>\n<meta property=\"og:type\" content=\"article\" \/>\n<meta property=\"og:title\" content=\"WIENFLUSS - Denkmalpflege und Bauen im Bestand\" \/>\n<meta property=\"og:description\" content=\"WIENFLUSS-RECHEN \u2013 BAUFORSCHUNG UND SANIERUNGSKONZEPT Auf der Basis der rekonstruierten Baugeschichte einschlie\u00dflich s\u00e4mtlicher Adaptierungs- und Umbauma\u00dfnahmen wurde ein Sanierungsplan f\u00fcr die Instandsetzung des Bauwerks erstellt. Dabei wurden Adaptierungs- und R\u00fcckbauma\u00dfnahmen, Hinweise f\u00fcr die fachgerechte Pflege und Wartung sowie f\u00fcr die notwendige Dokumentation der Arbeitsschritte vorgestellt. Eine abschlie\u00dfende Kostensch\u00e4tzung der Sanierungsarbeiten sollte den Auftraggebern die Kostenersparnis im Vergleich zu einem Neubau des Rechens verdeutlichen. Auftraggeber:Magistrat der Stadt Wien MA 45 \u2013Read More\" \/>\n<meta property=\"og:url\" content=\"https:\/\/denkmalpflege.tuwien.ac.at\/index.php\/wienfluss\/\" \/>\n<meta property=\"og:site_name\" content=\"Denkmalpflege und Bauen im Bestand\" \/>\n<meta property=\"article:modified_time\" content=\"2023-10-22T10:40:27+00:00\" \/>\n<meta name=\"twitter:card\" content=\"summary_large_image\" \/>\n<meta name=\"twitter:label1\" content=\"Gesch\u00e4tzte Lesezeit\" \/>\n\t<meta name=\"twitter:data1\" content=\"1\u00a0Minute\" \/>\n<script type=\"application\/ld+json\" class=\"yoast-schema-graph\">{\"@context\":\"https:\/\/schema.org\",\"@graph\":[{\"@type\":\"WebPage\",\"@id\":\"https:\/\/denkmalpflege.tuwien.ac.at\/index.php\/wienfluss\/\",\"url\":\"https:\/\/denkmalpflege.tuwien.ac.at\/index.php\/wienfluss\/\",\"name\":\"WIENFLUSS - Denkmalpflege und Bauen im Bestand\",\"isPartOf\":{\"@id\":\"https:\/\/denkmalpflege.tuwien.ac.at\/#website\"},\"datePublished\":\"2018-02-19T11:40:48+00:00\",\"dateModified\":\"2023-10-22T10:40:27+00:00\",\"breadcrumb\":{\"@id\":\"https:\/\/denkmalpflege.tuwien.ac.at\/index.php\/wienfluss\/#breadcrumb\"},\"inLanguage\":\"de\",\"potentialAction\":[{\"@type\":\"ReadAction\",\"target\":[\"https:\/\/denkmalpflege.tuwien.ac.at\/index.php\/wienfluss\/\"]}]},{\"@type\":\"BreadcrumbList\",\"@id\":\"https:\/\/denkmalpflege.tuwien.ac.at\/index.php\/wienfluss\/#breadcrumb\",\"itemListElement\":[{\"@type\":\"ListItem\",\"position\":1,\"name\":\"Startseite\",\"item\":\"https:\/\/denkmalpflege.tuwien.ac.at\/\"},{\"@type\":\"ListItem\",\"position\":2,\"name\":\"WIENFLUSS\"}]},{\"@type\":\"WebSite\",\"@id\":\"https:\/\/denkmalpflege.tuwien.ac.at\/#website\",\"url\":\"https:\/\/denkmalpflege.tuwien.ac.at\/\",\"name\":\"Denkmalpflege und Bauen im Bestand\",\"description\":\"Denkmalpflege TU Wien\",\"publisher\":{\"@id\":\"https:\/\/denkmalpflege.tuwien.ac.at\/#organization\"},\"potentialAction\":[{\"@type\":\"SearchAction\",\"target\":{\"@type\":\"EntryPoint\",\"urlTemplate\":\"https:\/\/denkmalpflege.tuwien.ac.at\/?s={search_term_string}\"},\"query-input\":{\"@type\":\"PropertyValueSpecification\",\"valueRequired\":true,\"valueName\":\"search_term_string\"}}],\"inLanguage\":\"de\"},{\"@type\":\"Organization\",\"@id\":\"https:\/\/denkmalpflege.tuwien.ac.at\/#organization\",\"name\":\"TU Wien Denkmalpflege und Bauen im Bestand\",\"url\":\"https:\/\/denkmalpflege.tuwien.ac.at\/\",\"logo\":{\"@type\":\"ImageObject\",\"inLanguage\":\"de\",\"@id\":\"https:\/\/denkmalpflege.tuwien.ac.at\/#\/schema\/logo\/image\/\",\"url\":\"https:\/\/denkmalpflege.tuwien.ac.at\/wp-content\/uploads\/2019\/10\/Logo1.png\",\"contentUrl\":\"https:\/\/denkmalpflege.tuwien.ac.at\/wp-content\/uploads\/2019\/10\/Logo1.png\",\"width\":222,\"height\":79,\"caption\":\"TU Wien Denkmalpflege und Bauen im Bestand\"},\"image\":{\"@id\":\"https:\/\/denkmalpflege.tuwien.ac.at\/#\/schema\/logo\/image\/\"}}]}<\/script>\n<!-- \/ Yoast SEO plugin. -->","yoast_head_json":{"title":"WIENFLUSS - Denkmalpflege und Bauen im Bestand","robots":{"index":"index","follow":"follow","max-snippet":"max-snippet:-1","max-image-preview":"max-image-preview:large","max-video-preview":"max-video-preview:-1"},"canonical":"https:\/\/denkmalpflege.tuwien.ac.at\/index.php\/wienfluss\/","og_locale":"de_DE","og_type":"article","og_title":"WIENFLUSS - Denkmalpflege und Bauen im Bestand","og_description":"WIENFLUSS-RECHEN \u2013 BAUFORSCHUNG UND SANIERUNGSKONZEPT Auf der Basis der rekonstruierten Baugeschichte einschlie\u00dflich s\u00e4mtlicher Adaptierungs- und Umbauma\u00dfnahmen wurde ein Sanierungsplan f\u00fcr die Instandsetzung des Bauwerks erstellt. Dabei wurden Adaptierungs- und R\u00fcckbauma\u00dfnahmen, Hinweise f\u00fcr die fachgerechte Pflege und Wartung sowie f\u00fcr die notwendige Dokumentation der Arbeitsschritte vorgestellt. Eine abschlie\u00dfende Kostensch\u00e4tzung der Sanierungsarbeiten sollte den Auftraggebern die Kostenersparnis im Vergleich zu einem Neubau des Rechens verdeutlichen. Auftraggeber:Magistrat der Stadt Wien MA 45 \u2013Read More","og_url":"https:\/\/denkmalpflege.tuwien.ac.at\/index.php\/wienfluss\/","og_site_name":"Denkmalpflege und Bauen im Bestand","article_modified_time":"2023-10-22T10:40:27+00:00","twitter_card":"summary_large_image","twitter_misc":{"Gesch\u00e4tzte Lesezeit":"1\u00a0Minute"},"schema":{"@context":"https:\/\/schema.org","@graph":[{"@type":"WebPage","@id":"https:\/\/denkmalpflege.tuwien.ac.at\/index.php\/wienfluss\/","url":"https:\/\/denkmalpflege.tuwien.ac.at\/index.php\/wienfluss\/","name":"WIENFLUSS - Denkmalpflege und Bauen im Bestand","isPartOf":{"@id":"https:\/\/denkmalpflege.tuwien.ac.at\/#website"},"datePublished":"2018-02-19T11:40:48+00:00","dateModified":"2023-10-22T10:40:27+00:00","breadcrumb":{"@id":"https:\/\/denkmalpflege.tuwien.ac.at\/index.php\/wienfluss\/#breadcrumb"},"inLanguage":"de","potentialAction":[{"@type":"ReadAction","target":["https:\/\/denkmalpflege.tuwien.ac.at\/index.php\/wienfluss\/"]}]},{"@type":"BreadcrumbList","@id":"https:\/\/denkmalpflege.tuwien.ac.at\/index.php\/wienfluss\/#breadcrumb","itemListElement":[{"@type":"ListItem","position":1,"name":"Startseite","item":"https:\/\/denkmalpflege.tuwien.ac.at\/"},{"@type":"ListItem","position":2,"name":"WIENFLUSS"}]},{"@type":"WebSite","@id":"https:\/\/denkmalpflege.tuwien.ac.at\/#website","url":"https:\/\/denkmalpflege.tuwien.ac.at\/","name":"Denkmalpflege und Bauen im Bestand","description":"Denkmalpflege TU Wien","publisher":{"@id":"https:\/\/denkmalpflege.tuwien.ac.at\/#organization"},"potentialAction":[{"@type":"SearchAction","target":{"@type":"EntryPoint","urlTemplate":"https:\/\/denkmalpflege.tuwien.ac.at\/?s={search_term_string}"},"query-input":{"@type":"PropertyValueSpecification","valueRequired":true,"valueName":"search_term_string"}}],"inLanguage":"de"},{"@type":"Organization","@id":"https:\/\/denkmalpflege.tuwien.ac.at\/#organization","name":"TU Wien Denkmalpflege und Bauen im Bestand","url":"https:\/\/denkmalpflege.tuwien.ac.at\/","logo":{"@type":"ImageObject","inLanguage":"de","@id":"https:\/\/denkmalpflege.tuwien.ac.at\/#\/schema\/logo\/image\/","url":"https:\/\/denkmalpflege.tuwien.ac.at\/wp-content\/uploads\/2019\/10\/Logo1.png","contentUrl":"https:\/\/denkmalpflege.tuwien.ac.at\/wp-content\/uploads\/2019\/10\/Logo1.png","width":222,"height":79,"caption":"TU Wien Denkmalpflege und Bauen im Bestand"},"image":{"@id":"https:\/\/denkmalpflege.tuwien.ac.at\/#\/schema\/logo\/image\/"}}]}},"_links":{"self":[{"href":"https:\/\/denkmalpflege.tuwien.ac.at\/index.php\/wp-json\/wp\/v2\/pages\/13289","targetHints":{"allow":["GET"]}}],"collection":[{"href":"https:\/\/denkmalpflege.tuwien.ac.at\/index.php\/wp-json\/wp\/v2\/pages"}],"about":[{"href":"https:\/\/denkmalpflege.tuwien.ac.at\/index.php\/wp-json\/wp\/v2\/types\/page"}],"author":[{"embeddable":true,"href":"https:\/\/denkmalpflege.tuwien.ac.at\/index.php\/wp-json\/wp\/v2\/users\/1"}],"replies":[{"embeddable":true,"href":"https:\/\/denkmalpflege.tuwien.ac.at\/index.php\/wp-json\/wp\/v2\/comments?post=13289"}],"version-history":[{"count":9,"href":"https:\/\/denkmalpflege.tuwien.ac.at\/index.php\/wp-json\/wp\/v2\/pages\/13289\/revisions"}],"predecessor-version":[{"id":27906,"href":"https:\/\/denkmalpflege.tuwien.ac.at\/index.php\/wp-json\/wp\/v2\/pages\/13289\/revisions\/27906"}],"wp:attachment":[{"href":"https:\/\/denkmalpflege.tuwien.ac.at\/index.php\/wp-json\/wp\/v2\/media?parent=13289"}],"curies":[{"name":"wp","href":"https:\/\/api.w.org\/{rel}","templated":true}]}}