{"id":13273,"date":"2018-02-19T12:22:05","date_gmt":"2018-02-19T11:22:05","guid":{"rendered":"http:\/\/denkmalpflege.tuwien.ac.at\/?page_id=13273"},"modified":"2023-10-22T12:42:31","modified_gmt":"2023-10-22T10:42:31","slug":"wtk-archiv","status":"publish","type":"page","link":"https:\/\/denkmalpflege.tuwien.ac.at\/index.php\/wtk-archiv\/","title":{"rendered":"WTK-ARCHIV"},"content":{"rendered":"\t\t<div data-elementor-type=\"wp-page\" data-elementor-id=\"13273\" class=\"elementor elementor-13273\" data-elementor-post-type=\"page\">\n\t\t\t\t\t\t<section class=\"elementor-section elementor-top-section elementor-element elementor-element-20ac9cfb elementor-section-full_width elementor-section-height-default elementor-section-height-default\" data-id=\"20ac9cfb\" data-element_type=\"section\">\n\t\t\t\t\t\t<div class=\"elementor-container elementor-column-gap-default\">\n\t\t\t\t\t<div class=\"elementor-column elementor-col-100 elementor-top-column elementor-element elementor-element-35a1a866\" data-id=\"35a1a866\" data-element_type=\"column\">\n\t\t\t<div class=\"elementor-widget-wrap elementor-element-populated\">\n\t\t\t\t\t\t<div class=\"elementor-element elementor-element-3d7e3a12 lva_h2 elementor-widget elementor-widget-heading\" data-id=\"3d7e3a12\" data-element_type=\"widget\" data-widget_type=\"heading.default\">\n\t\t\t\t<div class=\"elementor-widget-container\">\n\t\t\t\t\t<h2 class=\"elementor-heading-title elementor-size-default\">WTK-ARCHIV IM BRECHER \u201eH\u00dcBL\u201c, AMPFLWANG<\/h2>\t\t\t\t<\/div>\n\t\t\t\t<\/div>\n\t\t\t\t\t<\/div>\n\t\t<\/div>\n\t\t\t\t\t<\/div>\n\t\t<\/section>\n\t\t\t\t<section class=\"elementor-section elementor-top-section elementor-element elementor-element-338c24b1 elementor-section-full_width elementor-section-height-default elementor-section-height-default\" data-id=\"338c24b1\" data-element_type=\"section\">\n\t\t\t\t\t\t<div class=\"elementor-container elementor-column-gap-default\">\n\t\t\t\t\t<div class=\"elementor-column elementor-col-100 elementor-top-column elementor-element elementor-element-3ef9c5b1\" data-id=\"3ef9c5b1\" data-element_type=\"column\">\n\t\t\t<div class=\"elementor-widget-wrap elementor-element-populated\">\n\t\t\t\t\t\t<div class=\"elementor-element elementor-element-7676c789 elementor-widget elementor-widget-text-editor\" data-id=\"7676c789\" data-element_type=\"widget\" data-widget_type=\"text-editor.default\">\n\t\t\t\t<div class=\"elementor-widget-container\">\n\t\t\t\t\t\t\t\t\t<p>Industriearch\u00e4ologische Dokumentation des Brechers \u201eH\u00fcbl\u201c im Buchleithenwald bei Ampflwang im Hausruckwald sowie Entwurfsplanung zwecks Nachnutzung als Archiv-Au\u00dfenstelle des Ober\u00f6sterreichischen Landesarchivs f\u00fcr die Unterbringung und Aufbereitung der Aktenbest\u00e4nde der Wolfsegg-Traunthaler Kohlenwerks-Aktiengesellschaft.<\/p><p><strong>Auftraggeber:<\/strong><br \/>Ober\u00f6sterreichisches Landesarchiv (Direktor Dr. Gerhart Marckhgott)<br \/>Marktgemeinde Ampflwang im Hausruckwald (B\u00fcrgermeisterin NR Rosemarie Sch\u00f6npass)<\/p><p><strong>Projektleitung:<\/strong><br \/>Ao. Univ. Prof. Dr. phil. Gerhard A. Stadler<\/p><p><strong>Mitarbeiter und Mitarbeiterinnen:<\/strong><br \/>Dipl. Ing. Dr. Fritz Idam (Hallstatt), Dipl. Ing. Peter Brandl, Zivilingenieur f\u00fcr Hochbau (Bad Ischl), Mag. Hannes Koch (Ampflwang)<\/p><p><strong>Projektzeitraum:<\/strong><br \/>2005\/06<\/p><p><strong>Ergebnisse:<\/strong><br \/>Fritz Idam, Gerhard A. Stadler: Vorentwurf Umbau Brecher Buchleiten, Archiv der WTK des O\u00d6LA. Wien 2006<br \/>Fritz Idam, Gerhard A. Stadler: Ampflwang, Brecher \u201eH\u00fcbl\u201c. Industriearch\u00e4ologische Dokumentation. Ampflwang \u2013 Wien 2006<br \/>Gerhard A. Stadler: \u201eIndustriearch\u00e4ologie in (Ober-)\u00d6sterreich\u201c, Er\u00f6ffnungsvortrag zum \u201eTag der Heimatforscher Ober\u00f6sterreichs\u201c, Ampflwang im Hausruckwald, 7. Oktober 2006<br \/>Er\u00f6ffnung des Archivs am 26. September 2010<\/p><p><strong>Finanzierung:<\/strong><br \/>Amt der Ober\u00f6sterreichischen Landesregierung<\/p>\t\t\t\t\t\t\t\t<\/div>\n\t\t\t\t<\/div>\n\t\t\t\t\t<\/div>\n\t\t<\/div>\n\t\t\t\t\t<\/div>\n\t\t<\/section>\n\t\t\t\t<\/div>\n\t\t","protected":false},"excerpt":{"rendered":"<p>WTK-ARCHIV IM BRECHER \u201eH\u00dcBL\u201c, AMPFLWANG Industriearch\u00e4ologische Dokumentation des Brechers \u201eH\u00fcbl\u201c im Buchleithenwald bei Ampflwang im Hausruckwald sowie Entwurfsplanung zwecks Nachnutzung als Archiv-Au\u00dfenstelle des Ober\u00f6sterreichischen Landesarchivs f\u00fcr die Unterbringung und Aufbereitung der Aktenbest\u00e4nde der Wolfsegg-Traunthaler Kohlenwerks-Aktiengesellschaft. Auftraggeber:Ober\u00f6sterreichisches Landesarchiv (Direktor Dr. Gerhart Marckhgott)Marktgemeinde Ampflwang im Hausruckwald (B\u00fcrgermeisterin NR Rosemarie Sch\u00f6npass) Projektleitung:Ao. Univ. Prof. Dr. phil. Gerhard A. Stadler Mitarbeiter und Mitarbeiterinnen:Dipl. Ing. Dr. Fritz Idam (Hallstatt), Dipl. Ing. Peter Brandl, Zivilingenieur f\u00fcr<\/p>\n<div class=\"belowpost\"><a class=\"btnmore icon-arrow\" href=\"https:\/\/denkmalpflege.tuwien.ac.at\/index.php\/wtk-archiv\/\"><span>Read More<\/span><\/a><\/div>\n","protected":false},"author":1,"featured_media":0,"parent":0,"menu_order":0,"comment_status":"closed","ping_status":"closed","template":"","meta":{"footnotes":""},"class_list":["post-13273","page","type-page","status-publish","hentry"],"yoast_head":"<!-- This site is optimized with the Yoast SEO plugin v26.0 - https:\/\/yoast.com\/wordpress\/plugins\/seo\/ -->\n<title>WTK-ARCHIV - Denkmalpflege und Bauen im Bestand<\/title>\n<meta name=\"robots\" content=\"index, follow, max-snippet:-1, max-image-preview:large, max-video-preview:-1\" \/>\n<link rel=\"canonical\" href=\"https:\/\/denkmalpflege.tuwien.ac.at\/index.php\/wtk-archiv\/\" \/>\n<meta property=\"og:locale\" content=\"de_DE\" \/>\n<meta property=\"og:type\" content=\"article\" \/>\n<meta property=\"og:title\" content=\"WTK-ARCHIV - Denkmalpflege und Bauen im Bestand\" \/>\n<meta property=\"og:description\" content=\"WTK-ARCHIV IM BRECHER \u201eH\u00dcBL\u201c, AMPFLWANG Industriearch\u00e4ologische Dokumentation des Brechers \u201eH\u00fcbl\u201c im Buchleithenwald bei Ampflwang im Hausruckwald sowie Entwurfsplanung zwecks Nachnutzung als Archiv-Au\u00dfenstelle des Ober\u00f6sterreichischen Landesarchivs f\u00fcr die Unterbringung und Aufbereitung der Aktenbest\u00e4nde der Wolfsegg-Traunthaler Kohlenwerks-Aktiengesellschaft. Auftraggeber:Ober\u00f6sterreichisches Landesarchiv (Direktor Dr. Gerhart Marckhgott)Marktgemeinde Ampflwang im Hausruckwald (B\u00fcrgermeisterin NR Rosemarie Sch\u00f6npass) Projektleitung:Ao. Univ. Prof. Dr. phil. Gerhard A. Stadler Mitarbeiter und Mitarbeiterinnen:Dipl. Ing. Dr. Fritz Idam (Hallstatt), Dipl. Ing. Peter Brandl, Zivilingenieur f\u00fcrRead More\" \/>\n<meta property=\"og:url\" content=\"https:\/\/denkmalpflege.tuwien.ac.at\/index.php\/wtk-archiv\/\" \/>\n<meta property=\"og:site_name\" content=\"Denkmalpflege und Bauen im Bestand\" \/>\n<meta property=\"article:modified_time\" content=\"2023-10-22T10:42:31+00:00\" \/>\n<meta name=\"twitter:card\" content=\"summary_large_image\" \/>\n<meta name=\"twitter:label1\" content=\"Gesch\u00e4tzte Lesezeit\" \/>\n\t<meta name=\"twitter:data1\" content=\"1\u00a0Minute\" \/>\n<script type=\"application\/ld+json\" class=\"yoast-schema-graph\">{\"@context\":\"https:\/\/schema.org\",\"@graph\":[{\"@type\":\"WebPage\",\"@id\":\"https:\/\/denkmalpflege.tuwien.ac.at\/index.php\/wtk-archiv\/\",\"url\":\"https:\/\/denkmalpflege.tuwien.ac.at\/index.php\/wtk-archiv\/\",\"name\":\"WTK-ARCHIV - Denkmalpflege und Bauen im Bestand\",\"isPartOf\":{\"@id\":\"https:\/\/denkmalpflege.tuwien.ac.at\/#website\"},\"datePublished\":\"2018-02-19T11:22:05+00:00\",\"dateModified\":\"2023-10-22T10:42:31+00:00\",\"breadcrumb\":{\"@id\":\"https:\/\/denkmalpflege.tuwien.ac.at\/index.php\/wtk-archiv\/#breadcrumb\"},\"inLanguage\":\"de\",\"potentialAction\":[{\"@type\":\"ReadAction\",\"target\":[\"https:\/\/denkmalpflege.tuwien.ac.at\/index.php\/wtk-archiv\/\"]}]},{\"@type\":\"BreadcrumbList\",\"@id\":\"https:\/\/denkmalpflege.tuwien.ac.at\/index.php\/wtk-archiv\/#breadcrumb\",\"itemListElement\":[{\"@type\":\"ListItem\",\"position\":1,\"name\":\"Startseite\",\"item\":\"https:\/\/denkmalpflege.tuwien.ac.at\/\"},{\"@type\":\"ListItem\",\"position\":2,\"name\":\"WTK-ARCHIV\"}]},{\"@type\":\"WebSite\",\"@id\":\"https:\/\/denkmalpflege.tuwien.ac.at\/#website\",\"url\":\"https:\/\/denkmalpflege.tuwien.ac.at\/\",\"name\":\"Denkmalpflege und Bauen im Bestand\",\"description\":\"Denkmalpflege TU Wien\",\"publisher\":{\"@id\":\"https:\/\/denkmalpflege.tuwien.ac.at\/#organization\"},\"potentialAction\":[{\"@type\":\"SearchAction\",\"target\":{\"@type\":\"EntryPoint\",\"urlTemplate\":\"https:\/\/denkmalpflege.tuwien.ac.at\/?s={search_term_string}\"},\"query-input\":{\"@type\":\"PropertyValueSpecification\",\"valueRequired\":true,\"valueName\":\"search_term_string\"}}],\"inLanguage\":\"de\"},{\"@type\":\"Organization\",\"@id\":\"https:\/\/denkmalpflege.tuwien.ac.at\/#organization\",\"name\":\"TU Wien Denkmalpflege und Bauen im Bestand\",\"url\":\"https:\/\/denkmalpflege.tuwien.ac.at\/\",\"logo\":{\"@type\":\"ImageObject\",\"inLanguage\":\"de\",\"@id\":\"https:\/\/denkmalpflege.tuwien.ac.at\/#\/schema\/logo\/image\/\",\"url\":\"https:\/\/denkmalpflege.tuwien.ac.at\/wp-content\/uploads\/2019\/10\/Logo1.png\",\"contentUrl\":\"https:\/\/denkmalpflege.tuwien.ac.at\/wp-content\/uploads\/2019\/10\/Logo1.png\",\"width\":222,\"height\":79,\"caption\":\"TU Wien Denkmalpflege und Bauen im Bestand\"},\"image\":{\"@id\":\"https:\/\/denkmalpflege.tuwien.ac.at\/#\/schema\/logo\/image\/\"}}]}<\/script>\n<!-- \/ Yoast SEO plugin. -->","yoast_head_json":{"title":"WTK-ARCHIV - Denkmalpflege und Bauen im Bestand","robots":{"index":"index","follow":"follow","max-snippet":"max-snippet:-1","max-image-preview":"max-image-preview:large","max-video-preview":"max-video-preview:-1"},"canonical":"https:\/\/denkmalpflege.tuwien.ac.at\/index.php\/wtk-archiv\/","og_locale":"de_DE","og_type":"article","og_title":"WTK-ARCHIV - Denkmalpflege und Bauen im Bestand","og_description":"WTK-ARCHIV IM BRECHER \u201eH\u00dcBL\u201c, AMPFLWANG Industriearch\u00e4ologische Dokumentation des Brechers \u201eH\u00fcbl\u201c im Buchleithenwald bei Ampflwang im Hausruckwald sowie Entwurfsplanung zwecks Nachnutzung als Archiv-Au\u00dfenstelle des Ober\u00f6sterreichischen Landesarchivs f\u00fcr die Unterbringung und Aufbereitung der Aktenbest\u00e4nde der Wolfsegg-Traunthaler Kohlenwerks-Aktiengesellschaft. Auftraggeber:Ober\u00f6sterreichisches Landesarchiv (Direktor Dr. Gerhart Marckhgott)Marktgemeinde Ampflwang im Hausruckwald (B\u00fcrgermeisterin NR Rosemarie Sch\u00f6npass) Projektleitung:Ao. Univ. Prof. Dr. phil. Gerhard A. Stadler Mitarbeiter und Mitarbeiterinnen:Dipl. Ing. Dr. Fritz Idam (Hallstatt), Dipl. Ing. Peter Brandl, Zivilingenieur f\u00fcrRead More","og_url":"https:\/\/denkmalpflege.tuwien.ac.at\/index.php\/wtk-archiv\/","og_site_name":"Denkmalpflege und Bauen im Bestand","article_modified_time":"2023-10-22T10:42:31+00:00","twitter_card":"summary_large_image","twitter_misc":{"Gesch\u00e4tzte Lesezeit":"1\u00a0Minute"},"schema":{"@context":"https:\/\/schema.org","@graph":[{"@type":"WebPage","@id":"https:\/\/denkmalpflege.tuwien.ac.at\/index.php\/wtk-archiv\/","url":"https:\/\/denkmalpflege.tuwien.ac.at\/index.php\/wtk-archiv\/","name":"WTK-ARCHIV - Denkmalpflege und Bauen im Bestand","isPartOf":{"@id":"https:\/\/denkmalpflege.tuwien.ac.at\/#website"},"datePublished":"2018-02-19T11:22:05+00:00","dateModified":"2023-10-22T10:42:31+00:00","breadcrumb":{"@id":"https:\/\/denkmalpflege.tuwien.ac.at\/index.php\/wtk-archiv\/#breadcrumb"},"inLanguage":"de","potentialAction":[{"@type":"ReadAction","target":["https:\/\/denkmalpflege.tuwien.ac.at\/index.php\/wtk-archiv\/"]}]},{"@type":"BreadcrumbList","@id":"https:\/\/denkmalpflege.tuwien.ac.at\/index.php\/wtk-archiv\/#breadcrumb","itemListElement":[{"@type":"ListItem","position":1,"name":"Startseite","item":"https:\/\/denkmalpflege.tuwien.ac.at\/"},{"@type":"ListItem","position":2,"name":"WTK-ARCHIV"}]},{"@type":"WebSite","@id":"https:\/\/denkmalpflege.tuwien.ac.at\/#website","url":"https:\/\/denkmalpflege.tuwien.ac.at\/","name":"Denkmalpflege und Bauen im Bestand","description":"Denkmalpflege TU Wien","publisher":{"@id":"https:\/\/denkmalpflege.tuwien.ac.at\/#organization"},"potentialAction":[{"@type":"SearchAction","target":{"@type":"EntryPoint","urlTemplate":"https:\/\/denkmalpflege.tuwien.ac.at\/?s={search_term_string}"},"query-input":{"@type":"PropertyValueSpecification","valueRequired":true,"valueName":"search_term_string"}}],"inLanguage":"de"},{"@type":"Organization","@id":"https:\/\/denkmalpflege.tuwien.ac.at\/#organization","name":"TU Wien Denkmalpflege und Bauen im Bestand","url":"https:\/\/denkmalpflege.tuwien.ac.at\/","logo":{"@type":"ImageObject","inLanguage":"de","@id":"https:\/\/denkmalpflege.tuwien.ac.at\/#\/schema\/logo\/image\/","url":"https:\/\/denkmalpflege.tuwien.ac.at\/wp-content\/uploads\/2019\/10\/Logo1.png","contentUrl":"https:\/\/denkmalpflege.tuwien.ac.at\/wp-content\/uploads\/2019\/10\/Logo1.png","width":222,"height":79,"caption":"TU Wien Denkmalpflege und Bauen im Bestand"},"image":{"@id":"https:\/\/denkmalpflege.tuwien.ac.at\/#\/schema\/logo\/image\/"}}]}},"_links":{"self":[{"href":"https:\/\/denkmalpflege.tuwien.ac.at\/index.php\/wp-json\/wp\/v2\/pages\/13273","targetHints":{"allow":["GET"]}}],"collection":[{"href":"https:\/\/denkmalpflege.tuwien.ac.at\/index.php\/wp-json\/wp\/v2\/pages"}],"about":[{"href":"https:\/\/denkmalpflege.tuwien.ac.at\/index.php\/wp-json\/wp\/v2\/types\/page"}],"author":[{"embeddable":true,"href":"https:\/\/denkmalpflege.tuwien.ac.at\/index.php\/wp-json\/wp\/v2\/users\/1"}],"replies":[{"embeddable":true,"href":"https:\/\/denkmalpflege.tuwien.ac.at\/index.php\/wp-json\/wp\/v2\/comments?post=13273"}],"version-history":[{"count":9,"href":"https:\/\/denkmalpflege.tuwien.ac.at\/index.php\/wp-json\/wp\/v2\/pages\/13273\/revisions"}],"predecessor-version":[{"id":27918,"href":"https:\/\/denkmalpflege.tuwien.ac.at\/index.php\/wp-json\/wp\/v2\/pages\/13273\/revisions\/27918"}],"wp:attachment":[{"href":"https:\/\/denkmalpflege.tuwien.ac.at\/index.php\/wp-json\/wp\/v2\/media?parent=13273"}],"curies":[{"name":"wp","href":"https:\/\/api.w.org\/{rel}","templated":true}]}}