{"id":13264,"date":"2018-02-19T12:14:16","date_gmt":"2018-02-19T11:14:16","guid":{"rendered":"http:\/\/denkmalpflege.tuwien.ac.at\/?page_id=13264"},"modified":"2023-10-22T12:42:46","modified_gmt":"2023-10-22T10:42:46","slug":"kacheloefen","status":"publish","type":"page","link":"https:\/\/denkmalpflege.tuwien.ac.at\/index.php\/kacheloefen\/","title":{"rendered":"KACHEL\u00d6FEN"},"content":{"rendered":"\t\t<div data-elementor-type=\"wp-page\" data-elementor-id=\"13264\" class=\"elementor elementor-13264\" data-elementor-post-type=\"page\">\n\t\t\t\t\t\t<section class=\"elementor-section elementor-top-section elementor-element elementor-element-1db5063c elementor-section-full_width elementor-section-height-default elementor-section-height-default\" data-id=\"1db5063c\" data-element_type=\"section\">\n\t\t\t\t\t\t<div class=\"elementor-container elementor-column-gap-default\">\n\t\t\t\t\t<div class=\"elementor-column elementor-col-100 elementor-top-column elementor-element elementor-element-85f4145\" data-id=\"85f4145\" data-element_type=\"column\">\n\t\t\t<div class=\"elementor-widget-wrap elementor-element-populated\">\n\t\t\t\t\t\t<div class=\"elementor-element elementor-element-53897a lva_h2 elementor-widget elementor-widget-heading\" data-id=\"53897a\" data-element_type=\"widget\" data-widget_type=\"heading.default\">\n\t\t\t\t<div class=\"elementor-widget-container\">\n\t\t\t\t\t<h2 class=\"elementor-heading-title elementor-size-default\">KACHEL\u00d6FEN IN WIEN. VON DER MANUFAKTUR ZUR FABRIKSM\u00c4SSIGEN ERZEUGUNG<\/h2>\t\t\t\t<\/div>\n\t\t\t\t<\/div>\n\t\t\t\t\t<\/div>\n\t\t<\/div>\n\t\t\t\t\t<\/div>\n\t\t<\/section>\n\t\t\t\t<section class=\"elementor-section elementor-top-section elementor-element elementor-element-570ded91 elementor-section-full_width elementor-section-height-default elementor-section-height-default\" data-id=\"570ded91\" data-element_type=\"section\">\n\t\t\t\t\t\t<div class=\"elementor-container elementor-column-gap-default\">\n\t\t\t\t\t<div class=\"elementor-column elementor-col-100 elementor-top-column elementor-element elementor-element-28652277\" data-id=\"28652277\" data-element_type=\"column\">\n\t\t\t<div class=\"elementor-widget-wrap elementor-element-populated\">\n\t\t\t\t\t\t<div class=\"elementor-element elementor-element-5c0e3f9d elementor-widget elementor-widget-text-editor\" data-id=\"5c0e3f9d\" data-element_type=\"widget\" data-widget_type=\"text-editor.default\">\n\t\t\t\t<div class=\"elementor-widget-container\">\n\t\t\t\t\t\t\t\t\t<p>Rekonstruktion der manufakturellen beziehungsweise fabriksm\u00e4\u00dfigen Herstellungsverfahren von Kachel\u00f6fen im sp\u00e4ten 18. Jahrhundert und im 19. Jahrhundert am Beispiel der Wiener Ton\u00f6fenfabriken Erndt und Fessler.<\/p><p><strong>Auftraggeber:<\/strong><br \/>ERNDT Tonwarenerzeugungs- und Handelsgesellschaft m.b.H. (DI Peter Hirner)<\/p><p><strong>Projektleitung:<\/strong><br \/>Ao. Univ. Prof. Dr. phil. Gerhard A. Stadler<\/p><p><strong>Mitarbeiter und Mitarbeiterinnen:<\/strong><br \/>Mag. Marena Marquet (Technische Universit\u00e4t Wien)<\/p><p><strong>Projektzeitraum:<\/strong><br \/>2003\/2004<\/p><p><strong>Ergebnisse:<\/strong><br \/>Gerhard A. Stadler: ERNDT. Zur Geschichte einer Hafnerdynastie. Wien (Selbstverlag) 2004<br \/>Marena Marquet: Kachel\u00f6fen in Wien. Von der Manufaktur zur fabriksm\u00e4\u00dfigen Erzeugung. Bericht an die Hochschuljubil\u00e4umsstiftung der Stadt Wien \u00fcber das Forschungsprojekt H-1109\/2004. Technische Universit\u00e4t Wien 2004<br \/>Gerhard A. Stadler: Vom Hofhafnermeister zum Tonofenfabrikanten. Zur Geschichte der Hafnerdynastie Erndt in Wien und Klein-P\u00f6chlarn. In: Bl\u00e4tter f\u00fcr Technikgeschichte, Bd. 71 (2009), S. 175\u2013201.<\/p><p><strong>Finanzierung:<\/strong><br \/>ERNDT Tonwarenerzeugungs- und Handelsgesellschaft m.b.H. \/ Hochschuljubil\u00e4umsstiftung der Stadt Wien (Forschungsprojekt H-1109\/2004)<\/p>\t\t\t\t\t\t\t\t<\/div>\n\t\t\t\t<\/div>\n\t\t\t\t\t<\/div>\n\t\t<\/div>\n\t\t\t\t\t<\/div>\n\t\t<\/section>\n\t\t\t\t<\/div>\n\t\t","protected":false},"excerpt":{"rendered":"<p>KACHEL\u00d6FEN IN WIEN. VON DER MANUFAKTUR ZUR FABRIKSM\u00c4SSIGEN ERZEUGUNG Rekonstruktion der manufakturellen beziehungsweise fabriksm\u00e4\u00dfigen Herstellungsverfahren von Kachel\u00f6fen im sp\u00e4ten 18. Jahrhundert und im 19. Jahrhundert am Beispiel der Wiener Ton\u00f6fenfabriken Erndt und Fessler. Auftraggeber:ERNDT Tonwarenerzeugungs- und Handelsgesellschaft m.b.H. (DI Peter Hirner) Projektleitung:Ao. Univ. Prof. Dr. phil. Gerhard A. Stadler Mitarbeiter und Mitarbeiterinnen:Mag. Marena Marquet (Technische Universit\u00e4t Wien) Projektzeitraum:2003\/2004 Ergebnisse:Gerhard A. Stadler: ERNDT. Zur Geschichte einer Hafnerdynastie. Wien (Selbstverlag) 2004Marena Marquet:<\/p>\n<div class=\"belowpost\"><a class=\"btnmore icon-arrow\" href=\"https:\/\/denkmalpflege.tuwien.ac.at\/index.php\/kacheloefen\/\"><span>Read More<\/span><\/a><\/div>\n","protected":false},"author":1,"featured_media":0,"parent":0,"menu_order":0,"comment_status":"closed","ping_status":"closed","template":"","meta":{"footnotes":""},"class_list":["post-13264","page","type-page","status-publish","hentry"],"yoast_head":"<!-- This site is optimized with the Yoast SEO plugin v26.0 - https:\/\/yoast.com\/wordpress\/plugins\/seo\/ -->\n<title>KACHEL\u00d6FEN - Denkmalpflege und Bauen im Bestand<\/title>\n<meta name=\"robots\" content=\"index, follow, max-snippet:-1, max-image-preview:large, max-video-preview:-1\" \/>\n<link rel=\"canonical\" href=\"https:\/\/denkmalpflege.tuwien.ac.at\/index.php\/kacheloefen\/\" \/>\n<meta property=\"og:locale\" content=\"de_DE\" \/>\n<meta property=\"og:type\" content=\"article\" \/>\n<meta property=\"og:title\" content=\"KACHEL\u00d6FEN - Denkmalpflege und Bauen im Bestand\" \/>\n<meta property=\"og:description\" content=\"KACHEL\u00d6FEN IN WIEN. VON DER MANUFAKTUR ZUR FABRIKSM\u00c4SSIGEN ERZEUGUNG Rekonstruktion der manufakturellen beziehungsweise fabriksm\u00e4\u00dfigen Herstellungsverfahren von Kachel\u00f6fen im sp\u00e4ten 18. Jahrhundert und im 19. Jahrhundert am Beispiel der Wiener Ton\u00f6fenfabriken Erndt und Fessler. Auftraggeber:ERNDT Tonwarenerzeugungs- und Handelsgesellschaft m.b.H. (DI Peter Hirner) Projektleitung:Ao. Univ. Prof. Dr. phil. Gerhard A. Stadler Mitarbeiter und Mitarbeiterinnen:Mag. Marena Marquet (Technische Universit\u00e4t Wien) Projektzeitraum:2003\/2004 Ergebnisse:Gerhard A. Stadler: ERNDT. Zur Geschichte einer Hafnerdynastie. Wien (Selbstverlag) 2004Marena Marquet:Read More\" \/>\n<meta property=\"og:url\" content=\"https:\/\/denkmalpflege.tuwien.ac.at\/index.php\/kacheloefen\/\" \/>\n<meta property=\"og:site_name\" content=\"Denkmalpflege und Bauen im Bestand\" \/>\n<meta property=\"article:modified_time\" content=\"2023-10-22T10:42:46+00:00\" \/>\n<meta name=\"twitter:card\" content=\"summary_large_image\" \/>\n<meta name=\"twitter:label1\" content=\"Gesch\u00e4tzte Lesezeit\" \/>\n\t<meta name=\"twitter:data1\" content=\"1\u00a0Minute\" \/>\n<script type=\"application\/ld+json\" class=\"yoast-schema-graph\">{\"@context\":\"https:\/\/schema.org\",\"@graph\":[{\"@type\":\"WebPage\",\"@id\":\"https:\/\/denkmalpflege.tuwien.ac.at\/index.php\/kacheloefen\/\",\"url\":\"https:\/\/denkmalpflege.tuwien.ac.at\/index.php\/kacheloefen\/\",\"name\":\"KACHEL\u00d6FEN - Denkmalpflege und Bauen im Bestand\",\"isPartOf\":{\"@id\":\"https:\/\/denkmalpflege.tuwien.ac.at\/#website\"},\"datePublished\":\"2018-02-19T11:14:16+00:00\",\"dateModified\":\"2023-10-22T10:42:46+00:00\",\"breadcrumb\":{\"@id\":\"https:\/\/denkmalpflege.tuwien.ac.at\/index.php\/kacheloefen\/#breadcrumb\"},\"inLanguage\":\"de\",\"potentialAction\":[{\"@type\":\"ReadAction\",\"target\":[\"https:\/\/denkmalpflege.tuwien.ac.at\/index.php\/kacheloefen\/\"]}]},{\"@type\":\"BreadcrumbList\",\"@id\":\"https:\/\/denkmalpflege.tuwien.ac.at\/index.php\/kacheloefen\/#breadcrumb\",\"itemListElement\":[{\"@type\":\"ListItem\",\"position\":1,\"name\":\"Startseite\",\"item\":\"https:\/\/denkmalpflege.tuwien.ac.at\/\"},{\"@type\":\"ListItem\",\"position\":2,\"name\":\"KACHEL\u00d6FEN\"}]},{\"@type\":\"WebSite\",\"@id\":\"https:\/\/denkmalpflege.tuwien.ac.at\/#website\",\"url\":\"https:\/\/denkmalpflege.tuwien.ac.at\/\",\"name\":\"Denkmalpflege und Bauen im Bestand\",\"description\":\"Denkmalpflege TU Wien\",\"publisher\":{\"@id\":\"https:\/\/denkmalpflege.tuwien.ac.at\/#organization\"},\"potentialAction\":[{\"@type\":\"SearchAction\",\"target\":{\"@type\":\"EntryPoint\",\"urlTemplate\":\"https:\/\/denkmalpflege.tuwien.ac.at\/?s={search_term_string}\"},\"query-input\":{\"@type\":\"PropertyValueSpecification\",\"valueRequired\":true,\"valueName\":\"search_term_string\"}}],\"inLanguage\":\"de\"},{\"@type\":\"Organization\",\"@id\":\"https:\/\/denkmalpflege.tuwien.ac.at\/#organization\",\"name\":\"TU Wien Denkmalpflege und Bauen im Bestand\",\"url\":\"https:\/\/denkmalpflege.tuwien.ac.at\/\",\"logo\":{\"@type\":\"ImageObject\",\"inLanguage\":\"de\",\"@id\":\"https:\/\/denkmalpflege.tuwien.ac.at\/#\/schema\/logo\/image\/\",\"url\":\"https:\/\/denkmalpflege.tuwien.ac.at\/wp-content\/uploads\/2019\/10\/Logo1.png\",\"contentUrl\":\"https:\/\/denkmalpflege.tuwien.ac.at\/wp-content\/uploads\/2019\/10\/Logo1.png\",\"width\":222,\"height\":79,\"caption\":\"TU Wien Denkmalpflege und Bauen im Bestand\"},\"image\":{\"@id\":\"https:\/\/denkmalpflege.tuwien.ac.at\/#\/schema\/logo\/image\/\"}}]}<\/script>\n<!-- \/ Yoast SEO plugin. -->","yoast_head_json":{"title":"KACHEL\u00d6FEN - Denkmalpflege und Bauen im Bestand","robots":{"index":"index","follow":"follow","max-snippet":"max-snippet:-1","max-image-preview":"max-image-preview:large","max-video-preview":"max-video-preview:-1"},"canonical":"https:\/\/denkmalpflege.tuwien.ac.at\/index.php\/kacheloefen\/","og_locale":"de_DE","og_type":"article","og_title":"KACHEL\u00d6FEN - Denkmalpflege und Bauen im Bestand","og_description":"KACHEL\u00d6FEN IN WIEN. VON DER MANUFAKTUR ZUR FABRIKSM\u00c4SSIGEN ERZEUGUNG Rekonstruktion der manufakturellen beziehungsweise fabriksm\u00e4\u00dfigen Herstellungsverfahren von Kachel\u00f6fen im sp\u00e4ten 18. Jahrhundert und im 19. Jahrhundert am Beispiel der Wiener Ton\u00f6fenfabriken Erndt und Fessler. Auftraggeber:ERNDT Tonwarenerzeugungs- und Handelsgesellschaft m.b.H. (DI Peter Hirner) Projektleitung:Ao. Univ. Prof. Dr. phil. Gerhard A. Stadler Mitarbeiter und Mitarbeiterinnen:Mag. Marena Marquet (Technische Universit\u00e4t Wien) Projektzeitraum:2003\/2004 Ergebnisse:Gerhard A. Stadler: ERNDT. Zur Geschichte einer Hafnerdynastie. Wien (Selbstverlag) 2004Marena Marquet:Read More","og_url":"https:\/\/denkmalpflege.tuwien.ac.at\/index.php\/kacheloefen\/","og_site_name":"Denkmalpflege und Bauen im Bestand","article_modified_time":"2023-10-22T10:42:46+00:00","twitter_card":"summary_large_image","twitter_misc":{"Gesch\u00e4tzte Lesezeit":"1\u00a0Minute"},"schema":{"@context":"https:\/\/schema.org","@graph":[{"@type":"WebPage","@id":"https:\/\/denkmalpflege.tuwien.ac.at\/index.php\/kacheloefen\/","url":"https:\/\/denkmalpflege.tuwien.ac.at\/index.php\/kacheloefen\/","name":"KACHEL\u00d6FEN - Denkmalpflege und Bauen im Bestand","isPartOf":{"@id":"https:\/\/denkmalpflege.tuwien.ac.at\/#website"},"datePublished":"2018-02-19T11:14:16+00:00","dateModified":"2023-10-22T10:42:46+00:00","breadcrumb":{"@id":"https:\/\/denkmalpflege.tuwien.ac.at\/index.php\/kacheloefen\/#breadcrumb"},"inLanguage":"de","potentialAction":[{"@type":"ReadAction","target":["https:\/\/denkmalpflege.tuwien.ac.at\/index.php\/kacheloefen\/"]}]},{"@type":"BreadcrumbList","@id":"https:\/\/denkmalpflege.tuwien.ac.at\/index.php\/kacheloefen\/#breadcrumb","itemListElement":[{"@type":"ListItem","position":1,"name":"Startseite","item":"https:\/\/denkmalpflege.tuwien.ac.at\/"},{"@type":"ListItem","position":2,"name":"KACHEL\u00d6FEN"}]},{"@type":"WebSite","@id":"https:\/\/denkmalpflege.tuwien.ac.at\/#website","url":"https:\/\/denkmalpflege.tuwien.ac.at\/","name":"Denkmalpflege und Bauen im Bestand","description":"Denkmalpflege TU Wien","publisher":{"@id":"https:\/\/denkmalpflege.tuwien.ac.at\/#organization"},"potentialAction":[{"@type":"SearchAction","target":{"@type":"EntryPoint","urlTemplate":"https:\/\/denkmalpflege.tuwien.ac.at\/?s={search_term_string}"},"query-input":{"@type":"PropertyValueSpecification","valueRequired":true,"valueName":"search_term_string"}}],"inLanguage":"de"},{"@type":"Organization","@id":"https:\/\/denkmalpflege.tuwien.ac.at\/#organization","name":"TU Wien Denkmalpflege und Bauen im Bestand","url":"https:\/\/denkmalpflege.tuwien.ac.at\/","logo":{"@type":"ImageObject","inLanguage":"de","@id":"https:\/\/denkmalpflege.tuwien.ac.at\/#\/schema\/logo\/image\/","url":"https:\/\/denkmalpflege.tuwien.ac.at\/wp-content\/uploads\/2019\/10\/Logo1.png","contentUrl":"https:\/\/denkmalpflege.tuwien.ac.at\/wp-content\/uploads\/2019\/10\/Logo1.png","width":222,"height":79,"caption":"TU Wien Denkmalpflege und Bauen im Bestand"},"image":{"@id":"https:\/\/denkmalpflege.tuwien.ac.at\/#\/schema\/logo\/image\/"}}]}},"_links":{"self":[{"href":"https:\/\/denkmalpflege.tuwien.ac.at\/index.php\/wp-json\/wp\/v2\/pages\/13264","targetHints":{"allow":["GET"]}}],"collection":[{"href":"https:\/\/denkmalpflege.tuwien.ac.at\/index.php\/wp-json\/wp\/v2\/pages"}],"about":[{"href":"https:\/\/denkmalpflege.tuwien.ac.at\/index.php\/wp-json\/wp\/v2\/types\/page"}],"author":[{"embeddable":true,"href":"https:\/\/denkmalpflege.tuwien.ac.at\/index.php\/wp-json\/wp\/v2\/users\/1"}],"replies":[{"embeddable":true,"href":"https:\/\/denkmalpflege.tuwien.ac.at\/index.php\/wp-json\/wp\/v2\/comments?post=13264"}],"version-history":[{"count":13,"href":"https:\/\/denkmalpflege.tuwien.ac.at\/index.php\/wp-json\/wp\/v2\/pages\/13264\/revisions"}],"predecessor-version":[{"id":27924,"href":"https:\/\/denkmalpflege.tuwien.ac.at\/index.php\/wp-json\/wp\/v2\/pages\/13264\/revisions\/27924"}],"wp:attachment":[{"href":"https:\/\/denkmalpflege.tuwien.ac.at\/index.php\/wp-json\/wp\/v2\/media?parent=13264"}],"curies":[{"name":"wp","href":"https:\/\/api.w.org\/{rel}","templated":true}]}}