{"id":13244,"date":"2018-02-19T12:00:45","date_gmt":"2018-02-19T11:00:45","guid":{"rendered":"http:\/\/denkmalpflege.tuwien.ac.at\/?page_id=13244"},"modified":"2023-10-22T12:43:31","modified_gmt":"2023-10-22T10:43:31","slug":"industrie-dehio","status":"publish","type":"page","link":"https:\/\/denkmalpflege.tuwien.ac.at\/index.php\/industrie-dehio\/","title":{"rendered":"INDUSTRIE-DEHIO"},"content":{"rendered":"\t\t<div data-elementor-type=\"wp-page\" data-elementor-id=\"13244\" class=\"elementor elementor-13244\" data-elementor-post-type=\"page\">\n\t\t\t\t\t\t<section class=\"elementor-section elementor-top-section elementor-element elementor-element-1a7bf426 elementor-section-full_width elementor-section-height-default elementor-section-height-default\" data-id=\"1a7bf426\" data-element_type=\"section\">\n\t\t\t\t\t\t<div class=\"elementor-container elementor-column-gap-default\">\n\t\t\t\t\t<div class=\"elementor-column elementor-col-100 elementor-top-column elementor-element elementor-element-6eb59fcc\" data-id=\"6eb59fcc\" data-element_type=\"column\">\n\t\t\t<div class=\"elementor-widget-wrap elementor-element-populated\">\n\t\t\t\t\t\t<div class=\"elementor-element elementor-element-25dadb2f lva_h2 elementor-widget elementor-widget-heading\" data-id=\"25dadb2f\" data-element_type=\"widget\" data-widget_type=\"heading.default\">\n\t\t\t\t<div class=\"elementor-widget-container\">\n\t\t\t\t\t<h2 class=\"elementor-heading-title elementor-size-default\">INDUSTRIE-DEHIO NIEDER\u00d6STERREICH<\/h2>\t\t\t\t<\/div>\n\t\t\t\t<\/div>\n\t\t\t\t\t<\/div>\n\t\t<\/div>\n\t\t\t\t\t<\/div>\n\t\t<\/section>\n\t\t\t\t<section class=\"elementor-section elementor-top-section elementor-element elementor-element-5adb41cb elementor-section-full_width elementor-section-height-default elementor-section-height-default\" data-id=\"5adb41cb\" data-element_type=\"section\">\n\t\t\t\t\t\t<div class=\"elementor-container elementor-column-gap-default\">\n\t\t\t\t\t<div class=\"elementor-column elementor-col-100 elementor-top-column elementor-element elementor-element-374ead92\" data-id=\"374ead92\" data-element_type=\"column\">\n\t\t\t<div class=\"elementor-widget-wrap elementor-element-populated\">\n\t\t\t\t\t\t<div class=\"elementor-element elementor-element-4ee06dc5 elementor-widget elementor-widget-text-editor\" data-id=\"4ee06dc5\" data-element_type=\"widget\" data-widget_type=\"text-editor.default\">\n\t\t\t\t<div class=\"elementor-widget-container\">\n\t\t\t\t\t\t\t\t\t<p>Erhebung und Dokumentation des industriellen Erbes Nieder\u00f6sterreichs im Rahmen des unter dem Arbeitstitel \u201eIndustrie-Dehio\u201c laufenden institutsinternen Forschungsprojektes. Das Ziel lag in einer standardisierten und computergest\u00fctzten Erfassung des industriellen Erbes Nieder\u00f6sterreichs, das anhand von ungef\u00e4hr eintausend Bauwerken und Fabrikensembles aus den Bereichen Produktion, Distribution und Verkehr dokumentiert wurde. Die Mehrzahl der Objekte stammt aus der Periode des Industriezeitalters, das in Nieder\u00f6sterreich im sp\u00e4ten 18. Jahrhundert seinen Anfang nahm. Zeitlich erfasste die Inventarisation auch Bauwerke aus vorindustrieller Zeit, insbesondere wassergetriebene M\u00fchlwerke wie sie bereits seit dem Mittelalter f\u00fcr das Mahlen von Getreide, den Antrieb von S\u00e4gen oder das Stampfen von Pulver Verwendung fanden. Dar\u00fcber hinaus sind auch Industriekomplexe und technische Einrichtungen der Gegenwart festgehalten, gewisser-ma\u00dfen als Denkmale der Zukunft, die Wendezeit zur postindustriellen Gesellschaft illustrierend.<\/p><p>Die Dokumentation des industriellen Erbes beschr\u00e4nkt sich nicht nur auf ein Ger\u00fcst aus Jahreszahlen und Personen- oder Unternehmensnamen oder etwa auf die sachliche Beschreibung \u00fcberlieferter Bauformen und Produktionsabl\u00e4ufe, sie bezieht auch Arbeits- und Lebenswelten mit ein, erschlie\u00dft Zw\u00e4nge und Missst\u00e4nde der industriellen Produktionsweise, denn nicht allein die Erfolgsgeschichte galt es festzuhalten, sondern auch die Irrwege, Fehlschl\u00e4ge und Katastrophen, will man einer Bewertung des industriellen Erbes gerecht werden. Verzeichnet sind auch biografische Notizen von Werkangeh\u00f6rigen, Unternehmern, Industriearbeitern und Fabrikanten, die mit Selbstverst\u00e4ndnis ihren T\u00e4tigkeiten nachgingen, aber auch Hinweise auf den entw\u00fcrdigenden und vielfach im Tod endenden Arbeitseinsatz von Kettenstr\u00e4flingen und Zwangsarbeitern, von Kriegsgefangenen oder von Konzentrationslagerh\u00e4ftlingen.<\/p><p><strong>Auftraggeber:<\/strong><br \/>Institut f\u00fcr Kunstgeschichte, Denkmalpflege und Industriearch\u00e4ologie (Technische Universit\u00e4t Wien)<\/p><p><strong>Projektleitung:<\/strong><br \/>Univ. Ass. Dr. phil. Gerhard A. Stadler<\/p><p><strong>Mitarbeiter und Mitarbeiterinnen:<\/strong><br \/>Dipl. Ing. Dr. Milo\u0161 Kruml, Dipl. Ing. Michael Wistawel, cand. arch. Florian Wicke, Dr. Andrea Komlosy (alle Technische Universit\u00e4t Wien)<\/p><p><strong>Projektzeitraum:<\/strong><br \/>1990 \u2013 2000<\/p><p><strong>Projektzeitraum:<\/strong><br \/>Gerhard A. Stadler: Der versinkende Fortschritt. Initiativen zur Erhaltung und Dokumentation von Industriedenkm\u00e4lern im Viertel unter dem Wienerwald. In: Industrieviertler Hausbuch, hg. vom N\u00d6. Bildungs- und Heimatwerk, Wien \u2013 Himberg 1991, S. 229\u2013234<br \/>Gerhard A. Stadler: \u201eDer Industrie-Dehio. Inventarisation und Dokumentation des industriellen Erbes in \u00d6sterreich\u201c. Internationales Symposium \u201eDas industrielle Erbe unter den Bedingungen des Gemeinschaftswerks Aufschwung Ost &#8211; Bewahren &#8211; Nutzen &#8211; Gestalten: Stand und Perspektiven\u201c. Veranstalter: Deutsche Gesellschaft. Sektion Industriearch\u00e4ologie. Bad Saarow, 5. bis 10. Oktober 1992<br \/>Gerhard A. Stadler: \u201eIndustriearch\u00e4ologie in Nieder\u00f6sterreich\u201c. Festvortrag zur Jahreshauptversammlung der Gesellschaft zur F\u00f6rderung und Erforschung der Industriekultur im Viertel unter dem Wienerwald. Guntramsdorf, 19. November 1992<br \/>\u00d6sterreichischer Rundfunk: \u201eSchatzkammer Arch\u00e4ologie\u201c. Eine ORF-Dokumentation des Projektes Industrie-Dehio. Redaktion: Manfred Rameseder, Wien 1993<br \/>Gerhard A. Stadler: Industriekultur und Industriearch\u00e4ologie. In: Nieder\u00f6sterreichische Wirtschaftschronik, hg. von der Gesellschaft f\u00fcr Wirtschaftsdokumentationen, Wien \u2013 Horn 1994, S. I\/171\u2013I\/186<br \/>Gerhard A. Stadler: Aufbruch in das Industriezeitalter. In: Raum. \u00d6sterreichische Zeitschrift f\u00fcr Raumplanung und Regionalpolitik, 26\/97, S. 10\u201313<br \/>Gerhard A. Stadler: Erd\u00f6l im Weinviertel. Perspektiven zu der Erhaltung \u00d6sterreichs \u00e4ltester F\u00f6rderlandschaft. In: Historicum. Zeitschrift f\u00fcr Geschichte, Sommer 1997, S. 28\u201334<br \/>Gerhard A. Stadler: Das industrielle Erbe Nieder\u00f6sterreichs. Aktuelle Forschungen im Fachbereich Industriearch\u00e4ologie. In: Bl\u00e4tter f\u00fcr Technikgeschichte 60 (1998), S. 93\u2013125<br \/>Gerhard A. Stadler: \u201eIndustrielles Zwischenspiel in der Kornkammer Nieder\u00f6sterreichs\u201c. Tagung des Lehrstuhls Technikgeschichte der Brandenburgischen Technischen Universit\u00e4t Cottbus in Zusammenarbeit mit den Brandenburgischen Kunstsammlungen Cottbus und dem Energieunternehmen Essag: \u201eTechnik und die Ver\u00e4nderung der Kulturlandschaft\u201c, Cottbus, 26. Februar 1998<br \/>Gerhard A. Stadler: Endbericht zum Forschungsprojekt Industrie-Dehio Nieder\u00f6sterreich. Technische Universit\u00e4t Wien 1998<br \/>Gerhard A. Stadler: Im Wein die Wahrheit! \u2013 Der Reichtum im \u00d6l? \u201eCanadisches\u201c Erd\u00f6l im Weinviertel. In: G\u00fcnter Bayerl, Wolfhard Weber (Hg.): Sozialgeschichte der Technik. Ulrich Troitzsch zum 60. Geburtstag (Cottbuser Studien zur Geschichte von Technik, Arbeit und Umwelt 7), M\u00fcnster \u2013 New York \u2013 M\u00fcnchen \u2013 Berlin 1998, S. 239\u2013247<br \/>Gerhard A. Stadler: Industriearch\u00e4ologie quo vadis? Vom Aufbruch in die industrielle Vergangenheit. In: Bl\u00e4tter f\u00fcr Technikgeschichte, Bd. 63\/2002. Manfred Wehdorn zum 60. Geburtstag, S. 13\u201332<br \/>Gerhard A. Stadler: \u201eOil mining in the cultural landscape of Lower Austria\u201c. 2nd International Conference of ESEH (european society for environmental history): \u201eDealing with Diversity\u201c, Prag, 5. September 2003<br \/>Gerhard A. Stadler: Industrielles Zwischenspiel in der Agrarlandschaft. Erd\u00f6lf\u00f6rderung in der Kornkammer Nieder\u00f6sterreichs. In: G\u00fcnter Bayerl, Torsten Meyer (Hg.): Die Ver\u00e4nderung der Kulturlandschaft. Nutzungen \u2013 Sichtweisen \u2013 Planungen (Cottbuser Studien zur Geschichte von Technik, Arbeit und Umwelt 22), M\u00fcnster \u2013 New York \u2013 M\u00fcnchen \u2013 Berlin 2003, S. 123\u2013138<br \/>Gerhard A. Stadler: Bauform und Architektur der fr\u00fchen Fabriken in Nieder\u00f6sterreich. In: Massenware \u2013 Luxusgut. Technik und Design zwischen Biedermeier und Wiener Weltausstellung 1804\u20131873, hg. Technisches Museum Wien, Wien 2004, S. 164\u2013175<br \/>Gerhard A. Stadler: The Building Structures and Architecture of Early Factories in Lower Austria. In: Mass Production \u2013 Luxury goods. Technology and design from the Biedermeier era to the Vienna World Exhibition 1804\u20131873, ed. Technisches Museum Wien, Wien 2004, p. 60\u201366<br \/>Gerhard A. Stadler: Das industrielle Erbe Nieder\u00f6sterreichs. Geschichte \u2013 Technik \u2013 Architektur. Wien, K\u00f6ln, Weimar 2006<br \/>Michael Pammer: Habilitation Gerhard A. Stadler. Industriearch\u00e4ologie Nieder\u00f6sterreichs. In: Historicum. Zeitschrift f\u00fcr Geschichte, Herbst 2006, S. 9\u201311<br \/>Anonym: Stadler, Gerhard A. Das industrielle Erbe Nieder\u00f6sterreichs. Geschichte \u2013 Technik \u2013 Architektur, 2006, B\u00f6hlau, 1019 Seiten, 939 s\/w-Abb. ISBN 3-205-77460-4. Besprochen in: industriewissenschaftliches institut aktuell, iwi 2006\/4<br \/>G\u00fcnther Luxbacher: Stadler G.A.: Das industrielle Erbe Nieder\u00f6sterreichs. Geschichte \u2013 Technik \u2013 Architektur. Wien, K\u00f6ln, Weimar: B\u00f6hlau 2006. ISBN 978-3-205-77460-0. 1019 S., 940 Abb., geb., 89,- \u20ac. Besprochen in: Bautechnik. Zeitschrift f\u00fcr den gesamten Ingenieurbau, 84. Jg. Mai 2007, Heft 5, S. 359\u2013360<br \/>Gerhard A. Stadler: \u201eDie Nadelburg in Lichtenw\u00f6rth im Besitz der Batty\u00e1ny\u201c. Vortrag im Rahmen der Schlaininger Gespr\u00e4che 2006: \u201eDie Familie Batty\u00e1ny im 17. und 18. Jahrhundert\u201c, Stadtschlaining, 26. September 2006<br \/>Gerhard A. Stadler: \u201eEs klappert die M\u00fchle am rauschenden Bach &#8230;\u201c S\u00e4gem\u00fchlen im nieder\u00f6sterreichischen Waldviertel. In: industrie-kultur. Denkmalpflege, Landschaft, Sozial-, Umwelt- und Technikgeschichte, 4\/2006, 12 f.<br \/>Gerhard A. Stadler: \u201eDas Industrielle Erbe im Raum Wiener Neustadt\u201c. Vortrag im Stadtarchiv Wiener Neustadt, 6. Juni 2008<br \/>Gerhard A. Stadler: Die Architektur der Industrielandschaft. In: Elke Krasny, Theresia Hauenfels: Architekturlandschaft Nieder\u00f6sterreich. Industrieviertel, hg. von Kunstbank Ferrum \u2013 Kulturwerkst\u00e4tte und ORTE Architekturnetzwerk Nieder\u00f6sterreich, Salzburg \u2013 M\u00fcnchen 2009, S. 13\u201320<br \/>Gerhard A. Stadler: The Architectur of the Industrial Landscape. In: Elke Krasny, Theresia Hauenfels: Lower Austria \u2013 The Architectural Landscape. Industrieviertel-Region, hg. von Kunstbank Ferrum \u2013 Kulturwerkst\u00e4tte und ORTE Architekturnetzwerk Nieder\u00f6sterreich, Salzburg \u2013 M\u00fcnchen 2009, p. 13\u201320<br \/>Gerhard A. Stadler: Schwarzes Gold aus dem Weinviertel. Nieder\u00f6sterreich als bedeutende Lagerst\u00e4tte f\u00fcr Erd\u00f6l. In: industrie-kultur. Denkmalpflege, Landschaft, Sozial-, Umwelt- und Technikgeschichte, 15. Jg. (2009), 49. Heft, Ausgabe 4\/2009, S. 10\u201313.<br \/>Gerhard A. Stadler: \u201eGeschichte der Erd\u00f6lf\u00f6rderung in \u00d6sterreich unter besonderer Ber\u00fccksichtigung der F\u00f6rderlandschaft in Nieder\u00f6sterreich\u201c. Tagung der Arbeitsgruppe Industriedenkmalpflege der Vereinigung der Landesdenkmalpfleger in der Bundesrepublik Deutschland in Poysdorf: \u201eBaudenkm\u00e4ler der Erd\u00f6l- und Erdgaswirtschaft\u201c, 26. September 2011<br \/>Gerhard A. Stadler: Die \u201eNadelburg\u201c zu Lichtenw\u00f6rth unter Theodor Graf Batthy\u00e1ny. In: Rudolf Kropf (Hg.): Die Familie Batty\u00e1ny. Ein \u00f6sterreichisch-ungarisches Magnatengeschlecht vom Ende des Mittelalters bis zur Gegenwart, Bd. 2, Eisenstadt 2014, S. 101\u2013114<\/p><p><strong>Finanzierung:<\/strong><br \/>Fonds zur F\u00f6rderung der wissenschaftlichen Forschung (FWF) \/ Wissenschaftliche Landesakademie f\u00fcr Nieder\u00f6sterreich \/ Amt der Nieder\u00f6sterreichischen Landesregierung, Abteilung Kultur und Wissenschaft<\/p>\t\t\t\t\t\t\t\t<\/div>\n\t\t\t\t<\/div>\n\t\t\t\t\t<\/div>\n\t\t<\/div>\n\t\t\t\t\t<\/div>\n\t\t<\/section>\n\t\t\t\t<\/div>\n\t\t","protected":false},"excerpt":{"rendered":"<p>INDUSTRIE-DEHIO NIEDER\u00d6STERREICH Erhebung und Dokumentation des industriellen Erbes Nieder\u00f6sterreichs im Rahmen des unter dem Arbeitstitel \u201eIndustrie-Dehio\u201c laufenden institutsinternen Forschungsprojektes. Das Ziel lag in einer standardisierten und computergest\u00fctzten Erfassung des industriellen Erbes Nieder\u00f6sterreichs, das anhand von ungef\u00e4hr eintausend Bauwerken und Fabrikensembles aus den Bereichen Produktion, Distribution und Verkehr dokumentiert wurde. Die Mehrzahl der Objekte stammt aus der Periode des Industriezeitalters, das in Nieder\u00f6sterreich im sp\u00e4ten 18. Jahrhundert seinen Anfang nahm. Zeitlich<\/p>\n<div class=\"belowpost\"><a class=\"btnmore icon-arrow\" href=\"https:\/\/denkmalpflege.tuwien.ac.at\/index.php\/industrie-dehio\/\"><span>Read More<\/span><\/a><\/div>\n","protected":false},"author":1,"featured_media":0,"parent":0,"menu_order":0,"comment_status":"closed","ping_status":"closed","template":"","meta":{"footnotes":""},"class_list":["post-13244","page","type-page","status-publish","hentry"],"yoast_head":"<!-- This site is optimized with the Yoast SEO plugin v26.0 - https:\/\/yoast.com\/wordpress\/plugins\/seo\/ -->\n<title>INDUSTRIE-DEHIO - Denkmalpflege und Bauen im Bestand<\/title>\n<meta name=\"robots\" content=\"index, follow, max-snippet:-1, max-image-preview:large, max-video-preview:-1\" \/>\n<link rel=\"canonical\" href=\"https:\/\/denkmalpflege.tuwien.ac.at\/index.php\/industrie-dehio\/\" \/>\n<meta property=\"og:locale\" content=\"de_DE\" \/>\n<meta property=\"og:type\" content=\"article\" \/>\n<meta property=\"og:title\" content=\"INDUSTRIE-DEHIO - Denkmalpflege und Bauen im Bestand\" \/>\n<meta property=\"og:description\" content=\"INDUSTRIE-DEHIO NIEDER\u00d6STERREICH Erhebung und Dokumentation des industriellen Erbes Nieder\u00f6sterreichs im Rahmen des unter dem Arbeitstitel \u201eIndustrie-Dehio\u201c laufenden institutsinternen Forschungsprojektes. Das Ziel lag in einer standardisierten und computergest\u00fctzten Erfassung des industriellen Erbes Nieder\u00f6sterreichs, das anhand von ungef\u00e4hr eintausend Bauwerken und Fabrikensembles aus den Bereichen Produktion, Distribution und Verkehr dokumentiert wurde. Die Mehrzahl der Objekte stammt aus der Periode des Industriezeitalters, das in Nieder\u00f6sterreich im sp\u00e4ten 18. Jahrhundert seinen Anfang nahm. ZeitlichRead More\" \/>\n<meta property=\"og:url\" content=\"https:\/\/denkmalpflege.tuwien.ac.at\/index.php\/industrie-dehio\/\" \/>\n<meta property=\"og:site_name\" content=\"Denkmalpflege und Bauen im Bestand\" \/>\n<meta property=\"article:modified_time\" content=\"2023-10-22T10:43:31+00:00\" \/>\n<meta name=\"twitter:card\" content=\"summary_large_image\" \/>\n<meta name=\"twitter:label1\" content=\"Gesch\u00e4tzte Lesezeit\" \/>\n\t<meta name=\"twitter:data1\" content=\"6\u00a0Minuten\" \/>\n<script type=\"application\/ld+json\" class=\"yoast-schema-graph\">{\"@context\":\"https:\/\/schema.org\",\"@graph\":[{\"@type\":\"WebPage\",\"@id\":\"https:\/\/denkmalpflege.tuwien.ac.at\/index.php\/industrie-dehio\/\",\"url\":\"https:\/\/denkmalpflege.tuwien.ac.at\/index.php\/industrie-dehio\/\",\"name\":\"INDUSTRIE-DEHIO - Denkmalpflege und Bauen im Bestand\",\"isPartOf\":{\"@id\":\"https:\/\/denkmalpflege.tuwien.ac.at\/#website\"},\"datePublished\":\"2018-02-19T11:00:45+00:00\",\"dateModified\":\"2023-10-22T10:43:31+00:00\",\"breadcrumb\":{\"@id\":\"https:\/\/denkmalpflege.tuwien.ac.at\/index.php\/industrie-dehio\/#breadcrumb\"},\"inLanguage\":\"de\",\"potentialAction\":[{\"@type\":\"ReadAction\",\"target\":[\"https:\/\/denkmalpflege.tuwien.ac.at\/index.php\/industrie-dehio\/\"]}]},{\"@type\":\"BreadcrumbList\",\"@id\":\"https:\/\/denkmalpflege.tuwien.ac.at\/index.php\/industrie-dehio\/#breadcrumb\",\"itemListElement\":[{\"@type\":\"ListItem\",\"position\":1,\"name\":\"Startseite\",\"item\":\"https:\/\/denkmalpflege.tuwien.ac.at\/\"},{\"@type\":\"ListItem\",\"position\":2,\"name\":\"INDUSTRIE-DEHIO\"}]},{\"@type\":\"WebSite\",\"@id\":\"https:\/\/denkmalpflege.tuwien.ac.at\/#website\",\"url\":\"https:\/\/denkmalpflege.tuwien.ac.at\/\",\"name\":\"Denkmalpflege und Bauen im Bestand\",\"description\":\"Denkmalpflege TU Wien\",\"publisher\":{\"@id\":\"https:\/\/denkmalpflege.tuwien.ac.at\/#organization\"},\"potentialAction\":[{\"@type\":\"SearchAction\",\"target\":{\"@type\":\"EntryPoint\",\"urlTemplate\":\"https:\/\/denkmalpflege.tuwien.ac.at\/?s={search_term_string}\"},\"query-input\":{\"@type\":\"PropertyValueSpecification\",\"valueRequired\":true,\"valueName\":\"search_term_string\"}}],\"inLanguage\":\"de\"},{\"@type\":\"Organization\",\"@id\":\"https:\/\/denkmalpflege.tuwien.ac.at\/#organization\",\"name\":\"TU Wien Denkmalpflege und Bauen im Bestand\",\"url\":\"https:\/\/denkmalpflege.tuwien.ac.at\/\",\"logo\":{\"@type\":\"ImageObject\",\"inLanguage\":\"de\",\"@id\":\"https:\/\/denkmalpflege.tuwien.ac.at\/#\/schema\/logo\/image\/\",\"url\":\"https:\/\/denkmalpflege.tuwien.ac.at\/wp-content\/uploads\/2019\/10\/Logo1.png\",\"contentUrl\":\"https:\/\/denkmalpflege.tuwien.ac.at\/wp-content\/uploads\/2019\/10\/Logo1.png\",\"width\":222,\"height\":79,\"caption\":\"TU Wien Denkmalpflege und Bauen im Bestand\"},\"image\":{\"@id\":\"https:\/\/denkmalpflege.tuwien.ac.at\/#\/schema\/logo\/image\/\"}}]}<\/script>\n<!-- \/ Yoast SEO plugin. -->","yoast_head_json":{"title":"INDUSTRIE-DEHIO - Denkmalpflege und Bauen im Bestand","robots":{"index":"index","follow":"follow","max-snippet":"max-snippet:-1","max-image-preview":"max-image-preview:large","max-video-preview":"max-video-preview:-1"},"canonical":"https:\/\/denkmalpflege.tuwien.ac.at\/index.php\/industrie-dehio\/","og_locale":"de_DE","og_type":"article","og_title":"INDUSTRIE-DEHIO - Denkmalpflege und Bauen im Bestand","og_description":"INDUSTRIE-DEHIO NIEDER\u00d6STERREICH Erhebung und Dokumentation des industriellen Erbes Nieder\u00f6sterreichs im Rahmen des unter dem Arbeitstitel \u201eIndustrie-Dehio\u201c laufenden institutsinternen Forschungsprojektes. Das Ziel lag in einer standardisierten und computergest\u00fctzten Erfassung des industriellen Erbes Nieder\u00f6sterreichs, das anhand von ungef\u00e4hr eintausend Bauwerken und Fabrikensembles aus den Bereichen Produktion, Distribution und Verkehr dokumentiert wurde. Die Mehrzahl der Objekte stammt aus der Periode des Industriezeitalters, das in Nieder\u00f6sterreich im sp\u00e4ten 18. Jahrhundert seinen Anfang nahm. ZeitlichRead More","og_url":"https:\/\/denkmalpflege.tuwien.ac.at\/index.php\/industrie-dehio\/","og_site_name":"Denkmalpflege und Bauen im Bestand","article_modified_time":"2023-10-22T10:43:31+00:00","twitter_card":"summary_large_image","twitter_misc":{"Gesch\u00e4tzte Lesezeit":"6\u00a0Minuten"},"schema":{"@context":"https:\/\/schema.org","@graph":[{"@type":"WebPage","@id":"https:\/\/denkmalpflege.tuwien.ac.at\/index.php\/industrie-dehio\/","url":"https:\/\/denkmalpflege.tuwien.ac.at\/index.php\/industrie-dehio\/","name":"INDUSTRIE-DEHIO - Denkmalpflege und Bauen im Bestand","isPartOf":{"@id":"https:\/\/denkmalpflege.tuwien.ac.at\/#website"},"datePublished":"2018-02-19T11:00:45+00:00","dateModified":"2023-10-22T10:43:31+00:00","breadcrumb":{"@id":"https:\/\/denkmalpflege.tuwien.ac.at\/index.php\/industrie-dehio\/#breadcrumb"},"inLanguage":"de","potentialAction":[{"@type":"ReadAction","target":["https:\/\/denkmalpflege.tuwien.ac.at\/index.php\/industrie-dehio\/"]}]},{"@type":"BreadcrumbList","@id":"https:\/\/denkmalpflege.tuwien.ac.at\/index.php\/industrie-dehio\/#breadcrumb","itemListElement":[{"@type":"ListItem","position":1,"name":"Startseite","item":"https:\/\/denkmalpflege.tuwien.ac.at\/"},{"@type":"ListItem","position":2,"name":"INDUSTRIE-DEHIO"}]},{"@type":"WebSite","@id":"https:\/\/denkmalpflege.tuwien.ac.at\/#website","url":"https:\/\/denkmalpflege.tuwien.ac.at\/","name":"Denkmalpflege und Bauen im Bestand","description":"Denkmalpflege TU Wien","publisher":{"@id":"https:\/\/denkmalpflege.tuwien.ac.at\/#organization"},"potentialAction":[{"@type":"SearchAction","target":{"@type":"EntryPoint","urlTemplate":"https:\/\/denkmalpflege.tuwien.ac.at\/?s={search_term_string}"},"query-input":{"@type":"PropertyValueSpecification","valueRequired":true,"valueName":"search_term_string"}}],"inLanguage":"de"},{"@type":"Organization","@id":"https:\/\/denkmalpflege.tuwien.ac.at\/#organization","name":"TU Wien Denkmalpflege und Bauen im Bestand","url":"https:\/\/denkmalpflege.tuwien.ac.at\/","logo":{"@type":"ImageObject","inLanguage":"de","@id":"https:\/\/denkmalpflege.tuwien.ac.at\/#\/schema\/logo\/image\/","url":"https:\/\/denkmalpflege.tuwien.ac.at\/wp-content\/uploads\/2019\/10\/Logo1.png","contentUrl":"https:\/\/denkmalpflege.tuwien.ac.at\/wp-content\/uploads\/2019\/10\/Logo1.png","width":222,"height":79,"caption":"TU Wien Denkmalpflege und Bauen im Bestand"},"image":{"@id":"https:\/\/denkmalpflege.tuwien.ac.at\/#\/schema\/logo\/image\/"}}]}},"_links":{"self":[{"href":"https:\/\/denkmalpflege.tuwien.ac.at\/index.php\/wp-json\/wp\/v2\/pages\/13244","targetHints":{"allow":["GET"]}}],"collection":[{"href":"https:\/\/denkmalpflege.tuwien.ac.at\/index.php\/wp-json\/wp\/v2\/pages"}],"about":[{"href":"https:\/\/denkmalpflege.tuwien.ac.at\/index.php\/wp-json\/wp\/v2\/types\/page"}],"author":[{"embeddable":true,"href":"https:\/\/denkmalpflege.tuwien.ac.at\/index.php\/wp-json\/wp\/v2\/users\/1"}],"replies":[{"embeddable":true,"href":"https:\/\/denkmalpflege.tuwien.ac.at\/index.php\/wp-json\/wp\/v2\/comments?post=13244"}],"version-history":[{"count":17,"href":"https:\/\/denkmalpflege.tuwien.ac.at\/index.php\/wp-json\/wp\/v2\/pages\/13244\/revisions"}],"predecessor-version":[{"id":27936,"href":"https:\/\/denkmalpflege.tuwien.ac.at\/index.php\/wp-json\/wp\/v2\/pages\/13244\/revisions\/27936"}],"wp:attachment":[{"href":"https:\/\/denkmalpflege.tuwien.ac.at\/index.php\/wp-json\/wp\/v2\/media?parent=13244"}],"curies":[{"name":"wp","href":"https:\/\/api.w.org\/{rel}","templated":true}]}}