{"id":12496,"date":"2017-06-13T13:11:16","date_gmt":"2017-06-13T11:11:16","guid":{"rendered":"http:\/\/denkmalpflege.tuwien.ac.at\/?page_id=12496"},"modified":"2018-05-14T12:04:44","modified_gmt":"2018-05-14T10:04:44","slug":"klosterneuburg","status":"publish","type":"page","link":"https:\/\/denkmalpflege.tuwien.ac.at\/index.php\/klosterneuburg\/","title":{"rendered":"Klosterneuburg"},"content":{"rendered":"<div class=\"mitarbeiter\">\n<div class=\"yellow\">Gro\u00dfes Entwerfen \u201cDenkmalpflege und Entwurf: Strategien der Erhaltung\u201d<\/div>\n<div class=\"grey\"> <img decoding=\"async\" src=\"http:\/\/denkmalpflege.tuwien.ac.at\/wp-content\/uploads\/2016\/09\/gschirrhof-3.gif\" alt=\"passau\" title=\"passau\" width=\"130\" height=\"113\" class=\"alignnone size-full wp-image-165\" \/><\/a><\/p>\n<p><span> <\/span><br \/>\nDer Gschirrhof in Klosterneuburg<br \/>\nF\u00fcr MasterstudentInnen<br \/>\n<span> <\/span><br \/>\nWintersemester 2016<br \/>\nVortragende: Nott Caviezel, Agnes Liebsch<\/p>\n<div class='breakline'><\/div>\n<\/div>\n<p><span><\/span><br \/>\n<span><\/span><br \/>\n<span> <\/span><\/p>\n<div class=\"titel\">Ziele der Lehrveranstaltung<\/div>\n<p>Jede Entwurfsarbeit am denkmalgesch\u00fctzten Objekt beansprucht spezifische Kenntnisse und erfordert dem Bestand angemessene Strategien. Die \u00dcbung bietet den Studierenden die Gelegenheit, sich mit den vielf\u00e4ltigen Erfordernissen zu befassen, denen man beim Erhalten, Restaurieren, Sanieren und Verwalten eines Denkmals oder bei Eingriffen in ein denkmalgesch\u00fctztes Ensemble gerecht werden muss.<\/p>\n<div class=\"titel\">Inhalt der Lehrveranstaltung<\/div>\n<p>Der Gschirrhof in Klosterneuburg war der Wirtschaftshof des Stiftes. In unmittelbarer N\u00e4he zum Stift gelegen, waren in ihm St\u00e4lle f\u00fcr Pferde, Handwerksbetriebe und Wohnungen untergebracht. Der Hof setzt sich aus mehreren Geb\u00e4uden zusammen: Die \u00e4ltesten Teile, die Reste einer Kapelle, stammen aus dem 13. Jahrhundert. Der Gro\u00dfteil der Geb\u00e4ude stammt aus dem 17. Jahrhundert und aus einer Umbau- und Erweiterungsphase 1893, als auch ein Turm der Stadtmauer in den Geb\u00e4udekomplex integriert wurde. Heute steht der Gro\u00dfteil des Hofes leer. F\u00fcr die historischen R\u00e4ume ist eine ad\u00e4quate Nutzung gesucht. Wo n\u00f6tig, sollen denkmalpflegerisch vertr\u00e4gliche Ma\u00dfnahmen geplant werden, die den Bestand schonen und dennoch neue Funktionen zulassen.<\/p>\n<p><span><\/span><br \/>\n<span><\/span><\/p>\n<div class='titel'>Einleitung<\/div>\n<p><span><\/span><br \/>\n<a href='http:\/\/denkmalpflege.tuwien.ac.at\/wp-content\/uploads\/2017\/06\/2017-05-03-Broschuere-KloburgDieAufgabe.pdf'>Allgemein- <strong> Aufgabenstellung<\/strong><\/a><br \/>\n<span><\/span><br \/>\n<a href='http:\/\/denkmalpflege.tuwien.ac.at\/wp-content\/uploads\/2017\/06\/2017-05-03-Broschuere-KloburgDerHof.pdf'>Allgemein- <strong> Der Hof<\/strong><\/a><br \/>\n<span><\/span><br \/>\n<span><\/span><\/p>\n<div class='titel'>Projekte<\/div>\n<p><span><\/span><br \/>\n<span><\/span><br \/>\n<strong> <\/strong><\/p>\n<p><span><\/span><br \/>\n<span><\/span><br \/>\n<a href='http:\/\/denkmalpflege.tuwien.ac.at\/wp-content\/uploads\/2017\/06\/2017-05-03-Broschuere-Kloburg-in-medio.pdf'><strong> In Medio<\/strong> &#8211; Kadlec | Peduzzi | Rinke<\/a><br \/>\n<span><\/span><br \/>\n<a href='http:\/\/denkmalpflege.tuwien.ac.at\/wp-content\/uploads\/2017\/06\/2017-05-03-Broschuere-KloburgKollektiv-Geschirrhof-1.pdf'><strong> Kollektiv Geschirrhof<\/strong> &#8211; Heiniger | Kauffman <\/a><br \/>\n<span><\/span><br \/>\n<a href='http:\/\/denkmalpflege.tuwien.ac.at\/wp-content\/uploads\/2017\/06\/Broschuere-Kloburg-courtyart.pdf'><strong> court[y]art <\/strong> &#8211; Frantes | Geiser | Porcellato<\/a><br \/>\n<span><\/span><br \/>\n<a href='http:\/\/denkmalpflege.tuwien.ac.at\/wp-content\/uploads\/2017\/06\/2017-05-03-Broschuere-Kloburg-ART-ACADEMY.pdf'><strong>Art Academy <\/strong> &#8211; Brunthaler | Napetschnig <\/a><br \/>\n<span><\/span><br \/>\n<a href='http:\/\/denkmalpflege.tuwien.ac.at\/wp-content\/uploads\/2017\/06\/2017-05-03-Broschuere-Kloburg-Dormez-vous.pdf'><strong> Dormez-vous <\/strong> &#8211; Grausam | Tamm <\/a><br \/>\n<span><\/span><br \/>\n<a href='http:\/\/denkmalpflege.tuwien.ac.at\/wp-content\/uploads\/2017\/06\/2017-05-03-Broschuere-KloburgCreative-Youth-Hub.pdf'><strong>Creative Youth Hub<\/strong> &#8211; B\u00f6hmer | Gross <\/a><br \/>\n<span><\/span><br \/>\n<a href='http:\/\/denkmalpflege.tuwien.ac.at\/wp-content\/uploads\/2017\/06\/2017-05-03-Broschuere-Kloburg-Das-Handwerk.pdf'><strong> Das Handwerk <\/strong> &#8211; Kossina | Reiberger <\/a><br \/>\n<span><\/span><br \/>\n<a href='http:\/\/denkmalpflege.tuwien.ac.at\/wp-content\/uploads\/2017\/06\/Broschuere-Kloburg-Geschichte-erleben.pdf'><strong> Geschichte erleben<\/strong> &#8211; Eyb | Vukobrat <\/a><br \/>\n<span><\/span><br \/>\n<a href='http:\/\/denkmalpflege.tuwien.ac.at\/wp-content\/uploads\/2017\/06\/Broschuere-Kloburg-In-I-between.pdf'><strong> in I between<\/strong> &#8211; Contiu | Joksimovic <\/a><br \/>\n<span><\/span><br \/>\n<span><\/span><\/p>\n<p><span><\/span><\/p>\n","protected":false},"excerpt":{"rendered":"<p>Gro\u00dfes Entwerfen \u201cDenkmalpflege und Entwurf: Strategien der Erhaltung\u201d Der Gschirrhof in Klosterneuburg F\u00fcr MasterstudentInnen Wintersemester 2016 Vortragende: Nott Caviezel, Agnes Liebsch Ziele der Lehrveranstaltung Jede Entwurfsarbeit am denkmalgesch\u00fctzten Objekt beansprucht spezifische Kenntnisse und erfordert dem Bestand angemessene Strategien. Die \u00dcbung bietet den Studierenden die Gelegenheit, sich mit den vielf\u00e4ltigen Erfordernissen zu befassen, denen man beim Erhalten, Restaurieren, Sanieren und Verwalten eines Denkmals oder bei Eingriffen in ein denkmalgesch\u00fctztes Ensemble gerecht<\/p>\n<div class=\"belowpost\"><a class=\"btnmore icon-arrow\" href=\"https:\/\/denkmalpflege.tuwien.ac.at\/index.php\/klosterneuburg\/\"><span>Read More<\/span><\/a><\/div>\n","protected":false},"author":1,"featured_media":0,"parent":0,"menu_order":0,"comment_status":"closed","ping_status":"closed","template":"","meta":{"footnotes":""},"class_list":["post-12496","page","type-page","status-publish","hentry"],"yoast_head":"<!-- This site is optimized with the Yoast SEO plugin v26.0 - https:\/\/yoast.com\/wordpress\/plugins\/seo\/ -->\n<title>Klosterneuburg - Denkmalpflege und Bauen im Bestand<\/title>\n<meta name=\"robots\" content=\"index, follow, max-snippet:-1, max-image-preview:large, max-video-preview:-1\" \/>\n<link rel=\"canonical\" href=\"https:\/\/denkmalpflege.tuwien.ac.at\/index.php\/klosterneuburg\/\" \/>\n<meta property=\"og:locale\" content=\"de_DE\" \/>\n<meta property=\"og:type\" content=\"article\" \/>\n<meta property=\"og:title\" content=\"Klosterneuburg - Denkmalpflege und Bauen im Bestand\" \/>\n<meta property=\"og:description\" content=\"Gro\u00dfes Entwerfen \u201cDenkmalpflege und Entwurf: Strategien der Erhaltung\u201d Der Gschirrhof in Klosterneuburg F\u00fcr MasterstudentInnen Wintersemester 2016 Vortragende: Nott Caviezel, Agnes Liebsch Ziele der Lehrveranstaltung Jede Entwurfsarbeit am denkmalgesch\u00fctzten Objekt beansprucht spezifische Kenntnisse und erfordert dem Bestand angemessene Strategien. Die \u00dcbung bietet den Studierenden die Gelegenheit, sich mit den vielf\u00e4ltigen Erfordernissen zu befassen, denen man beim Erhalten, Restaurieren, Sanieren und Verwalten eines Denkmals oder bei Eingriffen in ein denkmalgesch\u00fctztes Ensemble gerechtRead More\" \/>\n<meta property=\"og:url\" content=\"https:\/\/denkmalpflege.tuwien.ac.at\/index.php\/klosterneuburg\/\" \/>\n<meta property=\"og:site_name\" content=\"Denkmalpflege und Bauen im Bestand\" \/>\n<meta property=\"article:modified_time\" content=\"2018-05-14T10:04:44+00:00\" \/>\n<meta name=\"twitter:card\" content=\"summary_large_image\" \/>\n<meta name=\"twitter:label1\" content=\"Gesch\u00e4tzte Lesezeit\" \/>\n\t<meta name=\"twitter:data1\" content=\"1\u00a0Minute\" \/>\n<script type=\"application\/ld+json\" class=\"yoast-schema-graph\">{\"@context\":\"https:\/\/schema.org\",\"@graph\":[{\"@type\":\"WebPage\",\"@id\":\"https:\/\/denkmalpflege.tuwien.ac.at\/index.php\/klosterneuburg\/\",\"url\":\"https:\/\/denkmalpflege.tuwien.ac.at\/index.php\/klosterneuburg\/\",\"name\":\"Klosterneuburg - Denkmalpflege und Bauen im Bestand\",\"isPartOf\":{\"@id\":\"https:\/\/denkmalpflege.tuwien.ac.at\/#website\"},\"primaryImageOfPage\":{\"@id\":\"https:\/\/denkmalpflege.tuwien.ac.at\/index.php\/klosterneuburg\/#primaryimage\"},\"image\":{\"@id\":\"https:\/\/denkmalpflege.tuwien.ac.at\/index.php\/klosterneuburg\/#primaryimage\"},\"thumbnailUrl\":\"http:\/\/denkmalpflege.tuwien.ac.at\/wp-content\/uploads\/2016\/09\/gschirrhof-3.gif\",\"datePublished\":\"2017-06-13T11:11:16+00:00\",\"dateModified\":\"2018-05-14T10:04:44+00:00\",\"breadcrumb\":{\"@id\":\"https:\/\/denkmalpflege.tuwien.ac.at\/index.php\/klosterneuburg\/#breadcrumb\"},\"inLanguage\":\"de\",\"potentialAction\":[{\"@type\":\"ReadAction\",\"target\":[\"https:\/\/denkmalpflege.tuwien.ac.at\/index.php\/klosterneuburg\/\"]}]},{\"@type\":\"ImageObject\",\"inLanguage\":\"de\",\"@id\":\"https:\/\/denkmalpflege.tuwien.ac.at\/index.php\/klosterneuburg\/#primaryimage\",\"url\":\"\",\"contentUrl\":\"\"},{\"@type\":\"BreadcrumbList\",\"@id\":\"https:\/\/denkmalpflege.tuwien.ac.at\/index.php\/klosterneuburg\/#breadcrumb\",\"itemListElement\":[{\"@type\":\"ListItem\",\"position\":1,\"name\":\"Startseite\",\"item\":\"https:\/\/denkmalpflege.tuwien.ac.at\/\"},{\"@type\":\"ListItem\",\"position\":2,\"name\":\"Klosterneuburg\"}]},{\"@type\":\"WebSite\",\"@id\":\"https:\/\/denkmalpflege.tuwien.ac.at\/#website\",\"url\":\"https:\/\/denkmalpflege.tuwien.ac.at\/\",\"name\":\"Denkmalpflege und Bauen im Bestand\",\"description\":\"Denkmalpflege TU Wien\",\"publisher\":{\"@id\":\"https:\/\/denkmalpflege.tuwien.ac.at\/#organization\"},\"potentialAction\":[{\"@type\":\"SearchAction\",\"target\":{\"@type\":\"EntryPoint\",\"urlTemplate\":\"https:\/\/denkmalpflege.tuwien.ac.at\/?s={search_term_string}\"},\"query-input\":{\"@type\":\"PropertyValueSpecification\",\"valueRequired\":true,\"valueName\":\"search_term_string\"}}],\"inLanguage\":\"de\"},{\"@type\":\"Organization\",\"@id\":\"https:\/\/denkmalpflege.tuwien.ac.at\/#organization\",\"name\":\"TU Wien Denkmalpflege und Bauen im Bestand\",\"url\":\"https:\/\/denkmalpflege.tuwien.ac.at\/\",\"logo\":{\"@type\":\"ImageObject\",\"inLanguage\":\"de\",\"@id\":\"https:\/\/denkmalpflege.tuwien.ac.at\/#\/schema\/logo\/image\/\",\"url\":\"https:\/\/denkmalpflege.tuwien.ac.at\/wp-content\/uploads\/2019\/10\/Logo1.png\",\"contentUrl\":\"https:\/\/denkmalpflege.tuwien.ac.at\/wp-content\/uploads\/2019\/10\/Logo1.png\",\"width\":222,\"height\":79,\"caption\":\"TU Wien Denkmalpflege und Bauen im Bestand\"},\"image\":{\"@id\":\"https:\/\/denkmalpflege.tuwien.ac.at\/#\/schema\/logo\/image\/\"}}]}<\/script>\n<!-- \/ Yoast SEO plugin. -->","yoast_head_json":{"title":"Klosterneuburg - Denkmalpflege und Bauen im Bestand","robots":{"index":"index","follow":"follow","max-snippet":"max-snippet:-1","max-image-preview":"max-image-preview:large","max-video-preview":"max-video-preview:-1"},"canonical":"https:\/\/denkmalpflege.tuwien.ac.at\/index.php\/klosterneuburg\/","og_locale":"de_DE","og_type":"article","og_title":"Klosterneuburg - Denkmalpflege und Bauen im Bestand","og_description":"Gro\u00dfes Entwerfen \u201cDenkmalpflege und Entwurf: Strategien der Erhaltung\u201d Der Gschirrhof in Klosterneuburg F\u00fcr MasterstudentInnen Wintersemester 2016 Vortragende: Nott Caviezel, Agnes Liebsch Ziele der Lehrveranstaltung Jede Entwurfsarbeit am denkmalgesch\u00fctzten Objekt beansprucht spezifische Kenntnisse und erfordert dem Bestand angemessene Strategien. Die \u00dcbung bietet den Studierenden die Gelegenheit, sich mit den vielf\u00e4ltigen Erfordernissen zu befassen, denen man beim Erhalten, Restaurieren, Sanieren und Verwalten eines Denkmals oder bei Eingriffen in ein denkmalgesch\u00fctztes Ensemble gerechtRead More","og_url":"https:\/\/denkmalpflege.tuwien.ac.at\/index.php\/klosterneuburg\/","og_site_name":"Denkmalpflege und Bauen im Bestand","article_modified_time":"2018-05-14T10:04:44+00:00","twitter_card":"summary_large_image","twitter_misc":{"Gesch\u00e4tzte Lesezeit":"1\u00a0Minute"},"schema":{"@context":"https:\/\/schema.org","@graph":[{"@type":"WebPage","@id":"https:\/\/denkmalpflege.tuwien.ac.at\/index.php\/klosterneuburg\/","url":"https:\/\/denkmalpflege.tuwien.ac.at\/index.php\/klosterneuburg\/","name":"Klosterneuburg - Denkmalpflege und Bauen im Bestand","isPartOf":{"@id":"https:\/\/denkmalpflege.tuwien.ac.at\/#website"},"primaryImageOfPage":{"@id":"https:\/\/denkmalpflege.tuwien.ac.at\/index.php\/klosterneuburg\/#primaryimage"},"image":{"@id":"https:\/\/denkmalpflege.tuwien.ac.at\/index.php\/klosterneuburg\/#primaryimage"},"thumbnailUrl":"http:\/\/denkmalpflege.tuwien.ac.at\/wp-content\/uploads\/2016\/09\/gschirrhof-3.gif","datePublished":"2017-06-13T11:11:16+00:00","dateModified":"2018-05-14T10:04:44+00:00","breadcrumb":{"@id":"https:\/\/denkmalpflege.tuwien.ac.at\/index.php\/klosterneuburg\/#breadcrumb"},"inLanguage":"de","potentialAction":[{"@type":"ReadAction","target":["https:\/\/denkmalpflege.tuwien.ac.at\/index.php\/klosterneuburg\/"]}]},{"@type":"ImageObject","inLanguage":"de","@id":"https:\/\/denkmalpflege.tuwien.ac.at\/index.php\/klosterneuburg\/#primaryimage","url":"","contentUrl":""},{"@type":"BreadcrumbList","@id":"https:\/\/denkmalpflege.tuwien.ac.at\/index.php\/klosterneuburg\/#breadcrumb","itemListElement":[{"@type":"ListItem","position":1,"name":"Startseite","item":"https:\/\/denkmalpflege.tuwien.ac.at\/"},{"@type":"ListItem","position":2,"name":"Klosterneuburg"}]},{"@type":"WebSite","@id":"https:\/\/denkmalpflege.tuwien.ac.at\/#website","url":"https:\/\/denkmalpflege.tuwien.ac.at\/","name":"Denkmalpflege und Bauen im Bestand","description":"Denkmalpflege TU Wien","publisher":{"@id":"https:\/\/denkmalpflege.tuwien.ac.at\/#organization"},"potentialAction":[{"@type":"SearchAction","target":{"@type":"EntryPoint","urlTemplate":"https:\/\/denkmalpflege.tuwien.ac.at\/?s={search_term_string}"},"query-input":{"@type":"PropertyValueSpecification","valueRequired":true,"valueName":"search_term_string"}}],"inLanguage":"de"},{"@type":"Organization","@id":"https:\/\/denkmalpflege.tuwien.ac.at\/#organization","name":"TU Wien Denkmalpflege und Bauen im Bestand","url":"https:\/\/denkmalpflege.tuwien.ac.at\/","logo":{"@type":"ImageObject","inLanguage":"de","@id":"https:\/\/denkmalpflege.tuwien.ac.at\/#\/schema\/logo\/image\/","url":"https:\/\/denkmalpflege.tuwien.ac.at\/wp-content\/uploads\/2019\/10\/Logo1.png","contentUrl":"https:\/\/denkmalpflege.tuwien.ac.at\/wp-content\/uploads\/2019\/10\/Logo1.png","width":222,"height":79,"caption":"TU Wien Denkmalpflege und Bauen im Bestand"},"image":{"@id":"https:\/\/denkmalpflege.tuwien.ac.at\/#\/schema\/logo\/image\/"}}]}},"_links":{"self":[{"href":"https:\/\/denkmalpflege.tuwien.ac.at\/index.php\/wp-json\/wp\/v2\/pages\/12496","targetHints":{"allow":["GET"]}}],"collection":[{"href":"https:\/\/denkmalpflege.tuwien.ac.at\/index.php\/wp-json\/wp\/v2\/pages"}],"about":[{"href":"https:\/\/denkmalpflege.tuwien.ac.at\/index.php\/wp-json\/wp\/v2\/types\/page"}],"author":[{"embeddable":true,"href":"https:\/\/denkmalpflege.tuwien.ac.at\/index.php\/wp-json\/wp\/v2\/users\/1"}],"replies":[{"embeddable":true,"href":"https:\/\/denkmalpflege.tuwien.ac.at\/index.php\/wp-json\/wp\/v2\/comments?post=12496"}],"version-history":[{"count":8,"href":"https:\/\/denkmalpflege.tuwien.ac.at\/index.php\/wp-json\/wp\/v2\/pages\/12496\/revisions"}],"predecessor-version":[{"id":13515,"href":"https:\/\/denkmalpflege.tuwien.ac.at\/index.php\/wp-json\/wp\/v2\/pages\/12496\/revisions\/13515"}],"wp:attachment":[{"href":"https:\/\/denkmalpflege.tuwien.ac.at\/index.php\/wp-json\/wp\/v2\/media?parent=12496"}],"curies":[{"name":"wp","href":"https:\/\/api.w.org\/{rel}","templated":true}]}}