{"id":11750,"date":"2016-11-29T14:47:54","date_gmt":"2016-11-29T13:47:54","guid":{"rendered":"http:\/\/denkmalpflege.tuwien.ac.at\/?page_id=11750"},"modified":"2016-12-06T08:42:32","modified_gmt":"2016-12-06T07:42:32","slug":"savic","status":"publish","type":"page","link":"https:\/\/denkmalpflege.tuwien.ac.at\/index.php\/savic\/","title":{"rendered":"savic"},"content":{"rendered":"<div class='mitarbeiter'>\n<div class='grey'>\n<img decoding=\"async\" src=\"http:\/\/denkmalpflege.tuwien.ac.at\/wp-content\/uploads\/2016\/11\/a.gif\" alt=\"savic\" title=\"savic\" width=\"130\" height=\"113\" class=\"alignnone size-full wp-image-165\" \/> <a href='diplomanden-prof-stadler' class='right_link'>&lt; Alle Arbeiten<\/a><br \/>\n<b>Revitalisierung des Industriekomplexes &#8222;Incel&#8220; , Banja Luka<\/b><br \/>\n<strong>2016 Dragana Savic<\/strong> <\/p>\n<div class='breakline'><\/div>\n<\/div>\n<div class='greyfield'>\n<p>In unmittelbarer Nachbarschaft der Stadt Banja Luka in Bosnien-Herzegowina wurde 1954 das Unternehmen Incel gegr\u00fcndet. Incel entwickelte sich zu dem f\u00fchrenden Hersteller von Zellstoff, Papier und Chemiefasern in Jugoslawien. Die Fabrikanlagen befinden sich in dem \u00f6stlichen Industriegebiet von Banja Luka an der M\u00fcndung des Flusses Vrbanja in Vrbas und erstrecken sich auf einer Fl\u00e4che von 95 Hektar. Seit den Anf\u00e4ngen der Produktion entwickelte sich der Standort durch kontinuierliche Erweiterung seiner Fabrikationsst\u00e4tten. Mit Ausbruch des Bosnischen Krieges ging die dynamische Entwicklung des Unternehmens verloren, das in weiterer Folge 1992 stillgelegt wurde. <\/p>\n<p>Das seither verlassene und devastierte Industrieareal von Incel gewinnt allerdings zusehends Bedeutung im Rahmen der urbanistischen Entwicklung von Banja Luka. Dieser wachsenden Bedeutung Rechnung tragend befasst sich die angek\u00fcndigte Masterarbeit mit einer Dokumentation und einer bauhistorischen Anlayse des Baubestands sowie mit einem Revitalisierungskonzept ausgew\u00e4hlter Anlagenbereiche.<\/p>\n<div class='breakline'><\/div>\n<\/div>\n<p><span><\/span><br \/>\n<img decoding=\"async\" src=\"http:\/\/denkmalpflege.tuwien.ac.at\/wp-content\/uploads\/2016\/11\/2.gif\" width=\"960\" height=\"\"  alt=\"\" \/><\/p>\n<div class='breakline'><\/div>\n<\/div>\n<\/div>\n","protected":false},"excerpt":{"rendered":"<p>&lt; Alle Arbeiten Revitalisierung des Industriekomplexes &#8222;Incel&#8220; , Banja Luka 2016 Dragana Savic In unmittelbarer Nachbarschaft der Stadt Banja Luka in Bosnien-Herzegowina wurde 1954 das Unternehmen Incel gegr\u00fcndet. Incel entwickelte sich zu dem f\u00fchrenden Hersteller von Zellstoff, Papier und Chemiefasern in Jugoslawien. Die Fabrikanlagen befinden sich in dem \u00f6stlichen Industriegebiet von Banja Luka an der M\u00fcndung des Flusses Vrbanja in Vrbas und erstrecken sich auf einer Fl\u00e4che von 95 Hektar.<\/p>\n<div class=\"belowpost\"><a class=\"btnmore icon-arrow\" href=\"https:\/\/denkmalpflege.tuwien.ac.at\/index.php\/savic\/\"><span>Read More<\/span><\/a><\/div>\n","protected":false},"author":1,"featured_media":0,"parent":0,"menu_order":0,"comment_status":"closed","ping_status":"closed","template":"","meta":{"footnotes":""},"class_list":["post-11750","page","type-page","status-publish","hentry"],"yoast_head":"<!-- This site is optimized with the Yoast SEO plugin v26.0 - https:\/\/yoast.com\/wordpress\/plugins\/seo\/ -->\n<title>savic - Denkmalpflege und Bauen im Bestand<\/title>\n<meta name=\"robots\" content=\"index, follow, max-snippet:-1, max-image-preview:large, max-video-preview:-1\" \/>\n<link rel=\"canonical\" href=\"https:\/\/denkmalpflege.tuwien.ac.at\/index.php\/savic\/\" \/>\n<meta property=\"og:locale\" content=\"de_DE\" \/>\n<meta property=\"og:type\" content=\"article\" \/>\n<meta property=\"og:title\" content=\"savic - Denkmalpflege und Bauen im Bestand\" \/>\n<meta property=\"og:description\" content=\"&lt; Alle Arbeiten Revitalisierung des Industriekomplexes &#8222;Incel&#8220; , Banja Luka 2016 Dragana Savic In unmittelbarer Nachbarschaft der Stadt Banja Luka in Bosnien-Herzegowina wurde 1954 das Unternehmen Incel gegr\u00fcndet. Incel entwickelte sich zu dem f\u00fchrenden Hersteller von Zellstoff, Papier und Chemiefasern in Jugoslawien. Die Fabrikanlagen befinden sich in dem \u00f6stlichen Industriegebiet von Banja Luka an der M\u00fcndung des Flusses Vrbanja in Vrbas und erstrecken sich auf einer Fl\u00e4che von 95 Hektar.Read More\" \/>\n<meta property=\"og:url\" content=\"https:\/\/denkmalpflege.tuwien.ac.at\/index.php\/savic\/\" \/>\n<meta property=\"og:site_name\" content=\"Denkmalpflege und Bauen im Bestand\" \/>\n<meta property=\"article:modified_time\" content=\"2016-12-06T07:42:32+00:00\" \/>\n<meta name=\"twitter:card\" content=\"summary_large_image\" \/>\n<meta name=\"twitter:label1\" content=\"Gesch\u00e4tzte Lesezeit\" \/>\n\t<meta name=\"twitter:data1\" content=\"1\u00a0Minute\" \/>\n<script type=\"application\/ld+json\" class=\"yoast-schema-graph\">{\"@context\":\"https:\/\/schema.org\",\"@graph\":[{\"@type\":\"WebPage\",\"@id\":\"https:\/\/denkmalpflege.tuwien.ac.at\/index.php\/savic\/\",\"url\":\"https:\/\/denkmalpflege.tuwien.ac.at\/index.php\/savic\/\",\"name\":\"savic - Denkmalpflege und Bauen im Bestand\",\"isPartOf\":{\"@id\":\"https:\/\/denkmalpflege.tuwien.ac.at\/#website\"},\"primaryImageOfPage\":{\"@id\":\"https:\/\/denkmalpflege.tuwien.ac.at\/index.php\/savic\/#primaryimage\"},\"image\":{\"@id\":\"https:\/\/denkmalpflege.tuwien.ac.at\/index.php\/savic\/#primaryimage\"},\"thumbnailUrl\":\"http:\/\/denkmalpflege.tuwien.ac.at\/wp-content\/uploads\/2016\/11\/a.gif\",\"datePublished\":\"2016-11-29T13:47:54+00:00\",\"dateModified\":\"2016-12-06T07:42:32+00:00\",\"breadcrumb\":{\"@id\":\"https:\/\/denkmalpflege.tuwien.ac.at\/index.php\/savic\/#breadcrumb\"},\"inLanguage\":\"de\",\"potentialAction\":[{\"@type\":\"ReadAction\",\"target\":[\"https:\/\/denkmalpflege.tuwien.ac.at\/index.php\/savic\/\"]}]},{\"@type\":\"ImageObject\",\"inLanguage\":\"de\",\"@id\":\"https:\/\/denkmalpflege.tuwien.ac.at\/index.php\/savic\/#primaryimage\",\"url\":\"\",\"contentUrl\":\"\"},{\"@type\":\"BreadcrumbList\",\"@id\":\"https:\/\/denkmalpflege.tuwien.ac.at\/index.php\/savic\/#breadcrumb\",\"itemListElement\":[{\"@type\":\"ListItem\",\"position\":1,\"name\":\"Startseite\",\"item\":\"https:\/\/denkmalpflege.tuwien.ac.at\/\"},{\"@type\":\"ListItem\",\"position\":2,\"name\":\"savic\"}]},{\"@type\":\"WebSite\",\"@id\":\"https:\/\/denkmalpflege.tuwien.ac.at\/#website\",\"url\":\"https:\/\/denkmalpflege.tuwien.ac.at\/\",\"name\":\"Denkmalpflege und Bauen im Bestand\",\"description\":\"Denkmalpflege TU Wien\",\"publisher\":{\"@id\":\"https:\/\/denkmalpflege.tuwien.ac.at\/#organization\"},\"potentialAction\":[{\"@type\":\"SearchAction\",\"target\":{\"@type\":\"EntryPoint\",\"urlTemplate\":\"https:\/\/denkmalpflege.tuwien.ac.at\/?s={search_term_string}\"},\"query-input\":{\"@type\":\"PropertyValueSpecification\",\"valueRequired\":true,\"valueName\":\"search_term_string\"}}],\"inLanguage\":\"de\"},{\"@type\":\"Organization\",\"@id\":\"https:\/\/denkmalpflege.tuwien.ac.at\/#organization\",\"name\":\"TU Wien Denkmalpflege und Bauen im Bestand\",\"url\":\"https:\/\/denkmalpflege.tuwien.ac.at\/\",\"logo\":{\"@type\":\"ImageObject\",\"inLanguage\":\"de\",\"@id\":\"https:\/\/denkmalpflege.tuwien.ac.at\/#\/schema\/logo\/image\/\",\"url\":\"https:\/\/denkmalpflege.tuwien.ac.at\/wp-content\/uploads\/2019\/10\/Logo1.png\",\"contentUrl\":\"https:\/\/denkmalpflege.tuwien.ac.at\/wp-content\/uploads\/2019\/10\/Logo1.png\",\"width\":222,\"height\":79,\"caption\":\"TU Wien Denkmalpflege und Bauen im Bestand\"},\"image\":{\"@id\":\"https:\/\/denkmalpflege.tuwien.ac.at\/#\/schema\/logo\/image\/\"}}]}<\/script>\n<!-- \/ Yoast SEO plugin. -->","yoast_head_json":{"title":"savic - Denkmalpflege und Bauen im Bestand","robots":{"index":"index","follow":"follow","max-snippet":"max-snippet:-1","max-image-preview":"max-image-preview:large","max-video-preview":"max-video-preview:-1"},"canonical":"https:\/\/denkmalpflege.tuwien.ac.at\/index.php\/savic\/","og_locale":"de_DE","og_type":"article","og_title":"savic - Denkmalpflege und Bauen im Bestand","og_description":"&lt; Alle Arbeiten Revitalisierung des Industriekomplexes &#8222;Incel&#8220; , Banja Luka 2016 Dragana Savic In unmittelbarer Nachbarschaft der Stadt Banja Luka in Bosnien-Herzegowina wurde 1954 das Unternehmen Incel gegr\u00fcndet. Incel entwickelte sich zu dem f\u00fchrenden Hersteller von Zellstoff, Papier und Chemiefasern in Jugoslawien. Die Fabrikanlagen befinden sich in dem \u00f6stlichen Industriegebiet von Banja Luka an der M\u00fcndung des Flusses Vrbanja in Vrbas und erstrecken sich auf einer Fl\u00e4che von 95 Hektar.Read More","og_url":"https:\/\/denkmalpflege.tuwien.ac.at\/index.php\/savic\/","og_site_name":"Denkmalpflege und Bauen im Bestand","article_modified_time":"2016-12-06T07:42:32+00:00","twitter_card":"summary_large_image","twitter_misc":{"Gesch\u00e4tzte Lesezeit":"1\u00a0Minute"},"schema":{"@context":"https:\/\/schema.org","@graph":[{"@type":"WebPage","@id":"https:\/\/denkmalpflege.tuwien.ac.at\/index.php\/savic\/","url":"https:\/\/denkmalpflege.tuwien.ac.at\/index.php\/savic\/","name":"savic - Denkmalpflege und Bauen im Bestand","isPartOf":{"@id":"https:\/\/denkmalpflege.tuwien.ac.at\/#website"},"primaryImageOfPage":{"@id":"https:\/\/denkmalpflege.tuwien.ac.at\/index.php\/savic\/#primaryimage"},"image":{"@id":"https:\/\/denkmalpflege.tuwien.ac.at\/index.php\/savic\/#primaryimage"},"thumbnailUrl":"http:\/\/denkmalpflege.tuwien.ac.at\/wp-content\/uploads\/2016\/11\/a.gif","datePublished":"2016-11-29T13:47:54+00:00","dateModified":"2016-12-06T07:42:32+00:00","breadcrumb":{"@id":"https:\/\/denkmalpflege.tuwien.ac.at\/index.php\/savic\/#breadcrumb"},"inLanguage":"de","potentialAction":[{"@type":"ReadAction","target":["https:\/\/denkmalpflege.tuwien.ac.at\/index.php\/savic\/"]}]},{"@type":"ImageObject","inLanguage":"de","@id":"https:\/\/denkmalpflege.tuwien.ac.at\/index.php\/savic\/#primaryimage","url":"","contentUrl":""},{"@type":"BreadcrumbList","@id":"https:\/\/denkmalpflege.tuwien.ac.at\/index.php\/savic\/#breadcrumb","itemListElement":[{"@type":"ListItem","position":1,"name":"Startseite","item":"https:\/\/denkmalpflege.tuwien.ac.at\/"},{"@type":"ListItem","position":2,"name":"savic"}]},{"@type":"WebSite","@id":"https:\/\/denkmalpflege.tuwien.ac.at\/#website","url":"https:\/\/denkmalpflege.tuwien.ac.at\/","name":"Denkmalpflege und Bauen im Bestand","description":"Denkmalpflege TU Wien","publisher":{"@id":"https:\/\/denkmalpflege.tuwien.ac.at\/#organization"},"potentialAction":[{"@type":"SearchAction","target":{"@type":"EntryPoint","urlTemplate":"https:\/\/denkmalpflege.tuwien.ac.at\/?s={search_term_string}"},"query-input":{"@type":"PropertyValueSpecification","valueRequired":true,"valueName":"search_term_string"}}],"inLanguage":"de"},{"@type":"Organization","@id":"https:\/\/denkmalpflege.tuwien.ac.at\/#organization","name":"TU Wien Denkmalpflege und Bauen im Bestand","url":"https:\/\/denkmalpflege.tuwien.ac.at\/","logo":{"@type":"ImageObject","inLanguage":"de","@id":"https:\/\/denkmalpflege.tuwien.ac.at\/#\/schema\/logo\/image\/","url":"https:\/\/denkmalpflege.tuwien.ac.at\/wp-content\/uploads\/2019\/10\/Logo1.png","contentUrl":"https:\/\/denkmalpflege.tuwien.ac.at\/wp-content\/uploads\/2019\/10\/Logo1.png","width":222,"height":79,"caption":"TU Wien Denkmalpflege und Bauen im Bestand"},"image":{"@id":"https:\/\/denkmalpflege.tuwien.ac.at\/#\/schema\/logo\/image\/"}}]}},"_links":{"self":[{"href":"https:\/\/denkmalpflege.tuwien.ac.at\/index.php\/wp-json\/wp\/v2\/pages\/11750","targetHints":{"allow":["GET"]}}],"collection":[{"href":"https:\/\/denkmalpflege.tuwien.ac.at\/index.php\/wp-json\/wp\/v2\/pages"}],"about":[{"href":"https:\/\/denkmalpflege.tuwien.ac.at\/index.php\/wp-json\/wp\/v2\/types\/page"}],"author":[{"embeddable":true,"href":"https:\/\/denkmalpflege.tuwien.ac.at\/index.php\/wp-json\/wp\/v2\/users\/1"}],"replies":[{"embeddable":true,"href":"https:\/\/denkmalpflege.tuwien.ac.at\/index.php\/wp-json\/wp\/v2\/comments?post=11750"}],"version-history":[{"count":5,"href":"https:\/\/denkmalpflege.tuwien.ac.at\/index.php\/wp-json\/wp\/v2\/pages\/11750\/revisions"}],"predecessor-version":[{"id":11764,"href":"https:\/\/denkmalpflege.tuwien.ac.at\/index.php\/wp-json\/wp\/v2\/pages\/11750\/revisions\/11764"}],"wp:attachment":[{"href":"https:\/\/denkmalpflege.tuwien.ac.at\/index.php\/wp-json\/wp\/v2\/media?parent=11750"}],"curies":[{"name":"wp","href":"https:\/\/api.w.org\/{rel}","templated":true}]}}

<div class='mitarbeiter'>
<div class='grey'>
<img decoding="async" src="http://denkmalpflege.tuwien.ac.at/wp-content/uploads/2016/11/a.gif" alt="savic" title="savic" width="130" height="113" class="alignnone size-full wp-image-165" /> <a href='diplomanden-prof-stadler' class='right_link'>&lt; Alle Arbeiten</a><br />
<b>Revitalisierung des Industriekomplexes &#8222;Incel&#8220; , Banja Luka</b><br />
<strong>2016 Dragana Savic</strong> </p>
<div class='breakline'></div>
</div>
<div class='greyfield'>
<p>In unmittelbarer Nachbarschaft der Stadt Banja Luka in Bosnien-Herzegowina wurde 1954 das Unternehmen Incel gegründet. Incel entwickelte sich zu dem führenden Hersteller von Zellstoff, Papier und Chemiefasern in Jugoslawien. Die Fabrikanlagen befinden sich in dem östlichen Industriegebiet von Banja Luka an der Mündung des Flusses Vrbanja in Vrbas und erstrecken sich auf einer Fläche von 95 Hektar. Seit den Anfängen der Produktion entwickelte sich der Standort durch kontinuierliche Erweiterung seiner Fabrikationsstätten. Mit Ausbruch des Bosnischen Krieges ging die dynamische Entwicklung des Unternehmens verloren, das in weiterer Folge 1992 stillgelegt wurde. </p>
<p>Das seither verlassene und devastierte Industrieareal von Incel gewinnt allerdings zusehends Bedeutung im Rahmen der urbanistischen Entwicklung von Banja Luka. Dieser wachsenden Bedeutung Rechnung tragend befasst sich die angekündigte Masterarbeit mit einer Dokumentation und einer bauhistorischen Anlayse des Baubestands sowie mit einem Revitalisierungskonzept ausgewählter Anlagenbereiche.</p>
<div class='breakline'></div>
</div>
<p><span></span><br />
<img decoding="async" src="http://denkmalpflege.tuwien.ac.at/wp-content/uploads/2016/11/2.gif" width="960" height=""  alt="" /></p>
<div class='breakline'></div>
</div>
</div>

<p>&lt; Alle Arbeiten Revitalisierung des Industriekomplexes &#8222;Incel&#8220; , Banja Luka 2016 Dragana Savic In unmittelbarer Nachbarschaft der Stadt Banja Luka in Bosnien-Herzegowina wurde 1954 das Unternehmen Incel gegründet. Incel entwickelte sich zu dem führenden Hersteller von Zellstoff, Papier und Chemiefasern in Jugoslawien. Die Fabrikanlagen befinden sich in dem östlichen Industriegebiet von Banja Luka an der Mündung des Flusses Vrbanja in Vrbas und erstrecken sich auf einer Fläche von 95 Hektar.</p>
<div class="belowpost"><a class="btnmore icon-arrow" href="https://denkmalpflege.tuwien.ac.at/index.php/savic/"><span>Read More</span></a></div>

<!-- This site is optimized with the Yoast SEO plugin v26.0 - https://yoast.com/wordpress/plugins/seo/ -->
<title>savic - Denkmalpflege und Bauen im Bestand</title>
<meta name="robots" content="index, follow, max-snippet:-1, max-image-preview:large, max-video-preview:-1" />
<link rel="canonical" href="https://denkmalpflege.tuwien.ac.at/index.php/savic/" />
<meta property="og:locale" content="de_DE" />
<meta property="og:type" content="article" />
<meta property="og:title" content="savic - Denkmalpflege und Bauen im Bestand" />
<meta property="og:description" content="&lt; Alle Arbeiten Revitalisierung des Industriekomplexes &#8222;Incel&#8220; , Banja Luka 2016 Dragana Savic In unmittelbarer Nachbarschaft der Stadt Banja Luka in Bosnien-Herzegowina wurde 1954 das Unternehmen Incel gegründet. Incel entwickelte sich zu dem führenden Hersteller von Zellstoff, Papier und Chemiefasern in Jugoslawien. Die Fabrikanlagen befinden sich in dem östlichen Industriegebiet von Banja Luka an der Mündung des Flusses Vrbanja in Vrbas und erstrecken sich auf einer Fläche von 95 Hektar.Read More" />
<meta property="og:url" content="https://denkmalpflege.tuwien.ac.at/index.php/savic/" />
<meta property="og:site_name" content="Denkmalpflege und Bauen im Bestand" />
<meta property="article:modified_time" content="2016-12-06T07:42:32+00:00" />
<meta name="twitter:card" content="summary_large_image" />
<meta name="twitter:label1" content="Geschätzte Lesezeit" />
	<meta name="twitter:data1" content="1 Minute" />
<script type="application/ld+json" class="yoast-schema-graph">{"@context":"https://schema.org","@graph":[{"@type":"WebPage","@id":"https://denkmalpflege.tuwien.ac.at/index.php/savic/","url":"https://denkmalpflege.tuwien.ac.at/index.php/savic/","name":"savic - Denkmalpflege und Bauen im Bestand","isPartOf":{"@id":"https://denkmalpflege.tuwien.ac.at/#website"},"primaryImageOfPage":{"@id":"https://denkmalpflege.tuwien.ac.at/index.php/savic/#primaryimage"},"image":{"@id":"https://denkmalpflege.tuwien.ac.at/index.php/savic/#primaryimage"},"thumbnailUrl":"http://denkmalpflege.tuwien.ac.at/wp-content/uploads/2016/11/a.gif","datePublished":"2016-11-29T13:47:54+00:00","dateModified":"2016-12-06T07:42:32+00:00","breadcrumb":{"@id":"https://denkmalpflege.tuwien.ac.at/index.php/savic/#breadcrumb"},"inLanguage":"de","potentialAction":[{"@type":"ReadAction","target":["https://denkmalpflege.tuwien.ac.at/index.php/savic/"]}]},{"@type":"ImageObject","inLanguage":"de","@id":"https://denkmalpflege.tuwien.ac.at/index.php/savic/#primaryimage","url":"","contentUrl":""},{"@type":"BreadcrumbList","@id":"https://denkmalpflege.tuwien.ac.at/index.php/savic/#breadcrumb","itemListElement":[{"@type":"ListItem","position":1,"name":"Startseite","item":"https://denkmalpflege.tuwien.ac.at/"},{"@type":"ListItem","position":2,"name":"savic"}]},{"@type":"WebSite","@id":"https://denkmalpflege.tuwien.ac.at/#website","url":"https://denkmalpflege.tuwien.ac.at/","name":"Denkmalpflege und Bauen im Bestand","description":"Denkmalpflege TU Wien","publisher":{"@id":"https://denkmalpflege.tuwien.ac.at/#organization"},"potentialAction":[{"@type":"SearchAction","target":{"@type":"EntryPoint","urlTemplate":"https://denkmalpflege.tuwien.ac.at/?s={search_term_string}"},"query-input":{"@type":"PropertyValueSpecification","valueRequired":true,"valueName":"search_term_string"}}],"inLanguage":"de"},{"@type":"Organization","@id":"https://denkmalpflege.tuwien.ac.at/#organization","name":"TU Wien Denkmalpflege und Bauen im Bestand","url":"https://denkmalpflege.tuwien.ac.at/","logo":{"@type":"ImageObject","inLanguage":"de","@id":"https://denkmalpflege.tuwien.ac.at/#/schema/logo/image/","url":"https://denkmalpflege.tuwien.ac.at/wp-content/uploads/2019/10/Logo1.png","contentUrl":"https://denkmalpflege.tuwien.ac.at/wp-content/uploads/2019/10/Logo1.png","width":222,"height":79,"caption":"TU Wien Denkmalpflege und Bauen im Bestand"},"image":{"@id":"https://denkmalpflege.tuwien.ac.at/#/schema/logo/image/"}}]}</script>
<!-- / Yoast SEO plugin. -->

&lt; Alle Arbeiten Revitalisierung des Industriekomplexes &#8222;Incel&#8220; , Banja Luka 2016 Dragana Savic In unmittelbarer Nachbarschaft der Stadt Banja Luka in Bosnien-Herzegowina wurde 1954 das Unternehmen Incel gegründet. Incel entwickelte sich zu dem führenden Hersteller von Zellstoff, Papier und Chemiefasern in Jugoslawien. Die Fabrikanlagen befinden sich in dem östlichen Industriegebiet von Banja Luka an der Mündung des Flusses Vrbanja in Vrbas und erstrecken sich auf einer Fläche von 95 Hektar.Read More
