{"id":11294,"date":"2016-08-09T14:02:41","date_gmt":"2016-08-09T12:02:41","guid":{"rendered":"http:\/\/denkmalpflege.tuwien.ac.at\/?page_id=11294"},"modified":"2017-03-24T10:44:34","modified_gmt":"2017-03-24T09:44:34","slug":"milic","status":"publish","type":"page","link":"https:\/\/denkmalpflege.tuwien.ac.at\/index.php\/milic\/","title":{"rendered":"Milic"},"content":{"rendered":"<div class='mitarbeiter'>\n<div class='grey'>\n<img decoding=\"async\" src=\"http:\/\/denkmalpflege.tuwien.ac.at\/wp-content\/uploads\/2016\/08\/MilicKlein.gif\" alt=\"Milic\" title=\"Milic\" width=\"130\" height=\"113\" class=\"alignnone size-full wp-image-165\" \/> <a href='diplomanden-prof-stadler' class='right_link'>&lt; Alle Arbeiten<\/a><br \/>\n<b>Die Altstadt von Jajce \u2013 Kandidatur f\u00fcr die Aufnahme in die Liste des UNESCO- Weltkulturerbes.<\/b><br \/>\n<strong>2016 Branislav Milic<\/strong> <\/p>\n<div class='breakline'><\/div>\n<\/div>\n<div class='greyfield'>\n<p>Jajce, die Stadt des Steins, des Lichts und des Wassers, wurde oft als ein Museum unter freiem Himmel bezeichnet. Die K\u00f6nigsstadt bietet eine spannende Geschichte mit Funden, die in das vierte Jahrhundert zur\u00fcckreichen. 1396 lie\u00df sich der Herzog von Bosnien, Hrvoje Vuk\u010di\u0107 Hrvatini\u0107, eine Festung in Jajce errichten, in deren Schutz sich im 15. Jahrhundert die Ansiedlung zur Stadt entwickelte, die der bosnische K\u00f6nig Tvrtko II. (1421\u20131444) zu seinem K\u00f6nigssitz machte. Jajce erlangte nicht nur politische Bedeutung als Machtzentrum des Landes, sondern wurde alsbald auch zu einem wirtschaftlichen Zentrum, das als erste Hauptstadt Bosniens galt.<br \/>\nVor dem Krieg w\u00e4hrend des Zerfalls des jugoslawischen Bundesstaates 1992 bis 1995 z\u00e4hlte das kulturelle Erbe im historischen Stadtgebiet von Jajce zu den bedeutendsten Denkmalensembles des Landes. Im Jahr 2009 kandidierte die Stadt f\u00fcr eine Aufnahme in die Liste des UNESCO- Weltkulturerbes. Allerdings wurde die Kandidatur von der internen Kommission in Bosnien-Herzegowina aus mehreren Gr\u00fcnden, insbesondere aufgrund zahlreicher Verst\u00f6\u00dfe gegen die Bauordnung abgelehnt.<br \/>\nDie Diplomarbeit widmet sich im Besonderen den bem\u00e4ngelten Bauvorhaben in der Altstadt von Jajce und zeigt geeignete Ma\u00dfnahmen f\u00fcr den Umgang mit denkmalgesch\u00fctzten, jedoch vielfach zerst\u00f6rten Geb\u00e4uden auf, um eine erfolgreiche Kandidatur vorzubereiten. <\/p>\n<div class='breakline'><\/div>\n<\/div>\n<p><span><\/span><br \/>\n<img decoding=\"async\" src=\"http:\/\/denkmalpflege.tuwien.ac.at\/wp-content\/uploads\/2016\/08\/MilicGro\u00df.gif\" width=\"960\" height=\"\"  alt=\"\" \/><br \/>\n<span><\/span><br \/>\n<img decoding=\"async\" src=\"http:\/\/denkmalpflege.tuwien.ac.at\/wp-content\/uploads\/2016\/08\/MilicGro\u00df2.gif\" width=\"960\" height=\"\"  alt=\"\" \/><\/p>\n<div class='breakline'><\/div>\n<\/div>\n","protected":false},"excerpt":{"rendered":"<p>&lt; Alle Arbeiten Die Altstadt von Jajce \u2013 Kandidatur f\u00fcr die Aufnahme in die Liste des UNESCO- Weltkulturerbes. 2016 Branislav Milic Jajce, die Stadt des Steins, des Lichts und des Wassers, wurde oft als ein Museum unter freiem Himmel bezeichnet. Die K\u00f6nigsstadt bietet eine spannende Geschichte mit Funden, die in das vierte Jahrhundert zur\u00fcckreichen. 1396 lie\u00df sich der Herzog von Bosnien, Hrvoje Vuk\u010di\u0107 Hrvatini\u0107, eine Festung in Jajce errichten, in<\/p>\n<div class=\"belowpost\"><a class=\"btnmore icon-arrow\" href=\"https:\/\/denkmalpflege.tuwien.ac.at\/index.php\/milic\/\"><span>Read More<\/span><\/a><\/div>\n","protected":false},"author":1,"featured_media":0,"parent":0,"menu_order":0,"comment_status":"closed","ping_status":"closed","template":"","meta":{"footnotes":""},"class_list":["post-11294","page","type-page","status-publish","hentry"],"yoast_head":"<!-- This site is optimized with the Yoast SEO plugin v26.0 - https:\/\/yoast.com\/wordpress\/plugins\/seo\/ -->\n<title>Milic - Denkmalpflege und Bauen im Bestand<\/title>\n<meta name=\"robots\" content=\"index, follow, max-snippet:-1, max-image-preview:large, max-video-preview:-1\" \/>\n<link rel=\"canonical\" href=\"https:\/\/denkmalpflege.tuwien.ac.at\/index.php\/milic\/\" \/>\n<meta property=\"og:locale\" content=\"de_DE\" \/>\n<meta property=\"og:type\" content=\"article\" \/>\n<meta property=\"og:title\" content=\"Milic - Denkmalpflege und Bauen im Bestand\" \/>\n<meta property=\"og:description\" content=\"&lt; Alle Arbeiten Die Altstadt von Jajce \u2013 Kandidatur f\u00fcr die Aufnahme in die Liste des UNESCO- Weltkulturerbes. 2016 Branislav Milic Jajce, die Stadt des Steins, des Lichts und des Wassers, wurde oft als ein Museum unter freiem Himmel bezeichnet. Die K\u00f6nigsstadt bietet eine spannende Geschichte mit Funden, die in das vierte Jahrhundert zur\u00fcckreichen. 1396 lie\u00df sich der Herzog von Bosnien, Hrvoje Vuk\u010di\u0107 Hrvatini\u0107, eine Festung in Jajce errichten, inRead More\" \/>\n<meta property=\"og:url\" content=\"https:\/\/denkmalpflege.tuwien.ac.at\/index.php\/milic\/\" \/>\n<meta property=\"og:site_name\" content=\"Denkmalpflege und Bauen im Bestand\" \/>\n<meta property=\"article:modified_time\" content=\"2017-03-24T09:44:34+00:00\" \/>\n<meta name=\"twitter:card\" content=\"summary_large_image\" \/>\n<meta name=\"twitter:label1\" content=\"Gesch\u00e4tzte Lesezeit\" \/>\n\t<meta name=\"twitter:data1\" content=\"1\u00a0Minute\" \/>\n<script type=\"application\/ld+json\" class=\"yoast-schema-graph\">{\"@context\":\"https:\/\/schema.org\",\"@graph\":[{\"@type\":\"WebPage\",\"@id\":\"https:\/\/denkmalpflege.tuwien.ac.at\/index.php\/milic\/\",\"url\":\"https:\/\/denkmalpflege.tuwien.ac.at\/index.php\/milic\/\",\"name\":\"Milic - Denkmalpflege und Bauen im Bestand\",\"isPartOf\":{\"@id\":\"https:\/\/denkmalpflege.tuwien.ac.at\/#website\"},\"primaryImageOfPage\":{\"@id\":\"https:\/\/denkmalpflege.tuwien.ac.at\/index.php\/milic\/#primaryimage\"},\"image\":{\"@id\":\"https:\/\/denkmalpflege.tuwien.ac.at\/index.php\/milic\/#primaryimage\"},\"thumbnailUrl\":\"http:\/\/denkmalpflege.tuwien.ac.at\/wp-content\/uploads\/2016\/08\/MilicKlein.gif\",\"datePublished\":\"2016-08-09T12:02:41+00:00\",\"dateModified\":\"2017-03-24T09:44:34+00:00\",\"breadcrumb\":{\"@id\":\"https:\/\/denkmalpflege.tuwien.ac.at\/index.php\/milic\/#breadcrumb\"},\"inLanguage\":\"de\",\"potentialAction\":[{\"@type\":\"ReadAction\",\"target\":[\"https:\/\/denkmalpflege.tuwien.ac.at\/index.php\/milic\/\"]}]},{\"@type\":\"ImageObject\",\"inLanguage\":\"de\",\"@id\":\"https:\/\/denkmalpflege.tuwien.ac.at\/index.php\/milic\/#primaryimage\",\"url\":\"\",\"contentUrl\":\"\"},{\"@type\":\"BreadcrumbList\",\"@id\":\"https:\/\/denkmalpflege.tuwien.ac.at\/index.php\/milic\/#breadcrumb\",\"itemListElement\":[{\"@type\":\"ListItem\",\"position\":1,\"name\":\"Startseite\",\"item\":\"https:\/\/denkmalpflege.tuwien.ac.at\/\"},{\"@type\":\"ListItem\",\"position\":2,\"name\":\"Milic\"}]},{\"@type\":\"WebSite\",\"@id\":\"https:\/\/denkmalpflege.tuwien.ac.at\/#website\",\"url\":\"https:\/\/denkmalpflege.tuwien.ac.at\/\",\"name\":\"Denkmalpflege und Bauen im Bestand\",\"description\":\"Denkmalpflege TU Wien\",\"publisher\":{\"@id\":\"https:\/\/denkmalpflege.tuwien.ac.at\/#organization\"},\"potentialAction\":[{\"@type\":\"SearchAction\",\"target\":{\"@type\":\"EntryPoint\",\"urlTemplate\":\"https:\/\/denkmalpflege.tuwien.ac.at\/?s={search_term_string}\"},\"query-input\":{\"@type\":\"PropertyValueSpecification\",\"valueRequired\":true,\"valueName\":\"search_term_string\"}}],\"inLanguage\":\"de\"},{\"@type\":\"Organization\",\"@id\":\"https:\/\/denkmalpflege.tuwien.ac.at\/#organization\",\"name\":\"TU Wien Denkmalpflege und Bauen im Bestand\",\"url\":\"https:\/\/denkmalpflege.tuwien.ac.at\/\",\"logo\":{\"@type\":\"ImageObject\",\"inLanguage\":\"de\",\"@id\":\"https:\/\/denkmalpflege.tuwien.ac.at\/#\/schema\/logo\/image\/\",\"url\":\"https:\/\/denkmalpflege.tuwien.ac.at\/wp-content\/uploads\/2019\/10\/Logo1.png\",\"contentUrl\":\"https:\/\/denkmalpflege.tuwien.ac.at\/wp-content\/uploads\/2019\/10\/Logo1.png\",\"width\":222,\"height\":79,\"caption\":\"TU Wien Denkmalpflege und Bauen im Bestand\"},\"image\":{\"@id\":\"https:\/\/denkmalpflege.tuwien.ac.at\/#\/schema\/logo\/image\/\"}}]}<\/script>\n<!-- \/ Yoast SEO plugin. -->","yoast_head_json":{"title":"Milic - Denkmalpflege und Bauen im Bestand","robots":{"index":"index","follow":"follow","max-snippet":"max-snippet:-1","max-image-preview":"max-image-preview:large","max-video-preview":"max-video-preview:-1"},"canonical":"https:\/\/denkmalpflege.tuwien.ac.at\/index.php\/milic\/","og_locale":"de_DE","og_type":"article","og_title":"Milic - Denkmalpflege und Bauen im Bestand","og_description":"&lt; Alle Arbeiten Die Altstadt von Jajce \u2013 Kandidatur f\u00fcr die Aufnahme in die Liste des UNESCO- Weltkulturerbes. 2016 Branislav Milic Jajce, die Stadt des Steins, des Lichts und des Wassers, wurde oft als ein Museum unter freiem Himmel bezeichnet. Die K\u00f6nigsstadt bietet eine spannende Geschichte mit Funden, die in das vierte Jahrhundert zur\u00fcckreichen. 1396 lie\u00df sich der Herzog von Bosnien, Hrvoje Vuk\u010di\u0107 Hrvatini\u0107, eine Festung in Jajce errichten, inRead More","og_url":"https:\/\/denkmalpflege.tuwien.ac.at\/index.php\/milic\/","og_site_name":"Denkmalpflege und Bauen im Bestand","article_modified_time":"2017-03-24T09:44:34+00:00","twitter_card":"summary_large_image","twitter_misc":{"Gesch\u00e4tzte Lesezeit":"1\u00a0Minute"},"schema":{"@context":"https:\/\/schema.org","@graph":[{"@type":"WebPage","@id":"https:\/\/denkmalpflege.tuwien.ac.at\/index.php\/milic\/","url":"https:\/\/denkmalpflege.tuwien.ac.at\/index.php\/milic\/","name":"Milic - Denkmalpflege und Bauen im Bestand","isPartOf":{"@id":"https:\/\/denkmalpflege.tuwien.ac.at\/#website"},"primaryImageOfPage":{"@id":"https:\/\/denkmalpflege.tuwien.ac.at\/index.php\/milic\/#primaryimage"},"image":{"@id":"https:\/\/denkmalpflege.tuwien.ac.at\/index.php\/milic\/#primaryimage"},"thumbnailUrl":"http:\/\/denkmalpflege.tuwien.ac.at\/wp-content\/uploads\/2016\/08\/MilicKlein.gif","datePublished":"2016-08-09T12:02:41+00:00","dateModified":"2017-03-24T09:44:34+00:00","breadcrumb":{"@id":"https:\/\/denkmalpflege.tuwien.ac.at\/index.php\/milic\/#breadcrumb"},"inLanguage":"de","potentialAction":[{"@type":"ReadAction","target":["https:\/\/denkmalpflege.tuwien.ac.at\/index.php\/milic\/"]}]},{"@type":"ImageObject","inLanguage":"de","@id":"https:\/\/denkmalpflege.tuwien.ac.at\/index.php\/milic\/#primaryimage","url":"","contentUrl":""},{"@type":"BreadcrumbList","@id":"https:\/\/denkmalpflege.tuwien.ac.at\/index.php\/milic\/#breadcrumb","itemListElement":[{"@type":"ListItem","position":1,"name":"Startseite","item":"https:\/\/denkmalpflege.tuwien.ac.at\/"},{"@type":"ListItem","position":2,"name":"Milic"}]},{"@type":"WebSite","@id":"https:\/\/denkmalpflege.tuwien.ac.at\/#website","url":"https:\/\/denkmalpflege.tuwien.ac.at\/","name":"Denkmalpflege und Bauen im Bestand","description":"Denkmalpflege TU Wien","publisher":{"@id":"https:\/\/denkmalpflege.tuwien.ac.at\/#organization"},"potentialAction":[{"@type":"SearchAction","target":{"@type":"EntryPoint","urlTemplate":"https:\/\/denkmalpflege.tuwien.ac.at\/?s={search_term_string}"},"query-input":{"@type":"PropertyValueSpecification","valueRequired":true,"valueName":"search_term_string"}}],"inLanguage":"de"},{"@type":"Organization","@id":"https:\/\/denkmalpflege.tuwien.ac.at\/#organization","name":"TU Wien Denkmalpflege und Bauen im Bestand","url":"https:\/\/denkmalpflege.tuwien.ac.at\/","logo":{"@type":"ImageObject","inLanguage":"de","@id":"https:\/\/denkmalpflege.tuwien.ac.at\/#\/schema\/logo\/image\/","url":"https:\/\/denkmalpflege.tuwien.ac.at\/wp-content\/uploads\/2019\/10\/Logo1.png","contentUrl":"https:\/\/denkmalpflege.tuwien.ac.at\/wp-content\/uploads\/2019\/10\/Logo1.png","width":222,"height":79,"caption":"TU Wien Denkmalpflege und Bauen im Bestand"},"image":{"@id":"https:\/\/denkmalpflege.tuwien.ac.at\/#\/schema\/logo\/image\/"}}]}},"_links":{"self":[{"href":"https:\/\/denkmalpflege.tuwien.ac.at\/index.php\/wp-json\/wp\/v2\/pages\/11294","targetHints":{"allow":["GET"]}}],"collection":[{"href":"https:\/\/denkmalpflege.tuwien.ac.at\/index.php\/wp-json\/wp\/v2\/pages"}],"about":[{"href":"https:\/\/denkmalpflege.tuwien.ac.at\/index.php\/wp-json\/wp\/v2\/types\/page"}],"author":[{"embeddable":true,"href":"https:\/\/denkmalpflege.tuwien.ac.at\/index.php\/wp-json\/wp\/v2\/users\/1"}],"replies":[{"embeddable":true,"href":"https:\/\/denkmalpflege.tuwien.ac.at\/index.php\/wp-json\/wp\/v2\/comments?post=11294"}],"version-history":[{"count":10,"href":"https:\/\/denkmalpflege.tuwien.ac.at\/index.php\/wp-json\/wp\/v2\/pages\/11294\/revisions"}],"predecessor-version":[{"id":12314,"href":"https:\/\/denkmalpflege.tuwien.ac.at\/index.php\/wp-json\/wp\/v2\/pages\/11294\/revisions\/12314"}],"wp:attachment":[{"href":"https:\/\/denkmalpflege.tuwien.ac.at\/index.php\/wp-json\/wp\/v2\/media?parent=11294"}],"curies":[{"name":"wp","href":"https:\/\/api.w.org\/{rel}","templated":true}]}}

<div class='mitarbeiter'>
<div class='grey'>
<img decoding="async" src="http://denkmalpflege.tuwien.ac.at/wp-content/uploads/2016/08/MilicKlein.gif" alt="Milic" title="Milic" width="130" height="113" class="alignnone size-full wp-image-165" /> <a href='diplomanden-prof-stadler' class='right_link'>&lt; Alle Arbeiten</a><br />
<b>Die Altstadt von Jajce – Kandidatur für die Aufnahme in die Liste des UNESCO- Weltkulturerbes.</b><br />
<strong>2016 Branislav Milic</strong> </p>
<div class='breakline'></div>
</div>
<div class='greyfield'>
<p>Jajce, die Stadt des Steins, des Lichts und des Wassers, wurde oft als ein Museum unter freiem Himmel bezeichnet. Die Königsstadt bietet eine spannende Geschichte mit Funden, die in das vierte Jahrhundert zurückreichen. 1396 ließ sich der Herzog von Bosnien, Hrvoje Vukčić Hrvatinić, eine Festung in Jajce errichten, in deren Schutz sich im 15. Jahrhundert die Ansiedlung zur Stadt entwickelte, die der bosnische König Tvrtko II. (1421–1444) zu seinem Königssitz machte. Jajce erlangte nicht nur politische Bedeutung als Machtzentrum des Landes, sondern wurde alsbald auch zu einem wirtschaftlichen Zentrum, das als erste Hauptstadt Bosniens galt.<br />
Vor dem Krieg während des Zerfalls des jugoslawischen Bundesstaates 1992 bis 1995 zählte das kulturelle Erbe im historischen Stadtgebiet von Jajce zu den bedeutendsten Denkmalensembles des Landes. Im Jahr 2009 kandidierte die Stadt für eine Aufnahme in die Liste des UNESCO- Weltkulturerbes. Allerdings wurde die Kandidatur von der internen Kommission in Bosnien-Herzegowina aus mehreren Gründen, insbesondere aufgrund zahlreicher Verstöße gegen die Bauordnung abgelehnt.<br />
Die Diplomarbeit widmet sich im Besonderen den bemängelten Bauvorhaben in der Altstadt von Jajce und zeigt geeignete Maßnahmen für den Umgang mit denkmalgeschützten, jedoch vielfach zerstörten Gebäuden auf, um eine erfolgreiche Kandidatur vorzubereiten. </p>
<div class='breakline'></div>
</div>
<p><span></span><br />
<img decoding="async" src="http://denkmalpflege.tuwien.ac.at/wp-content/uploads/2016/08/MilicGroß.gif" width="960" height=""  alt="" /><br />
<span></span><br />
<img decoding="async" src="http://denkmalpflege.tuwien.ac.at/wp-content/uploads/2016/08/MilicGroß2.gif" width="960" height=""  alt="" /></p>
<div class='breakline'></div>
</div>

<p>&lt; Alle Arbeiten Die Altstadt von Jajce – Kandidatur für die Aufnahme in die Liste des UNESCO- Weltkulturerbes. 2016 Branislav Milic Jajce, die Stadt des Steins, des Lichts und des Wassers, wurde oft als ein Museum unter freiem Himmel bezeichnet. Die Königsstadt bietet eine spannende Geschichte mit Funden, die in das vierte Jahrhundert zurückreichen. 1396 ließ sich der Herzog von Bosnien, Hrvoje Vukčić Hrvatinić, eine Festung in Jajce errichten, in</p>
<div class="belowpost"><a class="btnmore icon-arrow" href="https://denkmalpflege.tuwien.ac.at/index.php/milic/"><span>Read More</span></a></div>

<!-- This site is optimized with the Yoast SEO plugin v26.0 - https://yoast.com/wordpress/plugins/seo/ -->
<title>Milic - Denkmalpflege und Bauen im Bestand</title>
<meta name="robots" content="index, follow, max-snippet:-1, max-image-preview:large, max-video-preview:-1" />
<link rel="canonical" href="https://denkmalpflege.tuwien.ac.at/index.php/milic/" />
<meta property="og:locale" content="de_DE" />
<meta property="og:type" content="article" />
<meta property="og:title" content="Milic - Denkmalpflege und Bauen im Bestand" />
<meta property="og:description" content="&lt; Alle Arbeiten Die Altstadt von Jajce – Kandidatur für die Aufnahme in die Liste des UNESCO- Weltkulturerbes. 2016 Branislav Milic Jajce, die Stadt des Steins, des Lichts und des Wassers, wurde oft als ein Museum unter freiem Himmel bezeichnet. Die Königsstadt bietet eine spannende Geschichte mit Funden, die in das vierte Jahrhundert zurückreichen. 1396 ließ sich der Herzog von Bosnien, Hrvoje Vukčić Hrvatinić, eine Festung in Jajce errichten, inRead More" />
<meta property="og:url" content="https://denkmalpflege.tuwien.ac.at/index.php/milic/" />
<meta property="og:site_name" content="Denkmalpflege und Bauen im Bestand" />
<meta property="article:modified_time" content="2017-03-24T09:44:34+00:00" />
<meta name="twitter:card" content="summary_large_image" />
<meta name="twitter:label1" content="Geschätzte Lesezeit" />
	<meta name="twitter:data1" content="1 Minute" />
<script type="application/ld+json" class="yoast-schema-graph">{"@context":"https://schema.org","@graph":[{"@type":"WebPage","@id":"https://denkmalpflege.tuwien.ac.at/index.php/milic/","url":"https://denkmalpflege.tuwien.ac.at/index.php/milic/","name":"Milic - Denkmalpflege und Bauen im Bestand","isPartOf":{"@id":"https://denkmalpflege.tuwien.ac.at/#website"},"primaryImageOfPage":{"@id":"https://denkmalpflege.tuwien.ac.at/index.php/milic/#primaryimage"},"image":{"@id":"https://denkmalpflege.tuwien.ac.at/index.php/milic/#primaryimage"},"thumbnailUrl":"http://denkmalpflege.tuwien.ac.at/wp-content/uploads/2016/08/MilicKlein.gif","datePublished":"2016-08-09T12:02:41+00:00","dateModified":"2017-03-24T09:44:34+00:00","breadcrumb":{"@id":"https://denkmalpflege.tuwien.ac.at/index.php/milic/#breadcrumb"},"inLanguage":"de","potentialAction":[{"@type":"ReadAction","target":["https://denkmalpflege.tuwien.ac.at/index.php/milic/"]}]},{"@type":"ImageObject","inLanguage":"de","@id":"https://denkmalpflege.tuwien.ac.at/index.php/milic/#primaryimage","url":"","contentUrl":""},{"@type":"BreadcrumbList","@id":"https://denkmalpflege.tuwien.ac.at/index.php/milic/#breadcrumb","itemListElement":[{"@type":"ListItem","position":1,"name":"Startseite","item":"https://denkmalpflege.tuwien.ac.at/"},{"@type":"ListItem","position":2,"name":"Milic"}]},{"@type":"WebSite","@id":"https://denkmalpflege.tuwien.ac.at/#website","url":"https://denkmalpflege.tuwien.ac.at/","name":"Denkmalpflege und Bauen im Bestand","description":"Denkmalpflege TU Wien","publisher":{"@id":"https://denkmalpflege.tuwien.ac.at/#organization"},"potentialAction":[{"@type":"SearchAction","target":{"@type":"EntryPoint","urlTemplate":"https://denkmalpflege.tuwien.ac.at/?s={search_term_string}"},"query-input":{"@type":"PropertyValueSpecification","valueRequired":true,"valueName":"search_term_string"}}],"inLanguage":"de"},{"@type":"Organization","@id":"https://denkmalpflege.tuwien.ac.at/#organization","name":"TU Wien Denkmalpflege und Bauen im Bestand","url":"https://denkmalpflege.tuwien.ac.at/","logo":{"@type":"ImageObject","inLanguage":"de","@id":"https://denkmalpflege.tuwien.ac.at/#/schema/logo/image/","url":"https://denkmalpflege.tuwien.ac.at/wp-content/uploads/2019/10/Logo1.png","contentUrl":"https://denkmalpflege.tuwien.ac.at/wp-content/uploads/2019/10/Logo1.png","width":222,"height":79,"caption":"TU Wien Denkmalpflege und Bauen im Bestand"},"image":{"@id":"https://denkmalpflege.tuwien.ac.at/#/schema/logo/image/"}}]}</script>
<!-- / Yoast SEO plugin. -->

&lt; Alle Arbeiten Die Altstadt von Jajce – Kandidatur für die Aufnahme in die Liste des UNESCO- Weltkulturerbes. 2016 Branislav Milic Jajce, die Stadt des Steins, des Lichts und des Wassers, wurde oft als ein Museum unter freiem Himmel bezeichnet. Die Königsstadt bietet eine spannende Geschichte mit Funden, die in das vierte Jahrhundert zurückreichen. 1396 ließ sich der Herzog von Bosnien, Hrvoje Vukčić Hrvatinić, eine Festung in Jajce errichten, inRead More
