{"id":10862,"date":"2016-05-23T11:20:17","date_gmt":"2016-05-23T09:20:17","guid":{"rendered":"http:\/\/denkmalpflege1.e251.tuwien.ac.at\/?page_id=10862"},"modified":"2019-12-10T12:08:27","modified_gmt":"2019-12-10T11:08:27","slug":"salomon","status":"publish","type":"page","link":"https:\/\/denkmalpflege.tuwien.ac.at\/index.php\/salomon\/","title":{"rendered":"salomon"},"content":{"rendered":"<div class=\"mitarbeiter\">\n<div class=\"grey\">\n<img decoding=\"async\" src=\"http:\/\/denkmalpflege1.e251.tuwien.ac.at\/wp-content\/uploads\/2016\/05\/15.gif\" alt=\"salomon\" title=\"salomon\" width=\"130\" height=\"113\" class=\"alignnone size-full wp-image-165\"> <a href=\"diplcv\" class=\"right_link\">&lt; Alle Arbeiten<\/a><br \/>\n<b>Ein B\u00e4derkonzept f\u00fcr die Nachkriegszeit \u2013 und ein Revitalisierungskonzept f\u00fcr die Zukunft des Simmeringer Bades<br \/>\n<\/b><br \/>\n<strong>2015 Marie-Christine SALOMON<\/strong><\/p>\n<div class=\"breakline\"><\/div>\n<\/div>\n<div class=\"greyfield\">\n<p>Die sogenannte B\u00e4derstadt Wien hat 1968 ein Konzept erstellen lassen, das die Versorgung und ge\u00e4nderten Bed\u00fcrfnisse der Bev\u00f6lkerung nach dem Krieg bewerkstelligen sollte. Innerhalb des B\u00e4derkonzeptes erarbeitete Architekt Friedrich Florian Gr\u00fcnberger das Bezirkshallenb\u00e4derprogramm, welches in einer ersten Phase den Neubau je eines Hallenbades in Hietzing, Simmering und D\u00f6bling beinhaltete. Diese B\u00e4der sollten durch die, nach dem zweiten Weltkrieg aufgekommenen, neuen Bauweisen so rasch und kosteng\u00fcnstig wie m\u00f6glich errichtet werden. Mit ihnen entstand auch eine neue Form des Bades &#8211; das Kombibad. Das Simmeringer Bad zeigt heute noch den Grundgedanken und Entwurf der einheitlich gebauten Bezirkshallenb\u00e4der. Auch das Sommerbad, geplant von Leopold Huber, beinhaltet einige Aspekte dieser Zeit. Ziel der Arbeit ist eine kritische Begutachtung des Bades samt seiner architektonischen Werte, sowie ein Revitalisierungskonzept in Anbetracht der momentanen Tendenzen, um eine zuk\u00fcnftige Nutzung sicherzustellen.<\/p>\n<div class=\"breakline\"><\/div>\n<\/div>\n<p><span><\/span><br \/>\n<img decoding=\"async\" src=\"http:\/\/denkmalpflege1.e251.tuwien.ac.at\/wp-content\/uploads\/2016\/05\/d.gif\" width=\"960\" height=\"\" alt=\"\"><br \/>\n<span><\/span><br \/>\n<img decoding=\"async\" src=\"http:\/\/denkmalpflege1.e251.tuwien.ac.at\/wp-content\/uploads\/2016\/05\/c.gif\" width=\"960\" height=\"\" alt=\"\"><br \/>\n<span><\/span><br \/>\n<img decoding=\"async\" src=\"http:\/\/denkmalpflege1.e251.tuwien.ac.at\/wp-content\/uploads\/2016\/05\/b.gif\" width=\"960\" height=\"\" alt=\"\"><br \/>\n<span><\/span><br \/>\n<img decoding=\"async\" src=\"http:\/\/denkmalpflege1.e251.tuwien.ac.at\/wp-content\/uploads\/2016\/05\/a.gif\" width=\"960\" height=\"\" alt=\"\"><\/p>\n<p><span><\/span><\/p>\n<div class=\"breakline\"><\/div>\n<\/div>\n","protected":false},"excerpt":{"rendered":"<p>&lt; Alle Arbeiten Ein B\u00e4derkonzept f\u00fcr die Nachkriegszeit \u2013 und ein Revitalisierungskonzept f\u00fcr die Zukunft des Simmeringer Bades 2015 Marie-Christine SALOMON Die sogenannte B\u00e4derstadt Wien hat 1968 ein Konzept erstellen lassen, das die Versorgung und ge\u00e4nderten Bed\u00fcrfnisse der Bev\u00f6lkerung nach dem Krieg bewerkstelligen sollte. Innerhalb des B\u00e4derkonzeptes erarbeitete Architekt Friedrich Florian Gr\u00fcnberger das Bezirkshallenb\u00e4derprogramm, welches in einer ersten Phase den Neubau je eines Hallenbades in Hietzing, Simmering und D\u00f6bling beinhaltete.<\/p>\n<div class=\"belowpost\"><a class=\"btnmore icon-arrow\" href=\"https:\/\/denkmalpflege.tuwien.ac.at\/index.php\/salomon\/\"><span>Read More<\/span><\/a><\/div>\n","protected":false},"author":1,"featured_media":0,"parent":0,"menu_order":0,"comment_status":"open","ping_status":"open","template":"","meta":{"footnotes":""},"class_list":["post-10862","page","type-page","status-publish","hentry"],"yoast_head":"<!-- This site is optimized with the Yoast SEO plugin v26.0 - https:\/\/yoast.com\/wordpress\/plugins\/seo\/ -->\n<title>salomon - Denkmalpflege und Bauen im Bestand<\/title>\n<meta name=\"robots\" content=\"index, follow, max-snippet:-1, max-image-preview:large, max-video-preview:-1\" \/>\n<link rel=\"canonical\" href=\"https:\/\/denkmalpflege.tuwien.ac.at\/index.php\/salomon\/\" \/>\n<meta property=\"og:locale\" content=\"de_DE\" \/>\n<meta property=\"og:type\" content=\"article\" \/>\n<meta property=\"og:title\" content=\"salomon - Denkmalpflege und Bauen im Bestand\" \/>\n<meta property=\"og:description\" content=\"&lt; Alle Arbeiten Ein B\u00e4derkonzept f\u00fcr die Nachkriegszeit \u2013 und ein Revitalisierungskonzept f\u00fcr die Zukunft des Simmeringer Bades 2015 Marie-Christine SALOMON Die sogenannte B\u00e4derstadt Wien hat 1968 ein Konzept erstellen lassen, das die Versorgung und ge\u00e4nderten Bed\u00fcrfnisse der Bev\u00f6lkerung nach dem Krieg bewerkstelligen sollte. Innerhalb des B\u00e4derkonzeptes erarbeitete Architekt Friedrich Florian Gr\u00fcnberger das Bezirkshallenb\u00e4derprogramm, welches in einer ersten Phase den Neubau je eines Hallenbades in Hietzing, Simmering und D\u00f6bling beinhaltete.Read More\" \/>\n<meta property=\"og:url\" content=\"https:\/\/denkmalpflege.tuwien.ac.at\/index.php\/salomon\/\" \/>\n<meta property=\"og:site_name\" content=\"Denkmalpflege und Bauen im Bestand\" \/>\n<meta property=\"article:modified_time\" content=\"2019-12-10T11:08:27+00:00\" \/>\n<meta name=\"twitter:card\" content=\"summary_large_image\" \/>\n<meta name=\"twitter:label1\" content=\"Gesch\u00e4tzte Lesezeit\" \/>\n\t<meta name=\"twitter:data1\" content=\"1\u00a0Minute\" \/>\n<script type=\"application\/ld+json\" class=\"yoast-schema-graph\">{\"@context\":\"https:\/\/schema.org\",\"@graph\":[{\"@type\":\"WebPage\",\"@id\":\"https:\/\/denkmalpflege.tuwien.ac.at\/index.php\/salomon\/\",\"url\":\"https:\/\/denkmalpflege.tuwien.ac.at\/index.php\/salomon\/\",\"name\":\"salomon - Denkmalpflege und Bauen im Bestand\",\"isPartOf\":{\"@id\":\"https:\/\/denkmalpflege.tuwien.ac.at\/#website\"},\"primaryImageOfPage\":{\"@id\":\"https:\/\/denkmalpflege.tuwien.ac.at\/index.php\/salomon\/#primaryimage\"},\"image\":{\"@id\":\"https:\/\/denkmalpflege.tuwien.ac.at\/index.php\/salomon\/#primaryimage\"},\"thumbnailUrl\":\"http:\/\/denkmalpflege1.e251.tuwien.ac.at\/wp-content\/uploads\/2016\/05\/15.gif\",\"datePublished\":\"2016-05-23T09:20:17+00:00\",\"dateModified\":\"2019-12-10T11:08:27+00:00\",\"breadcrumb\":{\"@id\":\"https:\/\/denkmalpflege.tuwien.ac.at\/index.php\/salomon\/#breadcrumb\"},\"inLanguage\":\"de\",\"potentialAction\":[{\"@type\":\"ReadAction\",\"target\":[\"https:\/\/denkmalpflege.tuwien.ac.at\/index.php\/salomon\/\"]}]},{\"@type\":\"ImageObject\",\"inLanguage\":\"de\",\"@id\":\"https:\/\/denkmalpflege.tuwien.ac.at\/index.php\/salomon\/#primaryimage\",\"url\":\"http:\/\/denkmalpflege1.e251.tuwien.ac.at\/wp-content\/uploads\/2016\/05\/15.gif\",\"contentUrl\":\"http:\/\/denkmalpflege1.e251.tuwien.ac.at\/wp-content\/uploads\/2016\/05\/15.gif\"},{\"@type\":\"BreadcrumbList\",\"@id\":\"https:\/\/denkmalpflege.tuwien.ac.at\/index.php\/salomon\/#breadcrumb\",\"itemListElement\":[{\"@type\":\"ListItem\",\"position\":1,\"name\":\"Startseite\",\"item\":\"https:\/\/denkmalpflege.tuwien.ac.at\/\"},{\"@type\":\"ListItem\",\"position\":2,\"name\":\"salomon\"}]},{\"@type\":\"WebSite\",\"@id\":\"https:\/\/denkmalpflege.tuwien.ac.at\/#website\",\"url\":\"https:\/\/denkmalpflege.tuwien.ac.at\/\",\"name\":\"Denkmalpflege und Bauen im Bestand\",\"description\":\"Denkmalpflege TU Wien\",\"publisher\":{\"@id\":\"https:\/\/denkmalpflege.tuwien.ac.at\/#organization\"},\"potentialAction\":[{\"@type\":\"SearchAction\",\"target\":{\"@type\":\"EntryPoint\",\"urlTemplate\":\"https:\/\/denkmalpflege.tuwien.ac.at\/?s={search_term_string}\"},\"query-input\":{\"@type\":\"PropertyValueSpecification\",\"valueRequired\":true,\"valueName\":\"search_term_string\"}}],\"inLanguage\":\"de\"},{\"@type\":\"Organization\",\"@id\":\"https:\/\/denkmalpflege.tuwien.ac.at\/#organization\",\"name\":\"TU Wien Denkmalpflege und Bauen im Bestand\",\"url\":\"https:\/\/denkmalpflege.tuwien.ac.at\/\",\"logo\":{\"@type\":\"ImageObject\",\"inLanguage\":\"de\",\"@id\":\"https:\/\/denkmalpflege.tuwien.ac.at\/#\/schema\/logo\/image\/\",\"url\":\"https:\/\/denkmalpflege.tuwien.ac.at\/wp-content\/uploads\/2019\/10\/Logo1.png\",\"contentUrl\":\"https:\/\/denkmalpflege.tuwien.ac.at\/wp-content\/uploads\/2019\/10\/Logo1.png\",\"width\":222,\"height\":79,\"caption\":\"TU Wien Denkmalpflege und Bauen im Bestand\"},\"image\":{\"@id\":\"https:\/\/denkmalpflege.tuwien.ac.at\/#\/schema\/logo\/image\/\"}}]}<\/script>\n<!-- \/ Yoast SEO plugin. -->","yoast_head_json":{"title":"salomon - Denkmalpflege und Bauen im Bestand","robots":{"index":"index","follow":"follow","max-snippet":"max-snippet:-1","max-image-preview":"max-image-preview:large","max-video-preview":"max-video-preview:-1"},"canonical":"https:\/\/denkmalpflege.tuwien.ac.at\/index.php\/salomon\/","og_locale":"de_DE","og_type":"article","og_title":"salomon - Denkmalpflege und Bauen im Bestand","og_description":"&lt; Alle Arbeiten Ein B\u00e4derkonzept f\u00fcr die Nachkriegszeit \u2013 und ein Revitalisierungskonzept f\u00fcr die Zukunft des Simmeringer Bades 2015 Marie-Christine SALOMON Die sogenannte B\u00e4derstadt Wien hat 1968 ein Konzept erstellen lassen, das die Versorgung und ge\u00e4nderten Bed\u00fcrfnisse der Bev\u00f6lkerung nach dem Krieg bewerkstelligen sollte. Innerhalb des B\u00e4derkonzeptes erarbeitete Architekt Friedrich Florian Gr\u00fcnberger das Bezirkshallenb\u00e4derprogramm, welches in einer ersten Phase den Neubau je eines Hallenbades in Hietzing, Simmering und D\u00f6bling beinhaltete.Read More","og_url":"https:\/\/denkmalpflege.tuwien.ac.at\/index.php\/salomon\/","og_site_name":"Denkmalpflege und Bauen im Bestand","article_modified_time":"2019-12-10T11:08:27+00:00","twitter_card":"summary_large_image","twitter_misc":{"Gesch\u00e4tzte Lesezeit":"1\u00a0Minute"},"schema":{"@context":"https:\/\/schema.org","@graph":[{"@type":"WebPage","@id":"https:\/\/denkmalpflege.tuwien.ac.at\/index.php\/salomon\/","url":"https:\/\/denkmalpflege.tuwien.ac.at\/index.php\/salomon\/","name":"salomon - Denkmalpflege und Bauen im Bestand","isPartOf":{"@id":"https:\/\/denkmalpflege.tuwien.ac.at\/#website"},"primaryImageOfPage":{"@id":"https:\/\/denkmalpflege.tuwien.ac.at\/index.php\/salomon\/#primaryimage"},"image":{"@id":"https:\/\/denkmalpflege.tuwien.ac.at\/index.php\/salomon\/#primaryimage"},"thumbnailUrl":"http:\/\/denkmalpflege1.e251.tuwien.ac.at\/wp-content\/uploads\/2016\/05\/15.gif","datePublished":"2016-05-23T09:20:17+00:00","dateModified":"2019-12-10T11:08:27+00:00","breadcrumb":{"@id":"https:\/\/denkmalpflege.tuwien.ac.at\/index.php\/salomon\/#breadcrumb"},"inLanguage":"de","potentialAction":[{"@type":"ReadAction","target":["https:\/\/denkmalpflege.tuwien.ac.at\/index.php\/salomon\/"]}]},{"@type":"ImageObject","inLanguage":"de","@id":"https:\/\/denkmalpflege.tuwien.ac.at\/index.php\/salomon\/#primaryimage","url":"http:\/\/denkmalpflege1.e251.tuwien.ac.at\/wp-content\/uploads\/2016\/05\/15.gif","contentUrl":"http:\/\/denkmalpflege1.e251.tuwien.ac.at\/wp-content\/uploads\/2016\/05\/15.gif"},{"@type":"BreadcrumbList","@id":"https:\/\/denkmalpflege.tuwien.ac.at\/index.php\/salomon\/#breadcrumb","itemListElement":[{"@type":"ListItem","position":1,"name":"Startseite","item":"https:\/\/denkmalpflege.tuwien.ac.at\/"},{"@type":"ListItem","position":2,"name":"salomon"}]},{"@type":"WebSite","@id":"https:\/\/denkmalpflege.tuwien.ac.at\/#website","url":"https:\/\/denkmalpflege.tuwien.ac.at\/","name":"Denkmalpflege und Bauen im Bestand","description":"Denkmalpflege TU Wien","publisher":{"@id":"https:\/\/denkmalpflege.tuwien.ac.at\/#organization"},"potentialAction":[{"@type":"SearchAction","target":{"@type":"EntryPoint","urlTemplate":"https:\/\/denkmalpflege.tuwien.ac.at\/?s={search_term_string}"},"query-input":{"@type":"PropertyValueSpecification","valueRequired":true,"valueName":"search_term_string"}}],"inLanguage":"de"},{"@type":"Organization","@id":"https:\/\/denkmalpflege.tuwien.ac.at\/#organization","name":"TU Wien Denkmalpflege und Bauen im Bestand","url":"https:\/\/denkmalpflege.tuwien.ac.at\/","logo":{"@type":"ImageObject","inLanguage":"de","@id":"https:\/\/denkmalpflege.tuwien.ac.at\/#\/schema\/logo\/image\/","url":"https:\/\/denkmalpflege.tuwien.ac.at\/wp-content\/uploads\/2019\/10\/Logo1.png","contentUrl":"https:\/\/denkmalpflege.tuwien.ac.at\/wp-content\/uploads\/2019\/10\/Logo1.png","width":222,"height":79,"caption":"TU Wien Denkmalpflege und Bauen im Bestand"},"image":{"@id":"https:\/\/denkmalpflege.tuwien.ac.at\/#\/schema\/logo\/image\/"}}]}},"_links":{"self":[{"href":"https:\/\/denkmalpflege.tuwien.ac.at\/index.php\/wp-json\/wp\/v2\/pages\/10862","targetHints":{"allow":["GET"]}}],"collection":[{"href":"https:\/\/denkmalpflege.tuwien.ac.at\/index.php\/wp-json\/wp\/v2\/pages"}],"about":[{"href":"https:\/\/denkmalpflege.tuwien.ac.at\/index.php\/wp-json\/wp\/v2\/types\/page"}],"author":[{"embeddable":true,"href":"https:\/\/denkmalpflege.tuwien.ac.at\/index.php\/wp-json\/wp\/v2\/users\/1"}],"replies":[{"embeddable":true,"href":"https:\/\/denkmalpflege.tuwien.ac.at\/index.php\/wp-json\/wp\/v2\/comments?post=10862"}],"version-history":[{"count":3,"href":"https:\/\/denkmalpflege.tuwien.ac.at\/index.php\/wp-json\/wp\/v2\/pages\/10862\/revisions"}],"predecessor-version":[{"id":16970,"href":"https:\/\/denkmalpflege.tuwien.ac.at\/index.php\/wp-json\/wp\/v2\/pages\/10862\/revisions\/16970"}],"wp:attachment":[{"href":"https:\/\/denkmalpflege.tuwien.ac.at\/index.php\/wp-json\/wp\/v2\/media?parent=10862"}],"curies":[{"name":"wp","href":"https:\/\/api.w.org\/{rel}","templated":true}]}}