{"id":10811,"date":"2016-05-10T12:04:07","date_gmt":"2016-05-10T10:04:07","guid":{"rendered":"http:\/\/denkmalpflege1.e251.tuwien.ac.at\/?page_id=10811"},"modified":"2016-06-07T11:51:55","modified_gmt":"2016-06-07T09:51:55","slug":"volkan","status":"publish","type":"page","link":"https:\/\/denkmalpflege.tuwien.ac.at\/index.php\/volkan\/","title":{"rendered":"Volkan"},"content":{"rendered":"<div class='mitarbeiter'>\n<div class='grey'>\n<img decoding=\"async\" src=\"http:\/\/denkmalpflege1.e251.tuwien.ac.at\/wp-content\/uploads\/2016\/05\/13.gif\" alt=\"Volkan\" title=\"Volkan\" width=\"130\" height=\"113\" class=\"alignnone size-full wp-image-165\" \/> <a href='diplomanden-prof-stadler' class='right_link'>&lt; Alle Arbeiten<\/a><br \/>\n<b>Das Alevitentum und dessen Gebetsr\u00e4ume<br \/>\n<\/b><br \/>\n<strong>2015 Volkan BASOCAK<\/strong> <\/p>\n<div class='breakline'><\/div>\n<\/div>\n<div class='greyfield'>\nDie folgende Arbeit nimmt sich vor, eine kurze, aber umfassende Aufkl\u00e4rung \u00fcber das Alevitentum zu bieten. Dabei wird geschildert, wie das Alevitentum entstand, sich im Laufe der Jahre entwickelt hat und wie es heutzutage von der Gesellschaft empfunden wird.<br \/>\nDas Alevitentum, das in der Region von Anatolien im 12 Jahrhundert verbreitet wurde, ist ein eigenst\u00e4ndiger Glaube mit islamischen Wurzeln, in dessen Mittelpunkt der vollkommene Mensch als Wiederspiegelung Gottes steht. Das Alevitentum ist allerdings sehr lange Zeit nicht als Glaube anerkannt worden in der T\u00fcrkei heutzutage immer noch nicht, was sp\u00e4ter zu Verfolgungen, Vertreibungen und Ermordungen gef\u00fchrt hat. So kam es dazu, dass der alevitische Kult seine Existenz in Anschuldigungen von Obskuritantismus f\u00fchren musste, da die heimlich abgehaltenen Gottesdienste, die sogenannten \u2019Cem\u2019, in H\u00f6hlen oder im privaten Umfeld unter strenger Bewachung der Betenden durch die Mitglieder gef\u00fchrt wurden. Erst im Laufe der Geschichte wurde dieser Glaube von der Gesellschaft akzeptiert, und es durften Vereine gegr\u00fcndet werden, unter deren Schutz dieser Kult seine Aktivit\u00e4t weiterf\u00fchren konnte.<br \/>\nSo wird in dieser Arbeit die Entwicklung der Gebetsr\u00e4umen dieses Kultes geschrieben. Eine Rolle, die Anfangs in H\u00f6hlen stattgefunden hat, sich sp\u00e4ter in gebauten R\u00e4umen vollzog, dank sozialer Anerkennung des Kultes.<\/p>\n<div class='breakline'><\/div>\n<\/div>\n<p><span><\/span><br \/>\n<img decoding=\"async\" src=\"http:\/\/denkmalpflege1.e251.tuwien.ac.at\/wp-content\/uploads\/2016\/05\/24.gif\" width=\"960\" height=\"\"  alt=\"\" \/><\/p>\n<p><span><\/span><\/p>\n<div class='breakline'><\/div>\n<\/div>\n<\/div>\n","protected":false},"excerpt":{"rendered":"<p>&lt; Alle Arbeiten Das Alevitentum und dessen Gebetsr\u00e4ume 2015 Volkan BASOCAK Die folgende Arbeit nimmt sich vor, eine kurze, aber umfassende Aufkl\u00e4rung \u00fcber das Alevitentum zu bieten. Dabei wird geschildert, wie das Alevitentum entstand, sich im Laufe der Jahre entwickelt hat und wie es heutzutage von der Gesellschaft empfunden wird. Das Alevitentum, das in der Region von Anatolien im 12 Jahrhundert verbreitet wurde, ist ein eigenst\u00e4ndiger Glaube mit islamischen Wurzeln,<\/p>\n<div class=\"belowpost\"><a class=\"btnmore icon-arrow\" href=\"https:\/\/denkmalpflege.tuwien.ac.at\/index.php\/volkan\/\"><span>Read More<\/span><\/a><\/div>\n","protected":false},"author":1,"featured_media":0,"parent":0,"menu_order":0,"comment_status":"open","ping_status":"open","template":"","meta":{"footnotes":""},"class_list":["post-10811","page","type-page","status-publish","hentry"],"yoast_head":"<!-- This site is optimized with the Yoast SEO plugin v26.0 - https:\/\/yoast.com\/wordpress\/plugins\/seo\/ -->\n<title>Volkan - Denkmalpflege und Bauen im Bestand<\/title>\n<meta name=\"robots\" content=\"index, follow, max-snippet:-1, max-image-preview:large, max-video-preview:-1\" \/>\n<link rel=\"canonical\" href=\"https:\/\/denkmalpflege.tuwien.ac.at\/index.php\/volkan\/\" \/>\n<meta property=\"og:locale\" content=\"de_DE\" \/>\n<meta property=\"og:type\" content=\"article\" \/>\n<meta property=\"og:title\" content=\"Volkan - Denkmalpflege und Bauen im Bestand\" \/>\n<meta property=\"og:description\" content=\"&lt; Alle Arbeiten Das Alevitentum und dessen Gebetsr\u00e4ume 2015 Volkan BASOCAK Die folgende Arbeit nimmt sich vor, eine kurze, aber umfassende Aufkl\u00e4rung \u00fcber das Alevitentum zu bieten. Dabei wird geschildert, wie das Alevitentum entstand, sich im Laufe der Jahre entwickelt hat und wie es heutzutage von der Gesellschaft empfunden wird. Das Alevitentum, das in der Region von Anatolien im 12 Jahrhundert verbreitet wurde, ist ein eigenst\u00e4ndiger Glaube mit islamischen Wurzeln,Read More\" \/>\n<meta property=\"og:url\" content=\"https:\/\/denkmalpflege.tuwien.ac.at\/index.php\/volkan\/\" \/>\n<meta property=\"og:site_name\" content=\"Denkmalpflege und Bauen im Bestand\" \/>\n<meta property=\"article:modified_time\" content=\"2016-06-07T09:51:55+00:00\" \/>\n<meta name=\"twitter:card\" content=\"summary_large_image\" \/>\n<meta name=\"twitter:label1\" content=\"Gesch\u00e4tzte Lesezeit\" \/>\n\t<meta name=\"twitter:data1\" content=\"1\u00a0Minute\" \/>\n<script type=\"application\/ld+json\" class=\"yoast-schema-graph\">{\"@context\":\"https:\/\/schema.org\",\"@graph\":[{\"@type\":\"WebPage\",\"@id\":\"https:\/\/denkmalpflege.tuwien.ac.at\/index.php\/volkan\/\",\"url\":\"https:\/\/denkmalpflege.tuwien.ac.at\/index.php\/volkan\/\",\"name\":\"Volkan - Denkmalpflege und Bauen im Bestand\",\"isPartOf\":{\"@id\":\"https:\/\/denkmalpflege.tuwien.ac.at\/#website\"},\"primaryImageOfPage\":{\"@id\":\"https:\/\/denkmalpflege.tuwien.ac.at\/index.php\/volkan\/#primaryimage\"},\"image\":{\"@id\":\"https:\/\/denkmalpflege.tuwien.ac.at\/index.php\/volkan\/#primaryimage\"},\"thumbnailUrl\":\"http:\/\/denkmalpflege1.e251.tuwien.ac.at\/wp-content\/uploads\/2016\/05\/13.gif\",\"datePublished\":\"2016-05-10T10:04:07+00:00\",\"dateModified\":\"2016-06-07T09:51:55+00:00\",\"breadcrumb\":{\"@id\":\"https:\/\/denkmalpflege.tuwien.ac.at\/index.php\/volkan\/#breadcrumb\"},\"inLanguage\":\"de\",\"potentialAction\":[{\"@type\":\"ReadAction\",\"target\":[\"https:\/\/denkmalpflege.tuwien.ac.at\/index.php\/volkan\/\"]}]},{\"@type\":\"ImageObject\",\"inLanguage\":\"de\",\"@id\":\"https:\/\/denkmalpflege.tuwien.ac.at\/index.php\/volkan\/#primaryimage\",\"url\":\"http:\/\/denkmalpflege1.e251.tuwien.ac.at\/wp-content\/uploads\/2016\/05\/13.gif\",\"contentUrl\":\"http:\/\/denkmalpflege1.e251.tuwien.ac.at\/wp-content\/uploads\/2016\/05\/13.gif\"},{\"@type\":\"BreadcrumbList\",\"@id\":\"https:\/\/denkmalpflege.tuwien.ac.at\/index.php\/volkan\/#breadcrumb\",\"itemListElement\":[{\"@type\":\"ListItem\",\"position\":1,\"name\":\"Startseite\",\"item\":\"https:\/\/denkmalpflege.tuwien.ac.at\/\"},{\"@type\":\"ListItem\",\"position\":2,\"name\":\"Volkan\"}]},{\"@type\":\"WebSite\",\"@id\":\"https:\/\/denkmalpflege.tuwien.ac.at\/#website\",\"url\":\"https:\/\/denkmalpflege.tuwien.ac.at\/\",\"name\":\"Denkmalpflege und Bauen im Bestand\",\"description\":\"Denkmalpflege TU Wien\",\"publisher\":{\"@id\":\"https:\/\/denkmalpflege.tuwien.ac.at\/#organization\"},\"potentialAction\":[{\"@type\":\"SearchAction\",\"target\":{\"@type\":\"EntryPoint\",\"urlTemplate\":\"https:\/\/denkmalpflege.tuwien.ac.at\/?s={search_term_string}\"},\"query-input\":{\"@type\":\"PropertyValueSpecification\",\"valueRequired\":true,\"valueName\":\"search_term_string\"}}],\"inLanguage\":\"de\"},{\"@type\":\"Organization\",\"@id\":\"https:\/\/denkmalpflege.tuwien.ac.at\/#organization\",\"name\":\"TU Wien Denkmalpflege und Bauen im Bestand\",\"url\":\"https:\/\/denkmalpflege.tuwien.ac.at\/\",\"logo\":{\"@type\":\"ImageObject\",\"inLanguage\":\"de\",\"@id\":\"https:\/\/denkmalpflege.tuwien.ac.at\/#\/schema\/logo\/image\/\",\"url\":\"https:\/\/denkmalpflege.tuwien.ac.at\/wp-content\/uploads\/2019\/10\/Logo1.png\",\"contentUrl\":\"https:\/\/denkmalpflege.tuwien.ac.at\/wp-content\/uploads\/2019\/10\/Logo1.png\",\"width\":222,\"height\":79,\"caption\":\"TU Wien Denkmalpflege und Bauen im Bestand\"},\"image\":{\"@id\":\"https:\/\/denkmalpflege.tuwien.ac.at\/#\/schema\/logo\/image\/\"}}]}<\/script>\n<!-- \/ Yoast SEO plugin. -->","yoast_head_json":{"title":"Volkan - Denkmalpflege und Bauen im Bestand","robots":{"index":"index","follow":"follow","max-snippet":"max-snippet:-1","max-image-preview":"max-image-preview:large","max-video-preview":"max-video-preview:-1"},"canonical":"https:\/\/denkmalpflege.tuwien.ac.at\/index.php\/volkan\/","og_locale":"de_DE","og_type":"article","og_title":"Volkan - Denkmalpflege und Bauen im Bestand","og_description":"&lt; Alle Arbeiten Das Alevitentum und dessen Gebetsr\u00e4ume 2015 Volkan BASOCAK Die folgende Arbeit nimmt sich vor, eine kurze, aber umfassende Aufkl\u00e4rung \u00fcber das Alevitentum zu bieten. Dabei wird geschildert, wie das Alevitentum entstand, sich im Laufe der Jahre entwickelt hat und wie es heutzutage von der Gesellschaft empfunden wird. Das Alevitentum, das in der Region von Anatolien im 12 Jahrhundert verbreitet wurde, ist ein eigenst\u00e4ndiger Glaube mit islamischen Wurzeln,Read More","og_url":"https:\/\/denkmalpflege.tuwien.ac.at\/index.php\/volkan\/","og_site_name":"Denkmalpflege und Bauen im Bestand","article_modified_time":"2016-06-07T09:51:55+00:00","twitter_card":"summary_large_image","twitter_misc":{"Gesch\u00e4tzte Lesezeit":"1\u00a0Minute"},"schema":{"@context":"https:\/\/schema.org","@graph":[{"@type":"WebPage","@id":"https:\/\/denkmalpflege.tuwien.ac.at\/index.php\/volkan\/","url":"https:\/\/denkmalpflege.tuwien.ac.at\/index.php\/volkan\/","name":"Volkan - Denkmalpflege und Bauen im Bestand","isPartOf":{"@id":"https:\/\/denkmalpflege.tuwien.ac.at\/#website"},"primaryImageOfPage":{"@id":"https:\/\/denkmalpflege.tuwien.ac.at\/index.php\/volkan\/#primaryimage"},"image":{"@id":"https:\/\/denkmalpflege.tuwien.ac.at\/index.php\/volkan\/#primaryimage"},"thumbnailUrl":"http:\/\/denkmalpflege1.e251.tuwien.ac.at\/wp-content\/uploads\/2016\/05\/13.gif","datePublished":"2016-05-10T10:04:07+00:00","dateModified":"2016-06-07T09:51:55+00:00","breadcrumb":{"@id":"https:\/\/denkmalpflege.tuwien.ac.at\/index.php\/volkan\/#breadcrumb"},"inLanguage":"de","potentialAction":[{"@type":"ReadAction","target":["https:\/\/denkmalpflege.tuwien.ac.at\/index.php\/volkan\/"]}]},{"@type":"ImageObject","inLanguage":"de","@id":"https:\/\/denkmalpflege.tuwien.ac.at\/index.php\/volkan\/#primaryimage","url":"http:\/\/denkmalpflege1.e251.tuwien.ac.at\/wp-content\/uploads\/2016\/05\/13.gif","contentUrl":"http:\/\/denkmalpflege1.e251.tuwien.ac.at\/wp-content\/uploads\/2016\/05\/13.gif"},{"@type":"BreadcrumbList","@id":"https:\/\/denkmalpflege.tuwien.ac.at\/index.php\/volkan\/#breadcrumb","itemListElement":[{"@type":"ListItem","position":1,"name":"Startseite","item":"https:\/\/denkmalpflege.tuwien.ac.at\/"},{"@type":"ListItem","position":2,"name":"Volkan"}]},{"@type":"WebSite","@id":"https:\/\/denkmalpflege.tuwien.ac.at\/#website","url":"https:\/\/denkmalpflege.tuwien.ac.at\/","name":"Denkmalpflege und Bauen im Bestand","description":"Denkmalpflege TU Wien","publisher":{"@id":"https:\/\/denkmalpflege.tuwien.ac.at\/#organization"},"potentialAction":[{"@type":"SearchAction","target":{"@type":"EntryPoint","urlTemplate":"https:\/\/denkmalpflege.tuwien.ac.at\/?s={search_term_string}"},"query-input":{"@type":"PropertyValueSpecification","valueRequired":true,"valueName":"search_term_string"}}],"inLanguage":"de"},{"@type":"Organization","@id":"https:\/\/denkmalpflege.tuwien.ac.at\/#organization","name":"TU Wien Denkmalpflege und Bauen im Bestand","url":"https:\/\/denkmalpflege.tuwien.ac.at\/","logo":{"@type":"ImageObject","inLanguage":"de","@id":"https:\/\/denkmalpflege.tuwien.ac.at\/#\/schema\/logo\/image\/","url":"https:\/\/denkmalpflege.tuwien.ac.at\/wp-content\/uploads\/2019\/10\/Logo1.png","contentUrl":"https:\/\/denkmalpflege.tuwien.ac.at\/wp-content\/uploads\/2019\/10\/Logo1.png","width":222,"height":79,"caption":"TU Wien Denkmalpflege und Bauen im Bestand"},"image":{"@id":"https:\/\/denkmalpflege.tuwien.ac.at\/#\/schema\/logo\/image\/"}}]}},"_links":{"self":[{"href":"https:\/\/denkmalpflege.tuwien.ac.at\/index.php\/wp-json\/wp\/v2\/pages\/10811","targetHints":{"allow":["GET"]}}],"collection":[{"href":"https:\/\/denkmalpflege.tuwien.ac.at\/index.php\/wp-json\/wp\/v2\/pages"}],"about":[{"href":"https:\/\/denkmalpflege.tuwien.ac.at\/index.php\/wp-json\/wp\/v2\/types\/page"}],"author":[{"embeddable":true,"href":"https:\/\/denkmalpflege.tuwien.ac.at\/index.php\/wp-json\/wp\/v2\/users\/1"}],"replies":[{"embeddable":true,"href":"https:\/\/denkmalpflege.tuwien.ac.at\/index.php\/wp-json\/wp\/v2\/comments?post=10811"}],"version-history":[{"count":5,"href":"https:\/\/denkmalpflege.tuwien.ac.at\/index.php\/wp-json\/wp\/v2\/pages\/10811\/revisions"}],"predecessor-version":[{"id":11035,"href":"https:\/\/denkmalpflege.tuwien.ac.at\/index.php\/wp-json\/wp\/v2\/pages\/10811\/revisions\/11035"}],"wp:attachment":[{"href":"https:\/\/denkmalpflege.tuwien.ac.at\/index.php\/wp-json\/wp\/v2\/media?parent=10811"}],"curies":[{"name":"wp","href":"https:\/\/api.w.org\/{rel}","templated":true}]}}

<div class='mitarbeiter'>
<div class='grey'>
<img decoding="async" src="http://denkmalpflege1.e251.tuwien.ac.at/wp-content/uploads/2016/05/13.gif" alt="Volkan" title="Volkan" width="130" height="113" class="alignnone size-full wp-image-165" /> <a href='diplomanden-prof-stadler' class='right_link'>&lt; Alle Arbeiten</a><br />
<b>Das Alevitentum und dessen Gebetsräume<br />
</b><br />
<strong>2015 Volkan BASOCAK</strong> </p>
<div class='breakline'></div>
</div>
<div class='greyfield'>
Die folgende Arbeit nimmt sich vor, eine kurze, aber umfassende Aufklärung über das Alevitentum zu bieten. Dabei wird geschildert, wie das Alevitentum entstand, sich im Laufe der Jahre entwickelt hat und wie es heutzutage von der Gesellschaft empfunden wird.<br />
Das Alevitentum, das in der Region von Anatolien im 12 Jahrhundert verbreitet wurde, ist ein eigenständiger Glaube mit islamischen Wurzeln, in dessen Mittelpunkt der vollkommene Mensch als Wiederspiegelung Gottes steht. Das Alevitentum ist allerdings sehr lange Zeit nicht als Glaube anerkannt worden in der Türkei heutzutage immer noch nicht, was später zu Verfolgungen, Vertreibungen und Ermordungen geführt hat. So kam es dazu, dass der alevitische Kult seine Existenz in Anschuldigungen von Obskuritantismus führen musste, da die heimlich abgehaltenen Gottesdienste, die sogenannten ’Cem’, in Höhlen oder im privaten Umfeld unter strenger Bewachung der Betenden durch die Mitglieder geführt wurden. Erst im Laufe der Geschichte wurde dieser Glaube von der Gesellschaft akzeptiert, und es durften Vereine gegründet werden, unter deren Schutz dieser Kult seine Aktivität weiterführen konnte.<br />
So wird in dieser Arbeit die Entwicklung der Gebetsräumen dieses Kultes geschrieben. Eine Rolle, die Anfangs in Höhlen stattgefunden hat, sich später in gebauten Räumen vollzog, dank sozialer Anerkennung des Kultes.</p>
<div class='breakline'></div>
</div>
<p><span></span><br />
<img decoding="async" src="http://denkmalpflege1.e251.tuwien.ac.at/wp-content/uploads/2016/05/24.gif" width="960" height=""  alt="" /></p>
<p><span></span></p>
<div class='breakline'></div>
</div>
</div>

<p>&lt; Alle Arbeiten Das Alevitentum und dessen Gebetsräume 2015 Volkan BASOCAK Die folgende Arbeit nimmt sich vor, eine kurze, aber umfassende Aufklärung über das Alevitentum zu bieten. Dabei wird geschildert, wie das Alevitentum entstand, sich im Laufe der Jahre entwickelt hat und wie es heutzutage von der Gesellschaft empfunden wird. Das Alevitentum, das in der Region von Anatolien im 12 Jahrhundert verbreitet wurde, ist ein eigenständiger Glaube mit islamischen Wurzeln,</p>
<div class="belowpost"><a class="btnmore icon-arrow" href="https://denkmalpflege.tuwien.ac.at/index.php/volkan/"><span>Read More</span></a></div>

<!-- This site is optimized with the Yoast SEO plugin v26.0 - https://yoast.com/wordpress/plugins/seo/ -->
<title>Volkan - Denkmalpflege und Bauen im Bestand</title>
<meta name="robots" content="index, follow, max-snippet:-1, max-image-preview:large, max-video-preview:-1" />
<link rel="canonical" href="https://denkmalpflege.tuwien.ac.at/index.php/volkan/" />
<meta property="og:locale" content="de_DE" />
<meta property="og:type" content="article" />
<meta property="og:title" content="Volkan - Denkmalpflege und Bauen im Bestand" />
<meta property="og:description" content="&lt; Alle Arbeiten Das Alevitentum und dessen Gebetsräume 2015 Volkan BASOCAK Die folgende Arbeit nimmt sich vor, eine kurze, aber umfassende Aufklärung über das Alevitentum zu bieten. Dabei wird geschildert, wie das Alevitentum entstand, sich im Laufe der Jahre entwickelt hat und wie es heutzutage von der Gesellschaft empfunden wird. Das Alevitentum, das in der Region von Anatolien im 12 Jahrhundert verbreitet wurde, ist ein eigenständiger Glaube mit islamischen Wurzeln,Read More" />
<meta property="og:url" content="https://denkmalpflege.tuwien.ac.at/index.php/volkan/" />
<meta property="og:site_name" content="Denkmalpflege und Bauen im Bestand" />
<meta property="article:modified_time" content="2016-06-07T09:51:55+00:00" />
<meta name="twitter:card" content="summary_large_image" />
<meta name="twitter:label1" content="Geschätzte Lesezeit" />
	<meta name="twitter:data1" content="1 Minute" />
<script type="application/ld+json" class="yoast-schema-graph">{"@context":"https://schema.org","@graph":[{"@type":"WebPage","@id":"https://denkmalpflege.tuwien.ac.at/index.php/volkan/","url":"https://denkmalpflege.tuwien.ac.at/index.php/volkan/","name":"Volkan - Denkmalpflege und Bauen im Bestand","isPartOf":{"@id":"https://denkmalpflege.tuwien.ac.at/#website"},"primaryImageOfPage":{"@id":"https://denkmalpflege.tuwien.ac.at/index.php/volkan/#primaryimage"},"image":{"@id":"https://denkmalpflege.tuwien.ac.at/index.php/volkan/#primaryimage"},"thumbnailUrl":"http://denkmalpflege1.e251.tuwien.ac.at/wp-content/uploads/2016/05/13.gif","datePublished":"2016-05-10T10:04:07+00:00","dateModified":"2016-06-07T09:51:55+00:00","breadcrumb":{"@id":"https://denkmalpflege.tuwien.ac.at/index.php/volkan/#breadcrumb"},"inLanguage":"de","potentialAction":[{"@type":"ReadAction","target":["https://denkmalpflege.tuwien.ac.at/index.php/volkan/"]}]},{"@type":"ImageObject","inLanguage":"de","@id":"https://denkmalpflege.tuwien.ac.at/index.php/volkan/#primaryimage","url":"http://denkmalpflege1.e251.tuwien.ac.at/wp-content/uploads/2016/05/13.gif","contentUrl":"http://denkmalpflege1.e251.tuwien.ac.at/wp-content/uploads/2016/05/13.gif"},{"@type":"BreadcrumbList","@id":"https://denkmalpflege.tuwien.ac.at/index.php/volkan/#breadcrumb","itemListElement":[{"@type":"ListItem","position":1,"name":"Startseite","item":"https://denkmalpflege.tuwien.ac.at/"},{"@type":"ListItem","position":2,"name":"Volkan"}]},{"@type":"WebSite","@id":"https://denkmalpflege.tuwien.ac.at/#website","url":"https://denkmalpflege.tuwien.ac.at/","name":"Denkmalpflege und Bauen im Bestand","description":"Denkmalpflege TU Wien","publisher":{"@id":"https://denkmalpflege.tuwien.ac.at/#organization"},"potentialAction":[{"@type":"SearchAction","target":{"@type":"EntryPoint","urlTemplate":"https://denkmalpflege.tuwien.ac.at/?s={search_term_string}"},"query-input":{"@type":"PropertyValueSpecification","valueRequired":true,"valueName":"search_term_string"}}],"inLanguage":"de"},{"@type":"Organization","@id":"https://denkmalpflege.tuwien.ac.at/#organization","name":"TU Wien Denkmalpflege und Bauen im Bestand","url":"https://denkmalpflege.tuwien.ac.at/","logo":{"@type":"ImageObject","inLanguage":"de","@id":"https://denkmalpflege.tuwien.ac.at/#/schema/logo/image/","url":"https://denkmalpflege.tuwien.ac.at/wp-content/uploads/2019/10/Logo1.png","contentUrl":"https://denkmalpflege.tuwien.ac.at/wp-content/uploads/2019/10/Logo1.png","width":222,"height":79,"caption":"TU Wien Denkmalpflege und Bauen im Bestand"},"image":{"@id":"https://denkmalpflege.tuwien.ac.at/#/schema/logo/image/"}}]}</script>
<!-- / Yoast SEO plugin. -->

&lt; Alle Arbeiten Das Alevitentum und dessen Gebetsräume 2015 Volkan BASOCAK Die folgende Arbeit nimmt sich vor, eine kurze, aber umfassende Aufklärung über das Alevitentum zu bieten. Dabei wird geschildert, wie das Alevitentum entstand, sich im Laufe der Jahre entwickelt hat und wie es heutzutage von der Gesellschaft empfunden wird. Das Alevitentum, das in der Region von Anatolien im 12 Jahrhundert verbreitet wurde, ist ein eigenständiger Glaube mit islamischen Wurzeln,Read More
