{"version":"1.0","provider_name":"Denkmalpflege und Bauen im Bestand","provider_url":"https:\/\/denkmalpflege.tuwien.ac.at","author_name":"Forschungsbereich E 251.2 Denkmalpflege","author_url":"https:\/\/denkmalpflege.tuwien.ac.at\/index.php\/author\/admin\/","title":"Sara Orbanic - Denkmalpflege und Bauen im Bestand","type":"rich","width":600,"height":338,"html":"<blockquote class=\"wp-embedded-content\" data-secret=\"QuiyGO143D\"><a href=\"https:\/\/denkmalpflege.tuwien.ac.at\/index.php\/sara-orbanic\/\">Sara Orbanic<\/a><\/blockquote><iframe sandbox=\"allow-scripts\" security=\"restricted\" src=\"https:\/\/denkmalpflege.tuwien.ac.at\/index.php\/sara-orbanic\/embed\/#?secret=QuiyGO143D\" width=\"600\" height=\"338\" title=\"&#8222;Sara Orbanic&#8220; &#8211; Denkmalpflege und Bauen im Bestand\" data-secret=\"QuiyGO143D\" frameborder=\"0\" marginwidth=\"0\" marginheight=\"0\" scrolling=\"no\" class=\"wp-embedded-content\"><\/iframe><script type=\"text\/javascript\">\n\/* <![CDATA[ *\/\n\/*! This file is auto-generated *\/\n!function(d,l){\"use strict\";l.querySelector&&d.addEventListener&&\"undefined\"!=typeof URL&&(d.wp=d.wp||{},d.wp.receiveEmbedMessage||(d.wp.receiveEmbedMessage=function(e){var t=e.data;if((t||t.secret||t.message||t.value)&&!\/[^a-zA-Z0-9]\/.test(t.secret)){for(var s,r,n,a=l.querySelectorAll('iframe[data-secret=\"'+t.secret+'\"]'),o=l.querySelectorAll('blockquote[data-secret=\"'+t.secret+'\"]'),c=new RegExp(\"^https?:$\",\"i\"),i=0;i<o.length;i++)o[i].style.display=\"none\";for(i=0;i<a.length;i++)s=a[i],e.source===s.contentWindow&&(s.removeAttribute(\"style\"),\"height\"===t.message?(1e3<(r=parseInt(t.value,10))?r=1e3:~~r<200&&(r=200),s.height=r):\"link\"===t.message&&(r=new URL(s.getAttribute(\"src\")),n=new URL(t.value),c.test(n.protocol))&&n.host===r.host&&l.activeElement===s&&(d.top.location.href=t.value))}},d.addEventListener(\"message\",d.wp.receiveEmbedMessage,!1),l.addEventListener(\"DOMContentLoaded\",function(){for(var e,t,s=l.querySelectorAll(\"iframe.wp-embedded-content\"),r=0;r<s.length;r++)(t=(e=s[r]).getAttribute(\"data-secret\"))||(t=Math.random().toString(36).substring(2,12),e.src+=\"#?secret=\"+t,e.setAttribute(\"data-secret\",t)),e.contentWindow.postMessage({message:\"ready\",secret:t},\"*\")},!1)))}(window,document);\n\/* ]]> *\/\n<\/script>\n","description":"Archiv Sara Orbanic 2021 HARTERA Umnutzung, Renovierung und Umbau des verfallenen Industriekomplexes der Papierfabrik Rijeka in die Akademie f\u00fcr zukunftsweisende Architektur und multidisziplin\u00e4res Design Die Papierfabrik Rijeka, bekannt als \u00abHartera\u00bb, war durch ihrer 180 Jahren ununterbrochenen Produktion trotz Kriegen, \u00dcberschwemmungen, Br\u00e4nden und Wirtschaftskrisen meistens stark ersch\u00fcttert, aber ihren Besitzern gelang es immer wieder, sie instand zu halten und mit Investitionen laufend zu modernisieren. So blieb die Fabrik bis in denRead More","thumbnail_url":"http:\/\/denkmalpflege.tuwien.ac.at\/wp-content\/uploads\/2021\/01\/Orbanic-Sara_1_Titelbild.jpg"}

Archiv Sara Orbanic 2021 HARTERA Umnutzung, Renovierung und Umbau des verfallenen Industriekomplexes der Papierfabrik Rijeka in die Akademie für zukunftsweisende Architektur und multidisziplinäres Design Die Papierfabrik Rijeka, bekannt als «Hartera», war durch ihrer 180 Jahren ununterbrochenen Produktion trotz Kriegen, Überschwemmungen, Bränden und Wirtschaftskrisen meistens stark erschüttert, aber ihren Besitzern gelang es immer wieder, sie instand zu halten und mit Investitionen laufend zu modernisieren. So blieb die Fabrik bis in denRead More
