{"version":"1.0","provider_name":"Denkmalpflege und Bauen im Bestand","provider_url":"https:\/\/denkmalpflege.tuwien.ac.at","author_name":"Forschungsbereich E 251.2 Denkmalpflege","author_url":"https:\/\/denkmalpflege.tuwien.ac.at\/index.php\/author\/admin\/","title":"Katharina Schwarzenegger - Denkmalpflege und Bauen im Bestand","type":"rich","width":600,"height":338,"html":"<blockquote class=\"wp-embedded-content\" data-secret=\"alnay7yWNU\"><a href=\"https:\/\/denkmalpflege.tuwien.ac.at\/index.php\/katharina-schwarzenegger\/\">Katharina Schwarzenegger<\/a><\/blockquote><iframe sandbox=\"allow-scripts\" security=\"restricted\" src=\"https:\/\/denkmalpflege.tuwien.ac.at\/index.php\/katharina-schwarzenegger\/embed\/#?secret=alnay7yWNU\" width=\"600\" height=\"338\" title=\"&#8222;Katharina Schwarzenegger&#8220; &#8211; Denkmalpflege und Bauen im Bestand\" data-secret=\"alnay7yWNU\" frameborder=\"0\" marginwidth=\"0\" marginheight=\"0\" scrolling=\"no\" class=\"wp-embedded-content\"><\/iframe><script type=\"text\/javascript\">\n\/* <![CDATA[ *\/\n\/*! This file is auto-generated *\/\n!function(d,l){\"use strict\";l.querySelector&&d.addEventListener&&\"undefined\"!=typeof URL&&(d.wp=d.wp||{},d.wp.receiveEmbedMessage||(d.wp.receiveEmbedMessage=function(e){var t=e.data;if((t||t.secret||t.message||t.value)&&!\/[^a-zA-Z0-9]\/.test(t.secret)){for(var s,r,n,a=l.querySelectorAll('iframe[data-secret=\"'+t.secret+'\"]'),o=l.querySelectorAll('blockquote[data-secret=\"'+t.secret+'\"]'),c=new RegExp(\"^https?:$\",\"i\"),i=0;i<o.length;i++)o[i].style.display=\"none\";for(i=0;i<a.length;i++)s=a[i],e.source===s.contentWindow&&(s.removeAttribute(\"style\"),\"height\"===t.message?(1e3<(r=parseInt(t.value,10))?r=1e3:~~r<200&&(r=200),s.height=r):\"link\"===t.message&&(r=new URL(s.getAttribute(\"src\")),n=new URL(t.value),c.test(n.protocol))&&n.host===r.host&&l.activeElement===s&&(d.top.location.href=t.value))}},d.addEventListener(\"message\",d.wp.receiveEmbedMessage,!1),l.addEventListener(\"DOMContentLoaded\",function(){for(var e,t,s=l.querySelectorAll(\"iframe.wp-embedded-content\"),r=0;r<s.length;r++)(t=(e=s[r]).getAttribute(\"data-secret\"))||(t=Math.random().toString(36).substring(2,12),e.src+=\"#?secret=\"+t,e.setAttribute(\"data-secret\",t)),e.contentWindow.postMessage({message:\"ready\",secret:t},\"*\")},!1)))}(window,document);\n\/* ]]> *\/\n<\/script>\n","description":"Archiv Katharina Schwarzenegger 2021 Das ehemalige Gasthaus Pichler in UnterfederaunBestandaufnahme I Analyse I Revitalisierung Das ehemalige Gasthaus Pichler liegt in Federaun, einer Katastralgemeinde von Villach, am Ausgang des Gailtals in K\u00e4rnten, ein Ort der bereits in der Antike verkehrstechnisch und in sp\u00e4terer Folge vor allem als Grenzregion von gro\u00dfer Bedeutung war. Das derzeit unbewohnte Geb\u00e4ude, dessen erste Bauphase zwischen dem 13. und dem 15. Jahrhundert eingesch\u00e4tzt wird, wurde, direkt anRead More","thumbnail_url":"http:\/\/denkmalpflege.tuwien.ac.at\/wp-content\/uploads\/2021\/04\/Schwarzenegger_Aussenansicht_2021.jpg"}

Archiv Katharina Schwarzenegger 2021 Das ehemalige Gasthaus Pichler in UnterfederaunBestandaufnahme I Analyse I Revitalisierung Das ehemalige Gasthaus Pichler liegt in Federaun, einer Katastralgemeinde von Villach, am Ausgang des Gailtals in Kärnten, ein Ort der bereits in der Antike verkehrstechnisch und in späterer Folge vor allem als Grenzregion von großer Bedeutung war. Das derzeit unbewohnte Gebäude, dessen erste Bauphase zwischen dem 13. und dem 15. Jahrhundert eingeschätzt wird, wurde, direkt anRead More
