{"version":"1.0","provider_name":"Denkmalpflege und Bauen im Bestand","provider_url":"https:\/\/denkmalpflege.tuwien.ac.at","author_name":"Forschungsbereich E 251.2 Denkmalpflege","author_url":"https:\/\/denkmalpflege.tuwien.ac.at\/index.php\/author\/admin\/","title":"hemmen - Denkmalpflege und Bauen im Bestand","type":"rich","width":600,"height":338,"html":"<blockquote class=\"wp-embedded-content\" data-secret=\"68nBUiXaFG\"><a href=\"https:\/\/denkmalpflege.tuwien.ac.at\/index.php\/hemmen\/\">hemmen<\/a><\/blockquote><iframe sandbox=\"allow-scripts\" security=\"restricted\" src=\"https:\/\/denkmalpflege.tuwien.ac.at\/index.php\/hemmen\/embed\/#?secret=68nBUiXaFG\" width=\"600\" height=\"338\" title=\"&#8222;hemmen&#8220; &#8211; Denkmalpflege und Bauen im Bestand\" data-secret=\"68nBUiXaFG\" frameborder=\"0\" marginwidth=\"0\" marginheight=\"0\" scrolling=\"no\" class=\"wp-embedded-content\"><\/iframe><script type=\"text\/javascript\">\n\/* <![CDATA[ *\/\n\/*! This file is auto-generated *\/\n!function(d,l){\"use strict\";l.querySelector&&d.addEventListener&&\"undefined\"!=typeof URL&&(d.wp=d.wp||{},d.wp.receiveEmbedMessage||(d.wp.receiveEmbedMessage=function(e){var t=e.data;if((t||t.secret||t.message||t.value)&&!\/[^a-zA-Z0-9]\/.test(t.secret)){for(var s,r,n,a=l.querySelectorAll('iframe[data-secret=\"'+t.secret+'\"]'),o=l.querySelectorAll('blockquote[data-secret=\"'+t.secret+'\"]'),c=new RegExp(\"^https?:$\",\"i\"),i=0;i<o.length;i++)o[i].style.display=\"none\";for(i=0;i<a.length;i++)s=a[i],e.source===s.contentWindow&&(s.removeAttribute(\"style\"),\"height\"===t.message?(1e3<(r=parseInt(t.value,10))?r=1e3:~~r<200&&(r=200),s.height=r):\"link\"===t.message&&(r=new URL(s.getAttribute(\"src\")),n=new URL(t.value),c.test(n.protocol))&&n.host===r.host&&l.activeElement===s&&(d.top.location.href=t.value))}},d.addEventListener(\"message\",d.wp.receiveEmbedMessage,!1),l.addEventListener(\"DOMContentLoaded\",function(){for(var e,t,s=l.querySelectorAll(\"iframe.wp-embedded-content\"),r=0;r<s.length;r++)(t=(e=s[r]).getAttribute(\"data-secret\"))||(t=Math.random().toString(36).substring(2,12),e.src+=\"#?secret=\"+t,e.setAttribute(\"data-secret\",t)),e.contentWindow.postMessage({message:\"ready\",secret:t},\"*\")},!1)))}(window,document);\n\/* ]]> *\/\n<\/script>\n","description":"&lt; Alle Arbeiten Die Herderm\u00fchle in Bous Geschichte, Bestandsaufnahme und Nachnutzungskonzept 2019 Anne Hemmen Die Herderm\u00fchle liegt in der Ortschaft Bous im Gro\u00dfherzogtum Luxemburg. Die Geschichte des Ortes \u201eHerde\u201c geht bis in das 9. Jahrhundert zur\u00fcck und geh\u00f6rte damals zur Abtei Pr\u00fcm. Die M\u00fchle selbst wird erstmals im 13. Jahrhundert erw\u00e4hnt. Ziel der Arbeit ist es, die Geschichte sowie Entwicklung des M\u00fchlengeb\u00e4udes zu erforschen und den heutigen Bestand zu dokumentieren.Read More"}

&lt; Alle Arbeiten Die Herdermühle in Bous Geschichte, Bestandsaufnahme und Nachnutzungskonzept 2019 Anne Hemmen Die Herdermühle liegt in der Ortschaft Bous im Großherzogtum Luxemburg. Die Geschichte des Ortes „Herde“ geht bis in das 9. Jahrhundert zurück und gehörte damals zur Abtei Prüm. Die Mühle selbst wird erstmals im 13. Jahrhundert erwähnt. Ziel der Arbeit ist es, die Geschichte sowie Entwicklung des Mühlengebäudes zu erforschen und den heutigen Bestand zu dokumentieren.Read More
