{"version":"1.0","provider_name":"Denkmalpflege und Bauen im Bestand","provider_url":"https:\/\/denkmalpflege.tuwien.ac.at","author_name":"Forschungsbereich E 251.2 Denkmalpflege","author_url":"https:\/\/denkmalpflege.tuwien.ac.at\/index.php\/author\/admin\/","title":"Birgit Buchst\u00e4tter - Denkmalpflege und Bauen im Bestand","type":"rich","width":600,"height":338,"html":"<blockquote class=\"wp-embedded-content\" data-secret=\"34SYX2cwXB\"><a href=\"https:\/\/denkmalpflege.tuwien.ac.at\/index.php\/birgit-buchstaetter\/\">Birgit Buchst\u00e4tter<\/a><\/blockquote><iframe sandbox=\"allow-scripts\" security=\"restricted\" src=\"https:\/\/denkmalpflege.tuwien.ac.at\/index.php\/birgit-buchstaetter\/embed\/#?secret=34SYX2cwXB\" width=\"600\" height=\"338\" title=\"&#8222;Birgit Buchst\u00e4tter&#8220; &#8211; Denkmalpflege und Bauen im Bestand\" data-secret=\"34SYX2cwXB\" frameborder=\"0\" marginwidth=\"0\" marginheight=\"0\" scrolling=\"no\" class=\"wp-embedded-content\"><\/iframe><script type=\"text\/javascript\">\n\/* <![CDATA[ *\/\n\/*! This file is auto-generated *\/\n!function(d,l){\"use strict\";l.querySelector&&d.addEventListener&&\"undefined\"!=typeof URL&&(d.wp=d.wp||{},d.wp.receiveEmbedMessage||(d.wp.receiveEmbedMessage=function(e){var t=e.data;if((t||t.secret||t.message||t.value)&&!\/[^a-zA-Z0-9]\/.test(t.secret)){for(var s,r,n,a=l.querySelectorAll('iframe[data-secret=\"'+t.secret+'\"]'),o=l.querySelectorAll('blockquote[data-secret=\"'+t.secret+'\"]'),c=new RegExp(\"^https?:$\",\"i\"),i=0;i<o.length;i++)o[i].style.display=\"none\";for(i=0;i<a.length;i++)s=a[i],e.source===s.contentWindow&&(s.removeAttribute(\"style\"),\"height\"===t.message?(1e3<(r=parseInt(t.value,10))?r=1e3:~~r<200&&(r=200),s.height=r):\"link\"===t.message&&(r=new URL(s.getAttribute(\"src\")),n=new URL(t.value),c.test(n.protocol))&&n.host===r.host&&l.activeElement===s&&(d.top.location.href=t.value))}},d.addEventListener(\"message\",d.wp.receiveEmbedMessage,!1),l.addEventListener(\"DOMContentLoaded\",function(){for(var e,t,s=l.querySelectorAll(\"iframe.wp-embedded-content\"),r=0;r<s.length;r++)(t=(e=s[r]).getAttribute(\"data-secret\"))||(t=Math.random().toString(36).substring(2,12),e.src+=\"#?secret=\"+t,e.setAttribute(\"data-secret\",t)),e.contentWindow.postMessage({message:\"ready\",secret:t},\"*\")},!1)))}(window,document);\n\/* ]]> *\/\n<\/script>\n","description":"Archiv Birgit Buchst\u00e4tter 2021 Der Steinkellerhof in N\u00f6stach bei Altenmarkt an der Triesting &#8211; Geschichte, Bestandsaufnahme, Revitalisierung Der aus dem 15. Jahrhundert stammende Steinkellerhof befindet sich in einer Streusiedlung bei N\u00f6stach in der nieder\u00f6sterreichischen Gemeinde Altenmarkt an der Triesting. Das Geb\u00e4ude wurde bis vor rund zehn Jahren trotz seiner besch\u00e4digten Bausubstanz noch bewohnt und steht seitdem leer. Rechtlich gesehen steht der Hof nicht unter Schutz, doch die n\u00f6tigen Denkmaleigenschaften sindRead More"}

Birgit Buchstätter - Denkmalpflege und Bauen im Bestand

<blockquote class="wp-embedded-content" data-secret="34SYX2cwXB"><a href="https://denkmalpflege.tuwien.ac.at/index.php/birgit-buchstaetter/">Birgit Buchstätter</a></blockquote><iframe sandbox="allow-scripts" security="restricted" src="https://denkmalpflege.tuwien.ac.at/index.php/birgit-buchstaetter/embed/#?secret=34SYX2cwXB" width="600" height="338" title="&#8222;Birgit Buchstätter&#8220; &#8211; Denkmalpflege und Bauen im Bestand" data-secret="34SYX2cwXB" frameborder="0" marginwidth="0" marginheight="0" scrolling="no" class="wp-embedded-content"></iframe><script type="text/javascript">
/* <![CDATA[ */
/*! This file is auto-generated */
!function(d,l){"use strict";l.querySelector&&d.addEventListener&&"undefined"!=typeof URL&&(d.wp=d.wp||{},d.wp.receiveEmbedMessage||(d.wp.receiveEmbedMessage=function(e){var t=e.data;if((t||t.secret||t.message||t.value)&&!/[^a-zA-Z0-9]/.test(t.secret)){for(var s,r,n,a=l.querySelectorAll('iframe[data-secret="'+t.secret+'"]'),o=l.querySelectorAll('blockquote[data-secret="'+t.secret+'"]'),c=new RegExp("^https?:$","i"),i=0;i<o.length;i++)o[i].style.display="none";for(i=0;i<a.length;i++)s=a[i],e.source===s.contentWindow&&(s.removeAttribute("style"),"height"===t.message?(1e3<(r=parseInt(t.value,10))?r=1e3:~~r<200&&(r=200),s.height=r):"link"===t.message&&(r=new URL(s.getAttribute("src")),n=new URL(t.value),c.test(n.protocol))&&n.host===r.host&&l.activeElement===s&&(d.top.location.href=t.value))}},d.addEventListener("message",d.wp.receiveEmbedMessage,!1),l.addEventListener("DOMContentLoaded",function(){for(var e,t,s=l.querySelectorAll("iframe.wp-embedded-content"),r=0;r<s.length;r++)(t=(e=s[r]).getAttribute("data-secret"))||(t=Math.random().toString(36).substring(2,12),e.src+="#?secret="+t,e.setAttribute("data-secret",t)),e.contentWindow.postMessage({message:"ready",secret:t},"*")},!1)))}(window,document);
/* ]]> */
</script>

Archiv Birgit Buchstätter 2021 Der Steinkellerhof in Nöstach bei Altenmarkt an der Triesting &#8211; Geschichte, Bestandsaufnahme, Revitalisierung Der aus dem 15. Jahrhundert stammende Steinkellerhof befindet sich in einer Streusiedlung bei Nöstach in der niederösterreichischen Gemeinde Altenmarkt an der Triesting. Das Gebäude wurde bis vor rund zehn Jahren trotz seiner beschädigten Bausubstanz noch bewohnt und steht seitdem leer. Rechtlich gesehen steht der Hof nicht unter Schutz, doch die nötigen Denkmaleigenschaften sindRead More
