{"version":"1.0","provider_name":"Denkmalpflege und Bauen im Bestand","provider_url":"https:\/\/denkmalpflege.tuwien.ac.at","author_name":"Forschungsbereich E 251.2 Denkmalpflege","author_url":"https:\/\/denkmalpflege.tuwien.ac.at\/index.php\/author\/admin\/","title":"Anna Brettl - Denkmalpflege und Bauen im Bestand","type":"rich","width":600,"height":338,"html":"<blockquote class=\"wp-embedded-content\" data-secret=\"1M5cDqlGci\"><a href=\"https:\/\/denkmalpflege.tuwien.ac.at\/index.php\/anna-brettl\/\">Anna Brettl<\/a><\/blockquote><iframe sandbox=\"allow-scripts\" security=\"restricted\" src=\"https:\/\/denkmalpflege.tuwien.ac.at\/index.php\/anna-brettl\/embed\/#?secret=1M5cDqlGci\" width=\"600\" height=\"338\" title=\"&#8222;Anna Brettl&#8220; &#8211; Denkmalpflege und Bauen im Bestand\" data-secret=\"1M5cDqlGci\" frameborder=\"0\" marginwidth=\"0\" marginheight=\"0\" scrolling=\"no\" class=\"wp-embedded-content\"><\/iframe><script type=\"text\/javascript\">\n\/* <![CDATA[ *\/\n\/*! This file is auto-generated *\/\n!function(d,l){\"use strict\";l.querySelector&&d.addEventListener&&\"undefined\"!=typeof URL&&(d.wp=d.wp||{},d.wp.receiveEmbedMessage||(d.wp.receiveEmbedMessage=function(e){var t=e.data;if((t||t.secret||t.message||t.value)&&!\/[^a-zA-Z0-9]\/.test(t.secret)){for(var s,r,n,a=l.querySelectorAll('iframe[data-secret=\"'+t.secret+'\"]'),o=l.querySelectorAll('blockquote[data-secret=\"'+t.secret+'\"]'),c=new RegExp(\"^https?:$\",\"i\"),i=0;i<o.length;i++)o[i].style.display=\"none\";for(i=0;i<a.length;i++)s=a[i],e.source===s.contentWindow&&(s.removeAttribute(\"style\"),\"height\"===t.message?(1e3<(r=parseInt(t.value,10))?r=1e3:~~r<200&&(r=200),s.height=r):\"link\"===t.message&&(r=new URL(s.getAttribute(\"src\")),n=new URL(t.value),c.test(n.protocol))&&n.host===r.host&&l.activeElement===s&&(d.top.location.href=t.value))}},d.addEventListener(\"message\",d.wp.receiveEmbedMessage,!1),l.addEventListener(\"DOMContentLoaded\",function(){for(var e,t,s=l.querySelectorAll(\"iframe.wp-embedded-content\"),r=0;r<s.length;r++)(t=(e=s[r]).getAttribute(\"data-secret\"))||(t=Math.random().toString(36).substring(2,12),e.src+=\"#?secret=\"+t,e.setAttribute(\"data-secret\",t)),e.contentWindow.postMessage({message:\"ready\",secret:t},\"*\")},!1)))}(window,document);\n\/* ]]> *\/\n<\/script>\n","description":"ARCHIV Anna Brettl 2020 DIE LUNGENHEILST\u00c4TTE AM HIRSCHENSTEIN\u00a0 Geschichtliche Aufarbeitung und denkmalpflegerisches Revitalisierungskonzept von Nachkriegsarchitektur im Burgenland. Lungenheilst\u00e4tte Quelle: Burgenl\u00e4ndisches Landesarchiv | Lungenheilst\u00e4tte Quelle: Burgenl\u00e4ndisches Landesarchiv Die ehemalige Lungenheilst\u00e4tte am Hirschenstein bei Rechnitz entstand von 1949 bis 1955 und wurde vom Architekten Erwin Fabrici geplant. Ausschlaggebend f\u00fcr den Bau war die gesundheitliche Situation des Burgenlandes, da zunehmend Tuberkulosekranke in benachbarten Bundesl\u00e4ndern behandelt werden mussten. Das Bauwerk befindet sich auf 732\u00a0H\u00f6henmeternRead More"}

ARCHIV Anna Brettl 2020 DIE LUNGENHEILSTÄTTE AM HIRSCHENSTEIN  Geschichtliche Aufarbeitung und denkmalpflegerisches Revitalisierungskonzept von Nachkriegsarchitektur im Burgenland. Lungenheilstätte Quelle: Burgenländisches Landesarchiv | Lungenheilstätte Quelle: Burgenländisches Landesarchiv Die ehemalige Lungenheilstätte am Hirschenstein bei Rechnitz entstand von 1949 bis 1955 und wurde vom Architekten Erwin Fabrici geplant. Ausschlaggebend für den Bau war die gesundheitliche Situation des Burgenlandes, da zunehmend Tuberkulosekranke in benachbarten Bundesländern behandelt werden mussten. Das Bauwerk befindet sich auf 732 HöhenmeternRead More
